{"id":419,"date":"2021-04-28T20:15:41","date_gmt":"2021-04-28T23:15:41","guid":{"rendered":"https:\/\/wp.ufpel.edu.br\/cedepem\/?page_id=419"},"modified":"2023-07-28T17:40:34","modified_gmt":"2023-07-28T20:40:34","slug":"revista-cedepem","status":"publish","type":"page","link":"https:\/\/wp.ufpel.edu.br\/cedepem\/publicacoes\/revista-cedepem\/","title":{"rendered":"REVISTA CEDEPEM"},"content":{"rendered":"<hr \/>\n<table style=\"border-collapse: collapse; width: 0%;\" border=\"1\">\n<tbody>\n<tr>\n<td style=\"width: 18.1931%;\"><\/td>\n<td style=\"width: 81.8069%; text-align: center;\"><\/td>\n<\/tr>\n<\/tbody>\n<\/table>\n<p style=\"text-align: right;\"><a href=\"https:\/\/wp.ufpel.edu.br\/cedepem\/files\/2023\/07\/logo-revista-cedepem-veronica.png\"><img loading=\"lazy\" decoding=\"async\" class=\"wp-image-1398 aligncenter\" src=\"https:\/\/wp.ufpel.edu.br\/cedepem\/files\/2023\/07\/logo-revista-cedepem-veronica-400x53.png\" alt=\"\" width=\"785\" height=\"104\" srcset=\"https:\/\/wp.ufpel.edu.br\/cedepem\/files\/2023\/07\/logo-revista-cedepem-veronica-400x53.png 400w, https:\/\/wp.ufpel.edu.br\/cedepem\/files\/2023\/07\/logo-revista-cedepem-veronica-600x79.png 600w, https:\/\/wp.ufpel.edu.br\/cedepem\/files\/2023\/07\/logo-revista-cedepem-veronica.png 677w\" sizes=\"auto, (max-width: 785px) 100vw, 785px\" \/><\/a>ISSN: 2763-8111<\/p>\n<table style=\"border-collapse: collapse; width: 100%;\" border=\"1\">\n<tbody>\n<tr>\n<td style=\"width: 100%;\"><a href=\"https:\/\/wp.ufpel.edu.br\/cedepem\/publicacoes\/revista-cedepem\/sobre\/\"><span style=\"font-size: 12pt;\">SOBRE<\/span><\/a><\/td>\n<\/tr>\n<tr>\n<td style=\"width: 100%;\"><a href=\"https:\/\/wp.ufpel.edu.br\/cedepem\/publicacoes\/revista-cedepem\/expediente\/\"><span style=\"font-size: 12pt;\">EXPEDIENTE<\/span><\/a><\/td>\n<\/tr>\n<tr>\n<td style=\"width: 100%;\"><a href=\"https:\/\/wp.ufpel.edu.br\/cedepem\/publicacoes\/revista-cedepem\/normasparapublicacao\/\"><span style=\"font-size: 12pt;\">NORMAS PARA PUBLICA\u00c7\u00c3O<\/span><\/a><\/td>\n<\/tr>\n<tr>\n<td style=\"width: 100%;\"><a href=\"https:\/\/wp.ufpel.edu.br\/cedepem\/publicacoes\/revista-cedepem\/edicao-atual\/\"><span style=\"font-size: 12pt;\">EDI\u00c7\u00c3O ATUAL<\/span><\/a><\/td>\n<\/tr>\n<tr>\n<td style=\"width: 100%;\"><a href=\"https:\/\/wp.ufpel.edu.br\/cedepem\/publicacoes\/revista-cedepem\/edicao-anteriores\/\"><span style=\"font-size: 12pt;\">EDI\u00c7\u00d5ES ANTERIORES<\/span><\/a><\/td>\n<\/tr>\n<tr>\n<td style=\"width: 100%;\"><a href=\"https:\/\/wp.ufpel.edu.br\/cedepem\/publicacoes\/revista-cedepem\/contato-2\/\"><span style=\"font-size: 12pt;\">CONTATO<\/span><\/a><\/td>\n<\/tr>\n<\/tbody>\n<\/table>\n<p>Indexadores:<\/p>\n<p style=\"text-align: left;\"><a href=\"https:\/\/wp.ufpel.edu.br\/cedepem\/files\/2022\/09\/logo-open-aire.jpg\"><img loading=\"lazy\" decoding=\"async\" class=\"alignnone wp-image-872\" src=\"https:\/\/wp.ufpel.edu.br\/cedepem\/files\/2022\/09\/logo-open-aire.jpg\" alt=\"\" width=\"180\" height=\"74\" \/><\/a><\/p>\n","protected":false},"excerpt":{"rendered":"<p>ISSN: 2763-8111 SOBRE EXPEDIENTE NORMAS PARA PUBLICA\u00c7\u00c3O EDI\u00c7\u00c3O ATUAL EDI\u00c7\u00d5ES ANTERIORES CONTATO Indexadores:<\/p>\n","protected":false},"author":1128,"featured_media":0,"parent":405,"menu_order":0,"comment_status":"closed","ping_status":"closed","template":"","meta":{"footnotes":""},"class_list":["post-419","page","type-page","status-publish","hentry"],"_links":{"self":[{"href":"https:\/\/wp.ufpel.edu.br\/cedepem\/wp-json\/wp\/v2\/pages\/419","targetHints":{"allow":["GET"]}}],"collection":[{"href":"https:\/\/wp.ufpel.edu.br\/cedepem\/wp-json\/wp\/v2\/pages"}],"about":[{"href":"https:\/\/wp.ufpel.edu.br\/cedepem\/wp-json\/wp\/v2\/types\/page"}],"author":[{"embeddable":true,"href":"https:\/\/wp.ufpel.edu.br\/cedepem\/wp-json\/wp\/v2\/users\/1128"}],"replies":[{"embeddable":true,"href":"https:\/\/wp.ufpel.edu.br\/cedepem\/wp-json\/wp\/v2\/comments?post=419"}],"version-history":[{"count":30,"href":"https:\/\/wp.ufpel.edu.br\/cedepem\/wp-json\/wp\/v2\/pages\/419\/revisions"}],"predecessor-version":[{"id":1401,"href":"https:\/\/wp.ufpel.edu.br\/cedepem\/wp-json\/wp\/v2\/pages\/419\/revisions\/1401"}],"up":[{"embeddable":true,"href":"https:\/\/wp.ufpel.edu.br\/cedepem\/wp-json\/wp\/v2\/pages\/405"}],"wp:attachment":[{"href":"https:\/\/wp.ufpel.edu.br\/cedepem\/wp-json\/wp\/v2\/media?parent=419"}],"curies":[{"name":"wp","href":"https:\/\/api.w.org\/{rel}","templated":true}]}}