{"id":403,"date":"2021-04-28T15:59:23","date_gmt":"2021-04-28T18:59:23","guid":{"rendered":"https:\/\/wp.ufpel.edu.br\/cedepem\/?page_id=403"},"modified":"2025-05-31T14:15:14","modified_gmt":"2025-05-31T17:15:14","slug":"instituicoeseparcerias","status":"publish","type":"page","link":"https:\/\/wp.ufpel.edu.br\/cedepem\/instituicoeseparcerias\/","title":{"rendered":"INSTITUI\u00c7\u00d5ES E PARCERIAS"},"content":{"rendered":"<p>&nbsp;<\/p>\n<table style=\"height: 379px; width: 100%; border-collapse: collapse; border-color: #ffffff; background-color: #ffffff;\" border=\"1\">\n<tbody>\n<tr style=\"height: 123px;\">\n<td style=\"width: 100%; height: 123px; border-color: #ffffff; background-color: #ffffff;\"><a href=\"https:\/\/wp.ufpel.edu.br\/cedepem\/files\/2023\/07\/UFPEL.png\"><img loading=\"lazy\" decoding=\"async\" class=\"alignnone wp-image-1137\" src=\"https:\/\/wp.ufpel.edu.br\/cedepem\/files\/2023\/07\/UFPEL.png\" alt=\"\" width=\"95\" height=\"95\" \/><\/a><\/p>\n<p style=\"text-align: justify;\">A <a href=\"https:\/\/portal.ufpel.edu.br\/\">Universidade Federal de Pelotas<\/a> representa a regional Sul do CEDEPEM, al\u00e9m de ser a sede do centro.<\/p>\n<\/td>\n<\/tr>\n<tr style=\"height: 154px;\">\n<td style=\"width: 100%; height: 154px; border-color: #ffffff; background-color: #ffffff;\">\n<p><a href=\"https:\/\/wp.ufpel.edu.br\/cedepem\/files\/2023\/07\/UFF1.png\"><img loading=\"lazy\" decoding=\"async\" class=\"alignnone wp-image-1191\" src=\"https:\/\/wp.ufpel.edu.br\/cedepem\/files\/2023\/07\/UFF1-400x400.png\" alt=\"\" width=\"90\" height=\"90\" srcset=\"https:\/\/wp.ufpel.edu.br\/cedepem\/files\/2023\/07\/UFF1-400x400.png 400w, https:\/\/wp.ufpel.edu.br\/cedepem\/files\/2023\/07\/UFF1-200x200.png 200w, https:\/\/wp.ufpel.edu.br\/cedepem\/files\/2023\/07\/UFF1.png 500w\" sizes=\"auto, (max-width: 90px) 100vw, 90px\" \/><\/a><\/p>\n<p>A <a href=\"https:\/\/www.uff.br\/\">Universidade Federal Fluminense<\/a> representa a regional Sudeste do CEDEPEM, por meio do N\u00facleo de Estudos Avan\u00e7ados do INEST (NEA\/INEST\/UFF).<\/p>\n<p>&nbsp;<\/td>\n<\/tr>\n<tr style=\"height: 17px;\">\n<td style=\"width: 100%; height: 17px; border-color: #ffffff; background-color: #ffffff;\"><a href=\"https:\/\/wp.ufpel.edu.br\/cedepem\/files\/2025\/05\/BIOMAS-12-1.png\"><img loading=\"lazy\" decoding=\"async\" class=\"alignnone  wp-image-1861\" src=\"https:\/\/wp.ufpel.edu.br\/cedepem\/files\/2025\/05\/BIOMAS-12-1.png\" alt=\"\" width=\"89\" height=\"58\" \/><\/a> <a href=\"https:\/\/wp.ufpel.edu.br\/cedepem\/files\/2023\/07\/IFPE.png\"><img loading=\"lazy\" decoding=\"async\" class=\"alignnone wp-image-1136\" src=\"https:\/\/wp.ufpel.edu.br\/cedepem\/files\/2023\/07\/IFPE.png\" alt=\"\" width=\"188\" height=\"58\" \/><\/a><\/p>\n<p style=\"text-align: justify;\">Grupo de pesquisa Biodiversidade, Meio Ambiente e Sustentabilidade do <a href=\"https:\/\/www.ifpe.edu.br\/campus\/caruaru\">Instituto Federal de Educa\u00e7\u00e3o, Ci\u00eancia e Tecnologia de Pernambuco, Campus Caruaru.<\/a><\/p>\n<p>&nbsp;<\/p>\n<p><a href=\"https:\/\/wp.ufpel.edu.br\/cedepem\/files\/2023\/07\/MP_cabecera.jpg\"><img loading=\"lazy\" decoding=\"async\" class=\"alignnone size-medium wp-image-1193\" src=\"https:\/\/wp.ufpel.edu.br\/cedepem\/files\/2023\/07\/MP_cabecera-400x60.jpg\" alt=\"\" width=\"400\" height=\"60\" srcset=\"https:\/\/wp.ufpel.edu.br\/cedepem\/files\/2023\/07\/MP_cabecera-400x60.jpg 400w, https:\/\/wp.ufpel.edu.br\/cedepem\/files\/2023\/07\/MP_cabecera-768x116.jpg 768w, https:\/\/wp.ufpel.edu.br\/cedepem\/files\/2023\/07\/MP_cabecera-600x91.jpg 600w, https:\/\/wp.ufpel.edu.br\/cedepem\/files\/2023\/07\/MP_cabecera.jpg 940w\" sizes=\"auto, (max-width: 400px) 100vw, 400px\" \/><\/a><\/p>\n<p style=\"text-align: justify;\">A <a href=\"http:\/\/www.marineplan.es\/\">Universidade de Sevilla<\/a>, por meio do projeto Marine Plan, \u00e9 parceira do CEDEPEM nos estudos mar\u00edtimos e das Ci\u00eancias Sociais.<\/p>\n<p><a href=\"https:\/\/wp.ufpel.edu.br\/cedepem\/files\/2025\/05\/Captura-de-tela-2025-05-28-162642.png\"><img loading=\"lazy\" decoding=\"async\" class=\"alignnone  wp-image-1854\" src=\"https:\/\/wp.ufpel.edu.br\/cedepem\/files\/2025\/05\/Captura-de-tela-2025-05-28-162642-400x69.png\" alt=\"\" width=\"325\" height=\"56\" srcset=\"https:\/\/wp.ufpel.edu.br\/cedepem\/files\/2025\/05\/Captura-de-tela-2025-05-28-162642-400x69.png 400w, https:\/\/wp.ufpel.edu.br\/cedepem\/files\/2025\/05\/Captura-de-tela-2025-05-28-162642-768x133.png 768w, https:\/\/wp.ufpel.edu.br\/cedepem\/files\/2025\/05\/Captura-de-tela-2025-05-28-162642.png 779w\" sizes=\"auto, (max-width: 325px) 100vw, 325px\" \/><\/a><\/p>\n<p>O CEDEPEM integra a Rede GlobalCoast como colaboradora do Programa CoastPredict, parte da D\u00e9cada da Ci\u00eancia Oce\u00e2nica das Na\u00e7\u00f5es Unidas para o Desenvolvimento Sustent\u00e1vel.<\/td>\n<\/tr>\n<tr style=\"height: 17px;\">\n<td style=\"width: 100%; height: 17px; border-color: #ffffff; background-color: #ffffff;\"><\/td>\n<\/tr>\n<tr style=\"height: 17px;\">\n<td style=\"width: 100%; height: 17px; border-color: #ffffff; background-color: #ffffff;\"><\/td>\n<\/tr>\n<tr style=\"height: 17px;\">\n<td style=\"width: 100%; height: 17px; border-color: #ffffff; background-color: #ffffff;\"><\/td>\n<\/tr>\n<tr style=\"height: 17px;\">\n<td style=\"width: 100%; height: 17px; border-color: #ffffff; background-color: #ffffff;\">\n<p style=\"text-align: justify;\">\n<\/td>\n<\/tr>\n<tr style=\"height: 17px;\">\n<td style=\"width: 100%; height: 17px; border-color: #ffffff; background-color: #ffffff;\">&nbsp;<\/td>\n<\/tr>\n<\/tbody>\n<\/table>\n<p>&nbsp;<\/p>\n","protected":false},"excerpt":{"rendered":"<p>&nbsp; A Universidade Federal de Pelotas representa a regional Sul do CEDEPEM, al\u00e9m de ser a sede do centro. A Universidade Federal Fluminense representa a regional Sudeste&hellip; <span class=\"read-more\"><a class=\"more-link\" href=\"https:\/\/wp.ufpel.edu.br\/cedepem\/instituicoeseparcerias\/\" rel=\"bookmark\">Leia Mais <span class=\"screen-reader-text\">&#8220;INSTITUI\u00c7\u00d5ES E PARCERIAS&#8221;<\/span><\/a><\/span><\/p>\n","protected":false},"author":1128,"featured_media":0,"parent":0,"menu_order":0,"comment_status":"closed","ping_status":"closed","template":"","meta":{"footnotes":""},"class_list":["post-403","page","type-page","status-publish","hentry"],"_links":{"self":[{"href":"https:\/\/wp.ufpel.edu.br\/cedepem\/wp-json\/wp\/v2\/pages\/403","targetHints":{"allow":["GET"]}}],"collection":[{"href":"https:\/\/wp.ufpel.edu.br\/cedepem\/wp-json\/wp\/v2\/pages"}],"about":[{"href":"https:\/\/wp.ufpel.edu.br\/cedepem\/wp-json\/wp\/v2\/types\/page"}],"author":[{"embeddable":true,"href":"https:\/\/wp.ufpel.edu.br\/cedepem\/wp-json\/wp\/v2\/users\/1128"}],"replies":[{"embeddable":true,"href":"https:\/\/wp.ufpel.edu.br\/cedepem\/wp-json\/wp\/v2\/comments?post=403"}],"version-history":[{"count":43,"href":"https:\/\/wp.ufpel.edu.br\/cedepem\/wp-json\/wp\/v2\/pages\/403\/revisions"}],"predecessor-version":[{"id":1862,"href":"https:\/\/wp.ufpel.edu.br\/cedepem\/wp-json\/wp\/v2\/pages\/403\/revisions\/1862"}],"wp:attachment":[{"href":"https:\/\/wp.ufpel.edu.br\/cedepem\/wp-json\/wp\/v2\/media?parent=403"}],"curies":[{"name":"wp","href":"https:\/\/api.w.org\/{rel}","templated":true}]}}