{"id":1709,"date":"2024-07-24T22:21:31","date_gmt":"2024-07-25T01:21:31","guid":{"rendered":"https:\/\/wp.ufpel.edu.br\/cedepem\/?page_id=1709"},"modified":"2024-07-24T22:21:31","modified_gmt":"2024-07-25T01:21:31","slug":"volume-4-numero-1-2024","status":"publish","type":"page","link":"https:\/\/wp.ufpel.edu.br\/cedepem\/volume-4-numero-1-2024\/","title":{"rendered":"Volume 4 &#8211; N\u00famero 1 &#8211; 2024"},"content":{"rendered":"<p><strong><span style=\"font-size: 14pt;\">Volume 4 &#8211; N\u00famero 1 &#8211; 2024<br \/>\n<\/span><\/strong>ISSN : 2763-8111<\/p>\n<p><a href=\"https:\/\/wp.ufpel.edu.br\/cedepem\/files\/2024\/07\/cover_UKP3WZMWP.png\"><img loading=\"lazy\" decoding=\"async\" class=\"alignnone size-medium wp-image-1710\" src=\"https:\/\/wp.ufpel.edu.br\/cedepem\/files\/2024\/07\/cover_UKP3WZMWP-306x400.png\" alt=\"\" width=\"306\" height=\"400\" srcset=\"https:\/\/wp.ufpel.edu.br\/cedepem\/files\/2024\/07\/cover_UKP3WZMWP-306x400.png 306w, https:\/\/wp.ufpel.edu.br\/cedepem\/files\/2024\/07\/cover_UKP3WZMWP.png 383w\" sizes=\"auto, (max-width: 306px) 100vw, 306px\" \/><\/a><\/p>\n<p><a href=\"https:\/\/wp.ufpel.edu.br\/cedepem\/files\/2024\/07\/Expediente.pdf\"><strong>EXPEDIENTE<\/strong><\/a><\/p>\n<p><a href=\"https:\/\/wp.ufpel.edu.br\/cedepem\/files\/2024\/07\/Editorial_Silvana.pdf\"><strong><span style=\"font-family: arial, helvetica, sans-serif; font-size: 12pt;\">EDITORIAL<\/span><\/strong><\/a><\/p>\n<p><strong><a href=\"https:\/\/wp.ufpel.edu.br\/cedepem\/files\/2024\/07\/Wander.pdf\">POL\u00cdTICA DE INTEGRA\u00c7\u00c3O DO HIDROG\u00caNIO VERDE NA MATRIZ ENERG\u00c9TICA DA AM\u00c9RICA LATINA<\/a><br \/>\n<\/strong><em>Green Hydrogen Integration Policy in Latin America\u2019s Energy Matrix<br \/>\n<\/em><strong>Wander Catarina dos Santos<\/strong><\/p>\n<p><strong><a href=\"https:\/\/wp.ufpel.edu.br\/cedepem\/files\/2024\/07\/Naiara_Caio.pdf\">LINHAS GERAIS A RESPEITO DOS ESTADOS UNIDOS DA AM\u00c9RICA NO MEIO AMBIENTE BRASILEIRO:<\/a><br \/>\nATUA\u00c7\u00c3O, IMPACTOS E PERSPECTIVAS<br \/>\n<\/strong><em>General Lines about the United States in the Brazilian Enviroment: Performance, Impacts and Perspectives<br \/>\n<\/em><strong>Nairana Karkow Bones e Caio J\u00fanior Auler<\/strong><\/p>\n<p><strong><a href=\"https:\/\/wp.ufpel.edu.br\/cedepem\/files\/2024\/07\/Josi_Pedone.pdf\">ENERGIAS RENOV\u00c1VEIS NO BRASIL: \u00c9 A ENERGIA E\u00d3LICA UMA OP\u00c7\u00c3O PARA A GARANTIA DA SEGURAN\u00c7A ENERG\u00c9TICA?\u00a0<\/a><br \/>\n<\/strong><em>Renewable Energy in Brazil: is Wind Energy an Option for Ensuring Energy Security?<br \/>\n<\/em><strong>Josieli Santini e Luiz Pedone<\/strong><\/p>\n<p><a href=\"https:\/\/wp.ufpel.edu.br\/cedepem\/files\/2024\/07\/Delmo.pdf\"><strong>\u00a0<\/strong><\/a><strong><a href=\"https:\/\/wp.ufpel.edu.br\/cedepem\/files\/2024\/07\/Delmo.pdf\">O COMANDANTE DIANTE DO ESPELHO: T\u00c1TICA MILITAR E INTERSUBJETIVIDADE<\/a><br \/>\n<\/strong><em>The Commander in front of the Mirror: Military Tactics and Intersubjectivity<br \/>\n<\/em><strong>Delmo de Oliveira Torres Arguelhes<\/strong><\/p>\n<p><strong><a href=\"https:\/\/wp.ufpel.edu.br\/cedepem\/files\/2024\/07\/Jose.pdf\">DESAFIOS POL\u00cdTICOS DE GUIN\u00c9-BISSAU P\u00d3S-INDEPEND\u00caNCIA: STATUS DE ESTADO FR\u00c1GIL<\/a><br \/>\n<\/strong><em>Guinea-Bissau&#8217;s Post-Independence Political Challenges: Fragile State Status<br \/>\n<\/em><strong>Jos\u00e9 Moreira<\/strong><\/p>\n<p><strong><a href=\"https:\/\/wp.ufpel.edu.br\/cedepem\/files\/2024\/07\/Eloisa_Geraldo_Samara.pdf\">PROGRAMA DE INCUBA\u00c7\u00c3O VIRTUAL<\/a>: A EXPERI\u00caNCIA DA UNIVERSIDADE DO VALE DO ITAJA\u00cd \u2013 UNIVALI<br \/>\n<\/strong><em>Virtual Incubation Program: the Experience of the University of the Itaja\u00ed Valley \u2013 UNIVALI<br \/>\n<\/em><strong>Eloisa Deloss Johann, Jo\u00e3o Geraldo Cardoso Campos e Samara Aparecida Da Silva Garcia<\/strong><\/p>\n<p><strong>\u00a0<\/strong><\/p>\n<p><strong>RESENHAS DE LIVROS<\/strong><\/p>\n<p><strong>\u00a0<\/strong><\/p>\n<p><strong>ECONOMIA AZUL: VETOR PARA O DESENVOLVIMENTO DO BRASIL<br \/>\n<\/strong>SANTOS, Thauan; BEIR\u00c3O, Andr\u00e9 Panno; ARA\u00daJO FILHO, Moacyr Cunha; CARVALHO, Andr\u00e9a Bento (Org.). S\u00e3o Paulo, SP: Essential Idea Editora, 2022. 816 p.<\/p>\n<p><strong><a href=\"https:\/\/wp.ufpel.edu.br\/cedepem\/files\/2024\/07\/Thiago.pdf\">DESAFIOS E PERSPECTIVAS DA GOVERNAN\u00c7A DA AMAZ\u00d4NIA AZUL NA D\u00c9CADA DOS OCEANOS (2021-2023)\u00a0<\/a><br \/>\n<\/strong><em>Challenges and Perspectives of the Governance of the Blue Amazon in the Ocean Decade (2021-2030)<br \/>\n<\/em><strong>Thiago Silva e Souza<\/strong><\/p>\n<p><strong>\u00a0<\/strong><\/p>\n<p><strong>ENVIRONMENTAL GEOPOLITICS<br \/>\n<\/strong>O\u2019LEAR, Shannon. London: Rowman &amp; Littlefield Publishers Group, 2018.\u00a02016 p. ISBN: 978-1-4422-6580<\/p>\n<p><strong><a href=\"https:\/\/wp.ufpel.edu.br\/cedepem\/files\/2024\/07\/Maria_Fernanda.pdf\">GEOPOL\u00cdTICA AMBIENTAL: A QUEM SERVE O DISCURSO DOMINANTE?<\/a><br \/>\n<\/strong><em>Environmental Geopolitics: Who is the Dominant Discourse Serving?<br \/>\n<\/em><strong>Maria Fernanda Rezende Arentz<\/strong><\/p>\n<p>&nbsp;<\/p>\n<p>&nbsp;<\/p>\n","protected":false},"excerpt":{"rendered":"<p>Volume 4 &#8211; N\u00famero 1 &#8211; 2024 ISSN : 2763-8111 EXPEDIENTE EDITORIAL POL\u00cdTICA DE INTEGRA\u00c7\u00c3O DO HIDROG\u00caNIO VERDE NA MATRIZ ENERG\u00c9TICA DA AM\u00c9RICA LATINA Green Hydrogen Integration&hellip; <span class=\"read-more\"><a class=\"more-link\" href=\"https:\/\/wp.ufpel.edu.br\/cedepem\/volume-4-numero-1-2024\/\" rel=\"bookmark\">Leia Mais <span class=\"screen-reader-text\">&#8220;Volume 4 &#8211; N\u00famero 1 &#8211; 2024&#8221;<\/span><\/a><\/span><\/p>\n","protected":false},"author":1128,"featured_media":0,"parent":0,"menu_order":0,"comment_status":"closed","ping_status":"closed","template":"","meta":{"footnotes":""},"class_list":["post-1709","page","type-page","status-publish","hentry"],"_links":{"self":[{"href":"https:\/\/wp.ufpel.edu.br\/cedepem\/wp-json\/wp\/v2\/pages\/1709","targetHints":{"allow":["GET"]}}],"collection":[{"href":"https:\/\/wp.ufpel.edu.br\/cedepem\/wp-json\/wp\/v2\/pages"}],"about":[{"href":"https:\/\/wp.ufpel.edu.br\/cedepem\/wp-json\/wp\/v2\/types\/page"}],"author":[{"embeddable":true,"href":"https:\/\/wp.ufpel.edu.br\/cedepem\/wp-json\/wp\/v2\/users\/1128"}],"replies":[{"embeddable":true,"href":"https:\/\/wp.ufpel.edu.br\/cedepem\/wp-json\/wp\/v2\/comments?post=1709"}],"version-history":[{"count":1,"href":"https:\/\/wp.ufpel.edu.br\/cedepem\/wp-json\/wp\/v2\/pages\/1709\/revisions"}],"predecessor-version":[{"id":1721,"href":"https:\/\/wp.ufpel.edu.br\/cedepem\/wp-json\/wp\/v2\/pages\/1709\/revisions\/1721"}],"wp:attachment":[{"href":"https:\/\/wp.ufpel.edu.br\/cedepem\/wp-json\/wp\/v2\/media?parent=1709"}],"curies":[{"name":"wp","href":"https:\/\/api.w.org\/{rel}","templated":true}]}}