{"id":1615,"date":"2023-10-24T13:01:56","date_gmt":"2023-10-24T16:01:56","guid":{"rendered":"https:\/\/wp.ufpel.edu.br\/cedepem\/?page_id=1615"},"modified":"2024-01-15T15:03:34","modified_gmt":"2024-01-15T18:03:34","slug":"volume-3-numero-2-2023","status":"publish","type":"page","link":"https:\/\/wp.ufpel.edu.br\/cedepem\/volume-3-numero-2-2023\/","title":{"rendered":"Volume 3 &#8211; N\u00famero 2 &#8211; 2023"},"content":{"rendered":"<p><strong>Volume 3 &#8211; N\u00famero 2 &#8211; 2023<br \/>\n<\/strong>DOI:10.5281\/zenodo.10037558<\/p>\n<p><a href=\"https:\/\/wp.ufpel.edu.br\/cedepem\/files\/2023\/10\/CAPAHJ2.png\"><img loading=\"lazy\" decoding=\"async\" class=\"alignnone wp-image-1617\" src=\"https:\/\/wp.ufpel.edu.br\/cedepem\/files\/2023\/10\/CAPAHJ2-306x400.png\" alt=\"\" width=\"323\" height=\"422\" srcset=\"https:\/\/wp.ufpel.edu.br\/cedepem\/files\/2023\/10\/CAPAHJ2-306x400.png 306w, https:\/\/wp.ufpel.edu.br\/cedepem\/files\/2023\/10\/CAPAHJ2-600x784.png 600w, https:\/\/wp.ufpel.edu.br\/cedepem\/files\/2023\/10\/CAPAHJ2.png 607w\" sizes=\"auto, (max-width: 323px) 100vw, 323px\" \/><\/a><br \/>\n<strong>Expediente<br \/>\n<\/strong><a href=\"https:\/\/wp.ufpel.edu.br\/cedepem\/files\/2023\/10\/Capa-e-Expediente.pdf\">PDF<\/a><\/p>\n<p><strong>Editorial<\/strong><\/p>\n<p><strong>A MULTIDISCIPLINARIDADE NO PLANEJAMENTO ESPACIAL MARINHO<\/strong><\/p>\n<p><em><strong>Etiene Villela Marroni<\/strong><\/em><\/p>\n<p><a href=\"https:\/\/wp.ufpel.edu.br\/cedepem\/files\/2023\/10\/Editorial_Etiene.pdf\">PDF<\/a><\/p>\n<p><strong>Artigos<\/strong><\/p>\n<p style=\"font-weight: 400; text-align: justify;\"><strong>CATADORES E CATADORAS DE MATERIAIS RECICL\u00c1VEIS NO BRASIL <\/strong><strong>\u2012<\/strong><strong>\u00a0PROFISS\u00c3O ESTRAT\u00c9GICA NO COMBATE \u00c0 POLUI\u00c7\u00c3O MARINHA<\/strong><\/p>\n<p style=\"font-weight: 400; text-align: justify;\"><em>Waste Pickers in Brazil, a Strategic Profession in the Fight Against Marine Pollution<\/em><\/p>\n<p style=\"font-weight: 400; text-align: justify;\"><strong><em>F\u00e1tima Ver\u00f4nica Pereira Vila Nova<br \/>\n<\/em><\/strong><\/p>\n<p><a href=\"https:\/\/wp.ufpel.edu.br\/cedepem\/files\/2023\/10\/Veronica.pdf\">PDF<\/a><\/p>\n<p style=\"font-weight: 400; text-align: justify;\"><strong>\u00a0<\/strong><\/p>\n<p style=\"font-weight: 400; text-align: justify;\"><strong>A ORDEM INTERNACIONAL E O EFEITO DA GLOBALIZA\u00c7\u00c3O EM FACE \u00c0 EVOLU\u00c7\u00c3O TECNOL\u00d3GICA\u00a0<\/strong><\/p>\n<p style=\"font-weight: 400; text-align: justify;\"><em>International Order and the Effect of Globalization in the Light of Technological Progress<\/em><\/p>\n<p style=\"font-weight: 400; text-align: justify;\"><strong><em>Nilton Lopes da Silva Gomes<\/em><\/strong><\/p>\n<p><a href=\"https:\/\/wp.ufpel.edu.br\/cedepem\/files\/2023\/10\/Nilton.pdf\">PDF<\/a><\/p>\n<p style=\"font-weight: 400; text-align: justify;\"><strong>\u00a0<\/strong><\/p>\n<p style=\"font-weight: 400; text-align: justify;\"><strong>GOVERNAN\u00c7A GLOBAL: DESAFIOS PARA O ALCANCE DOS OBJETIVOS DA AGENDA PARA O DESENVOLVIMENTO SUSTENT\u00c1VEL DA ONU<\/strong><\/p>\n<p style=\"font-weight: 400; text-align: justify;\"><em>Global Governance: Challenges to Achieving the Goals of the un Sustainable Development Agenda<\/em><\/p>\n<p style=\"font-weight: 400; text-align: justify;\"><strong><em>Silvana Schimanski; Natal\u00ed Nascimento e Fabiana de Bittencourt Rangel<\/em><\/strong><\/p>\n<p><a href=\"https:\/\/wp.ufpel.edu.br\/cedepem\/files\/2023\/10\/Silvana.pdf\">PDF<\/a><\/p>\n<p style=\"font-weight: 400; text-align: justify;\"><strong>\u00a0<\/strong><\/p>\n<p style=\"font-weight: 400; text-align: justify;\"><strong>PSICOLOGIA E MEIO AMBIENTE: RELA\u00c7\u00c3O ENTRE CONSUMO DE PEIXES E DEPRESS\u00c3O EM ADULTOS BRASILEIROS\u00a0<\/strong><\/p>\n<p style=\"font-weight: 400; text-align: justify;\"><em>Psychology and the Environment: Relationship Between Fish Consumption and Depression Among Brazilian Adults<\/em><\/p>\n<p style=\"font-weight: 400; text-align: justify;\"><strong><em>\u00cdgor Villela Marroni<\/em><\/strong><\/p>\n<p><a href=\"https:\/\/wp.ufpel.edu.br\/cedepem\/files\/2023\/10\/Igor.pdf\">PDF<\/a><\/p>\n<p style=\"font-weight: 400; text-align: justify;\"><em>\u00a0<\/em><\/p>\n<p style=\"font-weight: 400; text-align: justify;\"><strong>A (DES)CONSIDERA\u00c7\u00c3O DOS(AS) CATADORES(AS) NA GEST\u00c3O DOS RES\u00cdDUOS S\u00d3LIDOS EM MUNIC\u00cdPIOS DO ESTADO DO RIO GRANDE DO SUL<\/strong><\/p>\n<p style=\"font-weight: 400; text-align: justify;\"><em>The (mis)Regarg on the Scavengers\u2019s Role in Solid Waste Management in Municipalities of Rio Grande do Sul<\/em><\/p>\n<p style=\"font-weight: 400; text-align: justify;\"><strong><em>Michele Barros de Deus Chuquel da Silva e Carlos Alberto Seifert Jr.<\/em><\/strong><\/p>\n<p><a href=\"https:\/\/wp.ufpel.edu.br\/cedepem\/files\/2023\/10\/Michele.pdf\">PDF<\/a><\/p>\n","protected":false},"excerpt":{"rendered":"<p>Volume 3 &#8211; N\u00famero 2 &#8211; 2023 DOI:10.5281\/zenodo.10037558 Expediente PDF Editorial A MULTIDISCIPLINARIDADE NO PLANEJAMENTO ESPACIAL MARINHO Etiene Villela Marroni PDF Artigos CATADORES E CATADORAS DE MATERIAIS&hellip; <span class=\"read-more\"><a class=\"more-link\" href=\"https:\/\/wp.ufpel.edu.br\/cedepem\/volume-3-numero-2-2023\/\" rel=\"bookmark\">Leia Mais <span class=\"screen-reader-text\">&#8220;Volume 3 &#8211; N\u00famero 2 &#8211; 2023&#8221;<\/span><\/a><\/span><\/p>\n","protected":false},"author":1128,"featured_media":0,"parent":0,"menu_order":0,"comment_status":"closed","ping_status":"closed","template":"","meta":{"footnotes":""},"class_list":["post-1615","page","type-page","status-publish","hentry"],"_links":{"self":[{"href":"https:\/\/wp.ufpel.edu.br\/cedepem\/wp-json\/wp\/v2\/pages\/1615","targetHints":{"allow":["GET"]}}],"collection":[{"href":"https:\/\/wp.ufpel.edu.br\/cedepem\/wp-json\/wp\/v2\/pages"}],"about":[{"href":"https:\/\/wp.ufpel.edu.br\/cedepem\/wp-json\/wp\/v2\/types\/page"}],"author":[{"embeddable":true,"href":"https:\/\/wp.ufpel.edu.br\/cedepem\/wp-json\/wp\/v2\/users\/1128"}],"replies":[{"embeddable":true,"href":"https:\/\/wp.ufpel.edu.br\/cedepem\/wp-json\/wp\/v2\/comments?post=1615"}],"version-history":[{"count":3,"href":"https:\/\/wp.ufpel.edu.br\/cedepem\/wp-json\/wp\/v2\/pages\/1615\/revisions"}],"predecessor-version":[{"id":1669,"href":"https:\/\/wp.ufpel.edu.br\/cedepem\/wp-json\/wp\/v2\/pages\/1615\/revisions\/1669"}],"wp:attachment":[{"href":"https:\/\/wp.ufpel.edu.br\/cedepem\/wp-json\/wp\/v2\/media?parent=1615"}],"curies":[{"name":"wp","href":"https:\/\/api.w.org\/{rel}","templated":true}]}}

Volume 3 &#8211; Número 2 &#8211; 2023

<p><strong>Volume 3 &#8211; Número 2 &#8211; 2023<br />
</strong>DOI:10.5281/zenodo.10037558</p>
<p><a href="https://wp.ufpel.edu.br/cedepem/files/2023/10/CAPAHJ2.png"><img loading="lazy" decoding="async" class="alignnone wp-image-1617" src="https://wp.ufpel.edu.br/cedepem/files/2023/10/CAPAHJ2-306x400.png" alt="" width="323" height="422" srcset="https://wp.ufpel.edu.br/cedepem/files/2023/10/CAPAHJ2-306x400.png 306w, https://wp.ufpel.edu.br/cedepem/files/2023/10/CAPAHJ2-600x784.png 600w, https://wp.ufpel.edu.br/cedepem/files/2023/10/CAPAHJ2.png 607w" sizes="auto, (max-width: 323px) 100vw, 323px" /></a><br />
<strong>Expediente<br />
</strong><a href="https://wp.ufpel.edu.br/cedepem/files/2023/10/Capa-e-Expediente.pdf">PDF</a></p>
<p><strong>Editorial</strong></p>
<p><strong>A MULTIDISCIPLINARIDADE NO PLANEJAMENTO ESPACIAL MARINHO</strong></p>
<p><em><strong>Etiene Villela Marroni</strong></em></p>
<p><a href="https://wp.ufpel.edu.br/cedepem/files/2023/10/Editorial_Etiene.pdf">PDF</a></p>
<p><strong>Artigos</strong></p>
<p style="font-weight: 400; text-align: justify;"><strong>CATADORES E CATADORAS DE MATERIAIS RECICLÁVEIS NO BRASIL </strong><strong>‒</strong><strong> PROFISSÃO ESTRATÉGICA NO COMBATE À POLUIÇÃO MARINHA</strong></p>
<p style="font-weight: 400; text-align: justify;"><em>Waste Pickers in Brazil, a Strategic Profession in the Fight Against Marine Pollution</em></p>
<p style="font-weight: 400; text-align: justify;"><strong><em>Fátima Verônica Pereira Vila Nova<br />
</em></strong></p>
<p><a href="https://wp.ufpel.edu.br/cedepem/files/2023/10/Veronica.pdf">PDF</a></p>
<p style="font-weight: 400; text-align: justify;"><strong> </strong></p>
<p style="font-weight: 400; text-align: justify;"><strong>A ORDEM INTERNACIONAL E O EFEITO DA GLOBALIZAÇÃO EM FACE À EVOLUÇÃO TECNOLÓGICA </strong></p>
<p style="font-weight: 400; text-align: justify;"><em>International Order and the Effect of Globalization in the Light of Technological Progress</em></p>
<p style="font-weight: 400; text-align: justify;"><strong><em>Nilton Lopes da Silva Gomes</em></strong></p>
<p><a href="https://wp.ufpel.edu.br/cedepem/files/2023/10/Nilton.pdf">PDF</a></p>
<p style="font-weight: 400; text-align: justify;"><strong> </strong></p>
<p style="font-weight: 400; text-align: justify;"><strong>GOVERNANÇA GLOBAL: DESAFIOS PARA O ALCANCE DOS OBJETIVOS DA AGENDA PARA O DESENVOLVIMENTO SUSTENTÁVEL DA ONU</strong></p>
<p style="font-weight: 400; text-align: justify;"><em>Global Governance: Challenges to Achieving the Goals of the un Sustainable Development Agenda</em></p>
<p style="font-weight: 400; text-align: justify;"><strong><em>Silvana Schimanski; Natalí Nascimento e Fabiana de Bittencourt Rangel</em></strong></p>
<p><a href="https://wp.ufpel.edu.br/cedepem/files/2023/10/Silvana.pdf">PDF</a></p>
<p style="font-weight: 400; text-align: justify;"><strong> </strong></p>
<p style="font-weight: 400; text-align: justify;"><strong>PSICOLOGIA E MEIO AMBIENTE: RELAÇÃO ENTRE CONSUMO DE PEIXES E DEPRESSÃO EM ADULTOS BRASILEIROS </strong></p>
<p style="font-weight: 400; text-align: justify;"><em>Psychology and the Environment: Relationship Between Fish Consumption and Depression Among Brazilian Adults</em></p>
<p style="font-weight: 400; text-align: justify;"><strong><em>Ígor Villela Marroni</em></strong></p>
<p><a href="https://wp.ufpel.edu.br/cedepem/files/2023/10/Igor.pdf">PDF</a></p>
<p style="font-weight: 400; text-align: justify;"><em> </em></p>
<p style="font-weight: 400; text-align: justify;"><strong>A (DES)CONSIDERAÇÃO DOS(AS) CATADORES(AS) NA GESTÃO DOS RESÍDUOS SÓLIDOS EM MUNICÍPIOS DO ESTADO DO RIO GRANDE DO SUL</strong></p>
<p style="font-weight: 400; text-align: justify;"><em>The (mis)Regarg on the Scavengers’s Role in Solid Waste Management in Municipalities of Rio Grande do Sul</em></p>
<p style="font-weight: 400; text-align: justify;"><strong><em>Michele Barros de Deus Chuquel da Silva e Carlos Alberto Seifert Jr.</em></strong></p>
<p><a href="https://wp.ufpel.edu.br/cedepem/files/2023/10/Michele.pdf">PDF</a></p>

<p>Volume 3 &#8211; Número 2 &#8211; 2023 DOI:10.5281/zenodo.10037558 Expediente PDF Editorial A MULTIDISCIPLINARIDADE NO PLANEJAMENTO ESPACIAL MARINHO Etiene Villela Marroni PDF Artigos CATADORES E CATADORAS DE MATERIAIS&hellip; <span class="read-more"><a class="more-link" href="https://wp.ufpel.edu.br/cedepem/volume-3-numero-2-2023/" rel="bookmark">Leia Mais <span class="screen-reader-text">&#8220;Volume 3 &#8211; Número 2 &#8211; 2023&#8221;</span></a></span></p>
