{"id":1472,"date":"2023-08-17T16:06:29","date_gmt":"2023-08-17T19:06:29","guid":{"rendered":"https:\/\/wp.ufpel.edu.br\/cedepem\/?page_id=1472"},"modified":"2023-08-22T16:50:24","modified_gmt":"2023-08-22T19:50:24","slug":"artigos-de-opiniao","status":"publish","type":"page","link":"https:\/\/wp.ufpel.edu.br\/cedepem\/artigos-de-opiniao\/","title":{"rendered":"Artigos de Opini\u00e3o"},"content":{"rendered":"<table style=\"border-collapse: collapse; width: 100%;\" border=\"1\">\n<tbody>\n<tr style=\"height: 252px;\">\n<td style=\"width: 50%; height: 252px;\"><a href=\"https:\/\/wp.ufpel.edu.br\/cedepem\/files\/2023\/08\/WhatsApp-Image-2023-08-21-at-18.02.15.jpeg\"><img loading=\"lazy\" decoding=\"async\" class=\"alignnone  wp-image-1539\" src=\"https:\/\/wp.ufpel.edu.br\/cedepem\/files\/2023\/08\/WhatsApp-Image-2023-08-21-at-18.02.15-400x300.jpeg\" alt=\"\" width=\"350\" height=\"262\" srcset=\"https:\/\/wp.ufpel.edu.br\/cedepem\/files\/2023\/08\/WhatsApp-Image-2023-08-21-at-18.02.15-400x300.jpeg 400w, https:\/\/wp.ufpel.edu.br\/cedepem\/files\/2023\/08\/WhatsApp-Image-2023-08-21-at-18.02.15-600x450.jpeg 600w, https:\/\/wp.ufpel.edu.br\/cedepem\/files\/2023\/08\/WhatsApp-Image-2023-08-21-at-18.02.15.jpeg 768w\" sizes=\"auto, (max-width: 350px) 100vw, 350px\" \/><\/a><br \/>\nFoto: Telekon<\/td>\n<td style=\"width: 50%; height: 252px; text-align: left;\"><span style=\"font-size: 12pt; font-family: arial, helvetica, sans-serif;\"><a href=\"https:\/\/wp.ufpel.edu.br\/cedepem\/integracao-do-planejamento-espacial-marinho-e-smart-cities-rumo-a-um-desenvolvimento-sustentavel-costeiro\/\"><b>INTEGRA\u00c7\u00c3O DO PLANEJAMENTO ESPACIAL MARINHO E <\/b><b><i>SMART CITIES<\/i><\/b><b>:<\/b><b><br \/>\n<\/b><b>RUMO A UM DESENVOLVIMENTO SUSTENT\u00c1VEL COSTEIRO<\/b><\/a>\u00a0<\/span><\/p>\n<p style=\"text-align: right;\"><a href=\"https:\/\/wp.ufpel.edu.br\/cedepem\/files\/2023\/07\/cropped-cropped-LOGO_CEDEPEM_VERONICA.png\"><img loading=\"lazy\" decoding=\"async\" class=\"alignnone wp-image-1278\" src=\"https:\/\/wp.ufpel.edu.br\/cedepem\/files\/2023\/07\/cropped-cropped-LOGO_CEDEPEM_VERONICA.png\" alt=\"\" width=\"38\" height=\"25\" \/><\/a>\u00a0 <span style=\"font-size: 10pt;\">17\/08\/2023<\/span><\/p>\n<p style=\"text-align: right;\">\n<\/td>\n<\/tr>\n<\/tbody>\n<\/table>\n<p>&nbsp;<\/p>\n<p>&nbsp;<\/p>\n<table style=\"border-collapse: collapse; width: 100%;\" border=\"1\">\n<tbody>\n<tr>\n<td style=\"width: 50%;\"><a href=\"https:\/\/wp.ufpel.edu.br\/cedepem\/files\/2023\/07\/Sem-titulo.png\"><img loading=\"lazy\" decoding=\"async\" class=\"alignnone wp-image-1296\" src=\"https:\/\/wp.ufpel.edu.br\/cedepem\/files\/2023\/07\/Sem-titulo-400x270.png\" alt=\"\" width=\"351\" height=\"237\" srcset=\"https:\/\/wp.ufpel.edu.br\/cedepem\/files\/2023\/07\/Sem-titulo-400x270.png 400w, https:\/\/wp.ufpel.edu.br\/cedepem\/files\/2023\/07\/Sem-titulo.png 546w\" sizes=\"auto, (max-width: 351px) 100vw, 351px\" \/><\/a><br \/>\nFoto: J\u00f4 Folha<\/td>\n<td style=\"width: 50%; text-align: left;\"><span style=\"font-family: arial, helvetica, sans-serif; font-size: 12pt;\"><a href=\"https:\/\/wp.ufpel.edu.br\/cedepem\/o-brasil-nao-conhece-os-brasileiros-e-nem-os-brasileiros-conhecem-o-brasil-a-historia-de-um-ciclone-e-a-democracia-dos-pequenos\/\"><strong>O BRASIL N\u00c3O CONHECE OS BRASILEIROS&#8230; E NEM OS BRASILEIROS CONHECEM O BRASIL: A HIST\u00d3RIA DE UM CICLONE E A DEMOCRACIA DOS PEQUENOS<\/strong><\/a><\/span><\/p>\n<p style=\"text-align: right;\"><a href=\"https:\/\/wp.ufpel.edu.br\/cedepem\/files\/2023\/07\/cropped-cropped-LOGO_CEDEPEM_VERONICA.png\"><img loading=\"lazy\" decoding=\"async\" class=\"alignnone wp-image-1278\" src=\"https:\/\/wp.ufpel.edu.br\/cedepem\/files\/2023\/07\/cropped-cropped-LOGO_CEDEPEM_VERONICA.png\" alt=\"\" width=\"38\" height=\"25\" \/><\/a>\u00a0 <span style=\"font-size: 10pt;\">15\/07\/2023<\/span><\/p>\n<\/td>\n<\/tr>\n<\/tbody>\n<\/table>\n<p style=\"text-align: right;\"><a href=\"https:\/\/wp.ufpel.edu.br\/cedepem\/\">Voltar<\/a><\/p>\n","protected":false},"excerpt":{"rendered":"<p>Foto: Telekon INTEGRA\u00c7\u00c3O DO PLANEJAMENTO ESPACIAL MARINHO E SMART CITIES: RUMO A UM DESENVOLVIMENTO SUSTENT\u00c1VEL COSTEIRO\u00a0 \u00a0 17\/08\/2023 &nbsp; &nbsp; Foto: J\u00f4 Folha O BRASIL N\u00c3O CONHECE&hellip; <span class=\"read-more\"><a class=\"more-link\" href=\"https:\/\/wp.ufpel.edu.br\/cedepem\/artigos-de-opiniao\/\" rel=\"bookmark\">Leia Mais <span class=\"screen-reader-text\">&#8220;Artigos de Opini\u00e3o&#8221;<\/span><\/a><\/span><\/p>\n","protected":false},"author":1128,"featured_media":0,"parent":0,"menu_order":0,"comment_status":"closed","ping_status":"closed","template":"","meta":{"footnotes":""},"class_list":["post-1472","page","type-page","status-publish","hentry"],"_links":{"self":[{"href":"https:\/\/wp.ufpel.edu.br\/cedepem\/wp-json\/wp\/v2\/pages\/1472","targetHints":{"allow":["GET"]}}],"collection":[{"href":"https:\/\/wp.ufpel.edu.br\/cedepem\/wp-json\/wp\/v2\/pages"}],"about":[{"href":"https:\/\/wp.ufpel.edu.br\/cedepem\/wp-json\/wp\/v2\/types\/page"}],"author":[{"embeddable":true,"href":"https:\/\/wp.ufpel.edu.br\/cedepem\/wp-json\/wp\/v2\/users\/1128"}],"replies":[{"embeddable":true,"href":"https:\/\/wp.ufpel.edu.br\/cedepem\/wp-json\/wp\/v2\/comments?post=1472"}],"version-history":[{"count":8,"href":"https:\/\/wp.ufpel.edu.br\/cedepem\/wp-json\/wp\/v2\/pages\/1472\/revisions"}],"predecessor-version":[{"id":1540,"href":"https:\/\/wp.ufpel.edu.br\/cedepem\/wp-json\/wp\/v2\/pages\/1472\/revisions\/1540"}],"wp:attachment":[{"href":"https:\/\/wp.ufpel.edu.br\/cedepem\/wp-json\/wp\/v2\/media?parent=1472"}],"curies":[{"name":"wp","href":"https:\/\/api.w.org\/{rel}","templated":true}]}}