{"id":1305,"date":"2023-07-24T21:29:48","date_gmt":"2023-07-25T00:29:48","guid":{"rendered":"https:\/\/wp.ufpel.edu.br\/cedepem\/?page_id=1305"},"modified":"2023-08-03T23:19:19","modified_gmt":"2023-08-04T02:19:19","slug":"volume-2-numero-1-2022","status":"publish","type":"page","link":"https:\/\/wp.ufpel.edu.br\/cedepem\/volume-2-numero-1-2022\/","title":{"rendered":"Volume 2 &#8211; N\u00famero 1 &#8211; 2022"},"content":{"rendered":"<p><span style=\"font-size: 14pt;\"><strong>Volume 2 &#8211; N\u00famero 1<\/strong><\/span><br \/>\nDOI: 10.5281\/zenodo.7277431<\/p>\n<p>&nbsp;<\/p>\n<p><a href=\"https:\/\/wp.ufpel.edu.br\/cedepem\/files\/2023\/08\/cover_UMCG4Z9CL.png\"><img loading=\"lazy\" decoding=\"async\" class=\"alignnone size-medium wp-image-1441\" src=\"https:\/\/wp.ufpel.edu.br\/cedepem\/files\/2023\/08\/cover_UMCG4Z9CL-306x400.png\" alt=\"\" width=\"306\" height=\"400\" srcset=\"https:\/\/wp.ufpel.edu.br\/cedepem\/files\/2023\/08\/cover_UMCG4Z9CL-306x400.png 306w, https:\/\/wp.ufpel.edu.br\/cedepem\/files\/2023\/08\/cover_UMCG4Z9CL.png 383w\" sizes=\"auto, (max-width: 306px) 100vw, 306px\" \/><\/a><\/p>\n<p>&nbsp;<\/p>\n<p style=\"text-align: justify;\"><span style=\"font-family: arial, helvetica, sans-serif; font-size: 12pt;\"><strong>Expediente<\/strong> <\/span><\/p>\n<p style=\"text-align: justify;\"><span style=\"font-family: arial, helvetica, sans-serif; font-size: 12pt;\"><a href=\"https:\/\/wp.ufpel.edu.br\/cedepem\/files\/2023\/07\/expediente.pdf\">PDF<\/a> <\/span><\/p>\n<p style=\"text-align: justify;\"><span style=\"font-family: arial, helvetica, sans-serif; font-size: 12pt;\"><strong>A CONSERVA\u00c7\u00c3O DOS MANGUEZAIS PELA \u00d3TICA DOS OBJETIVOS DO DESENVOLVIMENTO <\/strong><strong>SUSTENT\u00c1VEL (ODS \u2013 ONU)<\/strong><br \/>\n<span style=\"color: #999999;\"><em>Mangrove Conservation under the Sustainable Developement Goals (SDG &#8211; UN)<\/em><\/span><br \/>\nManoel Mariano Neto e Jana\u00edna Barbosa da Silva <\/span><\/p>\n<p style=\"text-align: justify;\"><span style=\"font-family: arial, helvetica, sans-serif; font-size: 12pt;\"><a href=\"https:\/\/wp.ufpel.edu.br\/cedepem\/files\/2023\/07\/Neto_e_da_Silva.pdf\">PDF<\/a> <\/span><\/p>\n<p style=\"text-align: justify;\"><span style=\"font-family: arial, helvetica, sans-serif; font-size: 12pt;\"><strong>EDUCA\u00c7\u00c3O AMBIENTAL VISTA COMO EDUCA\u00c7\u00c3O POL\u00cdTICA: A IMPORT\u00c2NCIA DA PARTICIPA\u00c7\u00c3O <\/strong><strong>CIDAD\u00c3<\/strong><br \/>\n<span style=\"color: #999999;\"><em>Environmental Education seen as Political Education: the Importance of Citizen Participation<\/em><\/span><br \/>\nEtiene Villela Marroni, Magayo de Mac\u00eado Alves e Gustavo Gordo de Freitas <\/span><\/p>\n<p style=\"text-align: justify;\"><span style=\"font-family: arial, helvetica, sans-serif; font-size: 12pt;\"><a href=\"https:\/\/wp.ufpel.edu.br\/cedepem\/files\/2023\/07\/Marroni_Alves_Freitas.pdf\">PDF<\/a> <\/span><\/p>\n<p style=\"text-align: justify;\"><span style=\"font-family: arial, helvetica, sans-serif; font-size: 12pt;\"><strong>CONTRIBUI\u00c7\u00d5ES DOS \u00cdNDICES DE VEGETA\u00c7\u00c3O AOS ESTUDOS PARA A CONSERVA\u00c7\u00c3O E <\/strong><strong>PRESERVA\u00c7\u00c3O DOS MANGUEZAIS<\/strong><br \/>\n<span style=\"color: #999999;\"><em>Contributions of Vegetation Indices for Studies on Mangrove Conservation and Preservation<\/em><\/span><br \/>\nMarcos Leonardo Ferreira dos Santos e Jana\u00edna Barbosa da Silva <\/span><\/p>\n<p style=\"text-align: justify;\"><span style=\"font-family: arial, helvetica, sans-serif; font-size: 12pt;\"><a href=\"https:\/\/wp.ufpel.edu.br\/cedepem\/files\/2023\/07\/dos_Santos_da_Silva.pdf\">PDF<\/a> <\/span><\/p>\n<p style=\"text-align: justify;\"><span style=\"font-family: arial, helvetica, sans-serif; font-size: 12pt;\"><strong>A GUERRA QUE VEMOS, O CONFLITO QUE NOS OLHA OU COMO ANALISAR UMA GUERRA EM CURSO?<br \/>\n<\/strong> <span style=\"color: #999999;\"><em>The War we See, the Conflict that Looks at us or how to Analyze an Ongoing War?<\/em><\/span><br \/>\nDelmo de Oliveira Torres Arguelhes <\/span><\/p>\n<p style=\"text-align: justify;\"><span style=\"font-family: arial, helvetica, sans-serif; font-size: 12pt;\"><a href=\"https:\/\/wp.ufpel.edu.br\/cedepem\/files\/2023\/07\/Arguelles.pdf\">PDF<\/a> <\/span><\/p>\n<p style=\"text-align: justify;\"><span style=\"font-family: arial, helvetica, sans-serif; font-size: 12pt;\"><strong>GUERRA H\u00cdBRIDA NO AMBIENTE MAR\u00cdTIMO: UMA COMPREENS\u00c3O INICIAL<br \/>\n<\/strong> <span style=\"color: #999999;\"><em>Hybrid war in Marine Environments: an Initial Understanding<\/em><\/span><br \/>\nEduardo Augusto Wieland <\/span><\/p>\n<p style=\"text-align: justify;\"><span style=\"font-family: arial, helvetica, sans-serif; font-size: 12pt;\"><a href=\"https:\/\/wp.ufpel.edu.br\/cedepem\/files\/2023\/07\/Wieland.pdf\">PDF<\/a> <\/span><\/p>\n<p style=\"text-align: justify;\"><span style=\"font-family: arial, helvetica, sans-serif; font-size: 12pt;\"><strong>SUSTENTABILIDADE E DESENVOLVIMENTO NO MAR: CONSIDERA\u00c7\u00d5ES A PARTIR DA GEOPOL\u00cdTICA DO <\/strong><strong>CAPITALISMO<\/strong><br \/>\n<span style=\"color: #999999;\"><em>Sustainability and Development at Sea: Considerations from the Geopolitics of Capitalism<\/em><\/span><br \/>\nAlexandre Rocha Violante <\/span><\/p>\n<p style=\"text-align: justify;\"><span style=\"font-family: arial, helvetica, sans-serif; font-size: 12pt;\"><a href=\"https:\/\/wp.ufpel.edu.br\/cedepem\/files\/2023\/07\/Violante.pdf\">PDF<\/a> <\/span><\/p>\n<p style=\"text-align: justify;\"><span style=\"font-family: arial, helvetica, sans-serif; font-size: 12pt;\"><strong>CONSTRU\u00c7\u00d5ES DAS POL\u00cdTICAS P\u00daBLICAS VOLTADAS \u00c0S ATIVIDADES PESQUEIRAS NO ESPA\u00c7O <\/strong><strong>MARINHO BRASILEIRO (1960-2000): UM BREVE ENSAIO<br \/>\n<\/strong> <span style=\"color: #999999;\"><em>Public Policies Building Towards Fishing Activities in the Brazilian Marine Space (1960-2000): A Brief<\/em> <em>Essay<\/em><\/span><br \/>\nCaio Menezes dos Santos, Ariane Ferreira Porto Rosa e Rog\u00e9rio Royer <\/span><\/p>\n<p style=\"text-align: justify;\"><span style=\"font-family: arial, helvetica, sans-serif; font-size: 12pt;\"><a href=\"https:\/\/wp.ufpel.edu.br\/cedepem\/files\/2023\/07\/Santos_Rosa_Royer.pdf\">PDF<\/a> <\/span><\/p>\n<p style=\"text-align: justify;\"><span style=\"font-family: arial, helvetica, sans-serif; font-size: 12pt;\"><strong>DI\u00c1LOGO SOBRE NACIONALISMO E O PLANEJAMENTO ESPACIAL MARINHO: UM POSS\u00cdVEL CAMINHO <\/strong><strong>ANAL\u00cdTICO?<\/strong><br \/>\n<span style=\"color: #999999;\"><em>Nationalism and Marine Spatial Planning Dialogue: Possible Analytical Path?<\/em><\/span><br \/>\n<em>Carolina Dantas Nogueira<\/em> <\/span><\/p>\n<p style=\"text-align: justify;\"><span style=\"font-family: arial, helvetica, sans-serif; font-size: 12pt;\"><a href=\"https:\/\/wp.ufpel.edu.br\/cedepem\/files\/2023\/07\/Nogueira.pdf\">PDF<\/a> <\/span><\/p>\n<p style=\"text-align: justify;\"><span style=\"font-family: arial, helvetica, sans-serif; font-size: 12pt;\"><strong>LA FILOSOF\u00cdA POL\u00cdTICA LATINOAMERICANA Y EL RESURGIMIENTO DE LA CONCIENCIA CONTINENTAL <\/strong><strong>PALABRAS DE SALUTACI\u00d3N A LA CREACI\u00d3N DEL CENTRO DE ESTUDIOS MARISCAL HORTA BARBOSA <\/strong><strong>(INEST\/NEA\/UFF)<\/strong><br \/>\n<span style=\"color: #999999;\"><em>Latin American Political Philosophy and Continental Consciousness Resurgence &#8211; Greeting Words to the<\/em> <em>Mariscal Horta Barbosa Studies Center Creation (Inest\/NEA\/UFF)<\/em><\/span><br \/>\nRoy Williams <\/span><\/p>\n<p style=\"text-align: justify;\"><span style=\"font-family: arial, helvetica, sans-serif; font-size: 12pt;\"><a href=\"https:\/\/wp.ufpel.edu.br\/cedepem\/files\/2023\/07\/Williams.pdf\">PDF<\/a><\/span><\/p>\n<p style=\"text-align: right;\"><span style=\"font-family: arial, helvetica, sans-serif; font-size: 12pt;\"><br \/>\n<a href=\"https:\/\/wp.ufpel.edu.br\/cedepem\/publicacoes\/revista-cedepem\/\">Voltar<\/a><\/span><\/p>\n","protected":false},"excerpt":{"rendered":"<p>Volume 2 &#8211; N\u00famero 1 DOI: 10.5281\/zenodo.7277431 &nbsp; &nbsp; Expediente PDF A CONSERVA\u00c7\u00c3O DOS MANGUEZAIS PELA \u00d3TICA DOS OBJETIVOS DO DESENVOLVIMENTO SUSTENT\u00c1VEL (ODS \u2013 ONU) Mangrove Conservation&hellip; <span class=\"read-more\"><a class=\"more-link\" href=\"https:\/\/wp.ufpel.edu.br\/cedepem\/volume-2-numero-1-2022\/\" rel=\"bookmark\">Leia Mais <span class=\"screen-reader-text\">&#8220;Volume 2 &#8211; N\u00famero 1 &#8211; 2022&#8221;<\/span><\/a><\/span><\/p>\n","protected":false},"author":1128,"featured_media":0,"parent":0,"menu_order":0,"comment_status":"closed","ping_status":"closed","template":"","meta":{"footnotes":""},"class_list":["post-1305","page","type-page","status-publish","hentry"],"_links":{"self":[{"href":"https:\/\/wp.ufpel.edu.br\/cedepem\/wp-json\/wp\/v2\/pages\/1305","targetHints":{"allow":["GET"]}}],"collection":[{"href":"https:\/\/wp.ufpel.edu.br\/cedepem\/wp-json\/wp\/v2\/pages"}],"about":[{"href":"https:\/\/wp.ufpel.edu.br\/cedepem\/wp-json\/wp\/v2\/types\/page"}],"author":[{"embeddable":true,"href":"https:\/\/wp.ufpel.edu.br\/cedepem\/wp-json\/wp\/v2\/users\/1128"}],"replies":[{"embeddable":true,"href":"https:\/\/wp.ufpel.edu.br\/cedepem\/wp-json\/wp\/v2\/comments?post=1305"}],"version-history":[{"count":9,"href":"https:\/\/wp.ufpel.edu.br\/cedepem\/wp-json\/wp\/v2\/pages\/1305\/revisions"}],"predecessor-version":[{"id":1442,"href":"https:\/\/wp.ufpel.edu.br\/cedepem\/wp-json\/wp\/v2\/pages\/1305\/revisions\/1442"}],"wp:attachment":[{"href":"https:\/\/wp.ufpel.edu.br\/cedepem\/wp-json\/wp\/v2\/media?parent=1305"}],"curies":[{"name":"wp","href":"https:\/\/api.w.org\/{rel}","templated":true}]}}