{"id":597,"date":"2019-09-02T18:04:50","date_gmt":"2019-09-02T21:04:50","guid":{"rendered":"https:\/\/wp.ufpel.edu.br\/cec\/?page_id=597"},"modified":"2019-09-03T09:27:57","modified_gmt":"2019-09-03T12:27:57","slug":"monitoria","status":"publish","type":"page","link":"https:\/\/wp.ufpel.edu.br\/cec\/monitoria\/","title":{"rendered":"Monitoria"},"content":{"rendered":"<p style=\"text-align: justify\">O Programa de Monitoria da UFPEL objetiva proporcionar a\u00e7\u00f5es cont\u00ednuas e efetivas que contribuam no combate \u00e0 reprova\u00e7\u00e3o, \u00e0 reten\u00e7\u00e3o e \u00e0 evas\u00e3o nos cursos de gradua\u00e7\u00e3o da UFPEL, mediante atua\u00e7\u00e3o direta do monitor no apoio ao desenvolvimento dos componentes curriculares, subdividindo-se em duas modalidades:<br \/>\n<em>&#8211; <span style=\"color: #0000ff\"><a style=\"color: #0000ff\" href=\"https:\/\/wp.ufpel.edu.br\/cec\/monitoria\/monitoria-voluntaria\/\">monitoria volunt\u00e1ria (sem bolsa)<\/a><\/span><\/em><br \/>\n<em>&#8211; <span style=\"color: #0000ff\"><a style=\"color: #0000ff\" href=\"https:\/\/wp.ufpel.edu.br\/cec\/monitoria\/bolsas\/\">monitoria remunerada por bolsa<\/a><\/span><\/em><\/p>\n<p style=\"text-align: justify\">O atual Programa de Monitoria da UFPEL foi regulamentado atrav\u00e9s da <strong><span style=\"color: #0000ff\"><a style=\"color: #0000ff\" href=\"https:\/\/wp.ufpel.edu.br\/scs\/files\/2018\/10\/SEI_UFPel-0312781-Resolu%C3%A7%C3%A3o-32.2018.pdf\">Resolu\u00e7\u00e3o n\u00ba 32, de 11 de outubro de 2018<\/a><\/span><\/strong>, do COCEPE, cabendo \u00e0 Pr\u00f3-Reitoria de Ensino estabelecer diretrizes complementares com o prop\u00f3sito de garantir o seu pleno funcionamento na Institui\u00e7\u00e3o.<\/p>\n","protected":false},"excerpt":{"rendered":"<p>O Programa de Monitoria da UFPEL objetiva proporcionar a\u00e7\u00f5es cont\u00ednuas e efetivas que contribuam no combate \u00e0 reprova\u00e7\u00e3o, \u00e0 reten\u00e7\u00e3o e \u00e0 evas\u00e3o nos cursos de gradua\u00e7\u00e3o da UFPEL, mediante atua\u00e7\u00e3o direta do monitor no apoio ao desenvolvimento dos componentes curriculares, subdividindo-se em duas modalidades: &#8211; monitoria volunt\u00e1ria (sem bolsa) &#8211; monitoria remunerada por bolsa [&hellip;]<\/p>\n","protected":false},"author":252,"featured_media":0,"parent":0,"menu_order":0,"comment_status":"closed","ping_status":"closed","template":"","meta":{"footnotes":""},"class_list":["post-597","page","type-page","status-publish","hentry"],"_links":{"self":[{"href":"https:\/\/wp.ufpel.edu.br\/cec\/wp-json\/wp\/v2\/pages\/597","targetHints":{"allow":["GET"]}}],"collection":[{"href":"https:\/\/wp.ufpel.edu.br\/cec\/wp-json\/wp\/v2\/pages"}],"about":[{"href":"https:\/\/wp.ufpel.edu.br\/cec\/wp-json\/wp\/v2\/types\/page"}],"author":[{"embeddable":true,"href":"https:\/\/wp.ufpel.edu.br\/cec\/wp-json\/wp\/v2\/users\/252"}],"replies":[{"embeddable":true,"href":"https:\/\/wp.ufpel.edu.br\/cec\/wp-json\/wp\/v2\/comments?post=597"}],"version-history":[{"count":7,"href":"https:\/\/wp.ufpel.edu.br\/cec\/wp-json\/wp\/v2\/pages\/597\/revisions"}],"predecessor-version":[{"id":656,"href":"https:\/\/wp.ufpel.edu.br\/cec\/wp-json\/wp\/v2\/pages\/597\/revisions\/656"}],"wp:attachment":[{"href":"https:\/\/wp.ufpel.edu.br\/cec\/wp-json\/wp\/v2\/media?parent=597"}],"curies":[{"name":"wp","href":"https:\/\/api.w.org\/{rel}","templated":true}]}}