{"id":550,"date":"2019-08-19T15:22:54","date_gmt":"2019-08-19T18:22:54","guid":{"rendered":"https:\/\/wp.ufpel.edu.br\/cec\/?page_id=550"},"modified":"2026-03-27T11:03:14","modified_gmt":"2026-03-27T14:03:14","slug":"diretrizes","status":"publish","type":"page","link":"https:\/\/wp.ufpel.edu.br\/cec\/projeto-pedagogico-2\/diretrizes\/","title":{"rendered":"Diretrizes Elabora\u00e7\u00e3o PPC"},"content":{"rendered":"<p style=\"text-align: center;\"><strong>Diretrizes para Elabora\u00e7\u00e3o do Projeto Pedag\u00f3gico de Curso (PPC) UFPel<\/strong><\/p>\n<p>\u00daltimas atualiza\u00e7\u00f5es do documento:<\/p>\n<p><a href=\"https:\/\/wp.ufpel.edu.br\/cec\/files\/2026\/03\/DIRETRIZES_ELABORACAO_PPC_GRADUACAO_UFPEL_atualizacao_2026.docx\">Diretrizes para elabora\u00e7\u00e3o do PPC<\/a>\u00a0(<span style=\"font-size: 8pt;\">edit\u00e1vel &#8211; publicado em 27\/03\/2026<\/span>)<\/p>\n<p><a href=\"https:\/\/wp.ufpel.edu.br\/cec\/files\/2026\/03\/DIRETRIZES_ELABORACAO_PPC_GRADUACAO_UFPEL_atualizacao_2026.pdf\">Diretrizes para elabora\u00e7\u00e3o do PPC<\/a>\u00a0(<span style=\"font-size: 8pt;\">PDF &#8211; publicado em 27\/03\/2026<\/span>)<\/p>\n<p><a href=\"https:\/\/wp.ufpel.edu.br\/cec\/files\/2025\/09\/Anexo-VI.xlsx\">Fluxograma do Curso\u00a0(<span style=\"font-size: 8pt;\">edit\u00e1vel &#8211; Microsoft Excel ou LibreOffice Calc &#8211; publicado em 15\/09\/2025<\/span>)<\/a><\/p>\n<p>Material de apoio para disciplinas EaD:<\/p>\n<blockquote class=\"wp-embedded-content\" data-secret=\"K4vfCaFBH6\"><p><a href=\"https:\/\/wp.ufpel.edu.br\/cpted\/kit-docente\/\">Kit Docente<\/a><\/p><\/blockquote>\n<p><iframe class=\"wp-embedded-content\" sandbox=\"allow-scripts\" security=\"restricted\" style=\"position: absolute; visibility: hidden;\" title=\"&#8220;Kit Docente&#8221; &#8212; Coordena\u00e7\u00e3o de Pol\u00edticas e Tecnologias para EAD\" src=\"https:\/\/wp.ufpel.edu.br\/cpted\/kit-docente\/embed\/#?secret=8xyWooEAT7#?secret=K4vfCaFBH6\" data-secret=\"K4vfCaFBH6\" width=\"500\" height=\"282\" frameborder=\"0\" marginwidth=\"0\" marginheight=\"0\" scrolling=\"no\"><\/iframe><\/p>\n<p>&nbsp;<\/p>\n<p>&nbsp;<\/p>\n<p>&nbsp;<\/p>\n","protected":false},"excerpt":{"rendered":"<p>Diretrizes para Elabora\u00e7\u00e3o do Projeto Pedag\u00f3gico de Curso (PPC) UFPel \u00daltimas atualiza\u00e7\u00f5es do documento: Diretrizes para elabora\u00e7\u00e3o do PPC\u00a0(edit\u00e1vel &#8211; publicado em 27\/03\/2026) Diretrizes para elabora\u00e7\u00e3o do PPC\u00a0(PDF &#8211; publicado em 27\/03\/2026) Fluxograma do Curso\u00a0(edit\u00e1vel &#8211; Microsoft Excel ou LibreOffice Calc &#8211; publicado em 15\/09\/2025) Material de apoio para disciplinas EaD: Kit Docente &nbsp; &nbsp; [&hellip;]<\/p>\n","protected":false},"author":252,"featured_media":0,"parent":468,"menu_order":0,"comment_status":"closed","ping_status":"closed","template":"","meta":{"footnotes":""},"class_list":["post-550","page","type-page","status-publish","hentry"],"_links":{"self":[{"href":"https:\/\/wp.ufpel.edu.br\/cec\/wp-json\/wp\/v2\/pages\/550","targetHints":{"allow":["GET"]}}],"collection":[{"href":"https:\/\/wp.ufpel.edu.br\/cec\/wp-json\/wp\/v2\/pages"}],"about":[{"href":"https:\/\/wp.ufpel.edu.br\/cec\/wp-json\/wp\/v2\/types\/page"}],"author":[{"embeddable":true,"href":"https:\/\/wp.ufpel.edu.br\/cec\/wp-json\/wp\/v2\/users\/252"}],"replies":[{"embeddable":true,"href":"https:\/\/wp.ufpel.edu.br\/cec\/wp-json\/wp\/v2\/comments?post=550"}],"version-history":[{"count":4,"href":"https:\/\/wp.ufpel.edu.br\/cec\/wp-json\/wp\/v2\/pages\/550\/revisions"}],"predecessor-version":[{"id":1368,"href":"https:\/\/wp.ufpel.edu.br\/cec\/wp-json\/wp\/v2\/pages\/550\/revisions\/1368"}],"up":[{"embeddable":true,"href":"https:\/\/wp.ufpel.edu.br\/cec\/wp-json\/wp\/v2\/pages\/468"}],"wp:attachment":[{"href":"https:\/\/wp.ufpel.edu.br\/cec\/wp-json\/wp\/v2\/media?parent=550"}],"curies":[{"name":"wp","href":"https:\/\/api.w.org\/{rel}","templated":true}]}}