{"id":65,"date":"2011-10-26T13:18:48","date_gmt":"2011-10-26T16:18:48","guid":{"rendered":"https:\/\/wp.ufpel.edu.br\/cea\/"},"modified":"2022-09-15T09:55:26","modified_gmt":"2022-09-15T12:55:26","slug":"contato","status":"publish","type":"page","link":"https:\/\/wp.ufpel.edu.br\/cea\/contato\/","title":{"rendered":"Contato"},"content":{"rendered":"<p style=\"text-align: center;\"><strong><br \/>\nUniversidade Federal de Pelotas<br \/>\nCentro de Engenharias<br \/>\nCurso de Engenharia Agr\u00edcola<br \/>\nColegiado do Curso de Engenharia Agr\u00edcola<\/strong><\/p>\n<p style=\"text-align: center;\"><strong>E-mail:<\/strong> ccea.ufpel@gmail.com<br \/>\n<strong>Telefone:<\/strong> (53) 3284-1694<br \/>\n<strong>Endere\u00e7o:<\/strong> Rua Benjamin Constant, 989, esquina com a pra\u00e7a Domingos Rodrigues, Sala 309A<br \/>\nCampus COTADA\u00a0&#8211; Porto, Pelotas &#8211; RS<\/p>\n<p style=\"text-align: center;\"><strong>Atendimento Colegiado:<\/strong> <span style=\"color: #000000;\">de segunda-feira a sexta-feira das 08:00 \u00e0s 20:00 horas<\/span><\/p>\n<p style=\"text-align: center;\"><strong>&#8212;&#8212;&#8212;&#8212;&#8212;&#8212;&#8212;&#8212;&#8212;&#8212;&#8212;&#8212;&#8212;&#8212;&#8212;&#8212;&#8212;&#8212;&#8212;&#8212;&#8212;&#8212;&#8212;&#8212;&#8212;&#8212;&#8212;&#8212;&#8212;&#8212;&#8212;&#8212;&#8212;&#8212;&#8212;&#8212;&#8212;&#8212;&#8212;&#8212;&#8212;&#8211;<\/strong>&lt;%<\/p>\n","protected":false},"excerpt":{"rendered":"<p>Universidade Federal de Pelotas Centro de Engenharias Curso de Engenharia Agr\u00edcola Colegiado do Curso de Engenharia Agr\u00edcola E-mail: ccea.ufpel@gmail.com Telefone: (53) 3284-1694 Endere\u00e7o: Rua Benjamin Constant, 989, esquina com a pra\u00e7a Domingos Rodrigues, Sala 309A Campus COTADA\u00a0&#8211; Porto, Pelotas &#8211; RS Atendimento Colegiado: de segunda-feira a sexta-feira das 08:00 \u00e0s 20:00 horas &#8212;&#8212;&#8212;&#8212;&#8212;&#8212;&#8212;&#8212;&#8212;&#8212;&#8212;&#8212;&#8212;&#8212;&#8212;&#8212;&#8212;&#8212;&#8212;&#8212;&#8212;&#8212;&#8212;&#8212;&#8212;&#8212;&#8212;&#8212;&#8212;&#8212;&#8212;&#8212;&#8212;&#8212;&#8212;&#8212;&#8212;&#8212;&#8212;&#8212;&#8212;&#8211;&lt;%<\/p>\n","protected":false},"author":123,"featured_media":0,"parent":0,"menu_order":15,"comment_status":"closed","ping_status":"closed","template":"","meta":{"footnotes":""},"class_list":["post-65","page","type-page","status-publish","hentry"],"_links":{"self":[{"href":"https:\/\/wp.ufpel.edu.br\/cea\/wp-json\/wp\/v2\/pages\/65","targetHints":{"allow":["GET"]}}],"collection":[{"href":"https:\/\/wp.ufpel.edu.br\/cea\/wp-json\/wp\/v2\/pages"}],"about":[{"href":"https:\/\/wp.ufpel.edu.br\/cea\/wp-json\/wp\/v2\/types\/page"}],"author":[{"embeddable":true,"href":"https:\/\/wp.ufpel.edu.br\/cea\/wp-json\/wp\/v2\/users\/123"}],"replies":[{"embeddable":true,"href":"https:\/\/wp.ufpel.edu.br\/cea\/wp-json\/wp\/v2\/comments?post=65"}],"version-history":[{"count":147,"href":"https:\/\/wp.ufpel.edu.br\/cea\/wp-json\/wp\/v2\/pages\/65\/revisions"}],"predecessor-version":[{"id":6460,"href":"https:\/\/wp.ufpel.edu.br\/cea\/wp-json\/wp\/v2\/pages\/65\/revisions\/6460"}],"wp:attachment":[{"href":"https:\/\/wp.ufpel.edu.br\/cea\/wp-json\/wp\/v2\/media?parent=65"}],"curies":[{"name":"wp","href":"https:\/\/api.w.org\/{rel}","templated":true}]}}