{"id":186,"date":"2011-09-26T10:30:20","date_gmt":"2011-09-26T13:30:20","guid":{"rendered":"https:\/\/wp.ufpel.edu.br\/cea\/"},"modified":"2019-01-22T10:26:21","modified_gmt":"2019-01-22T12:26:21","slug":"eas","status":"publish","type":"page","link":"https:\/\/wp.ufpel.edu.br\/cea\/curso\/areas\/eas\/","title":{"rendered":"Engenharia de \u00c1gua e Solos"},"content":{"rendered":"<p style=\"text-align: justify\">Na \u00e1rea de Engenharia de \u00c1gua e Solos est\u00e3o contempladas especificamente<br \/>\nas disciplinas que participam da forma\u00e7\u00e3o cient\u00edfica e tecnol\u00f3gica dos acad\u00eamicos em<br \/>\nrela\u00e7\u00e3o aos elementos solo e \u00e1gua. Portanto, para que seja poss\u00edvel compreender<br \/>\ncient\u00edfica e tecnologicamente esses elementos \u00e9 necess\u00e1rio um embasamento te\u00f3ricopr\u00e1tico encontrado nas disciplinas no N\u00facleo de Forma\u00e7\u00e3o B\u00e1sica Espec\u00edfica<br \/>\n(Matem\u00e1tica, F\u00edsica, Desenho, Biologia). Assim, as disciplinas de Fundamentos de<br \/>\nCultivos Agr\u00edcolas e Rela\u00e7\u00e3o Solo-\u00c1gua-Planta qualificam o aluno para a an\u00e1lise das<br \/>\nnecessidades h\u00eddricas para determinado est\u00e1dio de desenvolvimento da cultura,<br \/>\nenquanto que no n\u00facleo de forma\u00e7\u00e3o espec\u00edfica encontram-se os sistemas de<br \/>\nirriga\u00e7\u00e3o e drenagem que estabelecem o quanto e quando irrigar e drenar,<br \/>\nassegurando ao solo condi\u00e7\u00f5es prop\u00edcias para o pleno desenvolvimento das culturas.<br \/>\nA consist\u00eancia verificada entre as disciplinas Hidrologia, Hidr\u00e1ulica, Mec\u00e2nica dos<br \/>\nSolos, Irriga\u00e7\u00e3o, Drenagem e Obras em Terra possibilita a transdisciplinaridade dos<br \/>\nconhecimentos te\u00f3rico-pr\u00e1ticos, tanto cient\u00edficos quanto tecnol\u00f3gicos, que inclusive<br \/>\nperpassam outras \u00e1reas do curso, como por exemplo, a \u00c1rea de Constru\u00e7\u00f5es Rurais,<br \/>\nque fornece subs\u00eddios para o planejamento e o dimensionamento de estruturas<br \/>\nhidr\u00e1ulicas.<\/p>\n","protected":false},"excerpt":{"rendered":"<p>Na \u00e1rea de Engenharia de \u00c1gua e Solos est\u00e3o contempladas especificamente as disciplinas que participam da forma\u00e7\u00e3o cient\u00edfica e tecnol\u00f3gica dos acad\u00eamicos em rela\u00e7\u00e3o aos elementos solo e \u00e1gua. Portanto, para que seja poss\u00edvel compreender cient\u00edfica e tecnologicamente esses elementos \u00e9 necess\u00e1rio um embasamento te\u00f3ricopr\u00e1tico encontrado nas disciplinas no N\u00facleo de Forma\u00e7\u00e3o B\u00e1sica Espec\u00edfica (Matem\u00e1tica, [&hellip;]<\/p>\n","protected":false},"author":123,"featured_media":0,"parent":175,"menu_order":3,"comment_status":"closed","ping_status":"closed","template":"","meta":{"footnotes":""},"class_list":["post-186","page","type-page","status-publish","hentry"],"_links":{"self":[{"href":"https:\/\/wp.ufpel.edu.br\/cea\/wp-json\/wp\/v2\/pages\/186","targetHints":{"allow":["GET"]}}],"collection":[{"href":"https:\/\/wp.ufpel.edu.br\/cea\/wp-json\/wp\/v2\/pages"}],"about":[{"href":"https:\/\/wp.ufpel.edu.br\/cea\/wp-json\/wp\/v2\/types\/page"}],"author":[{"embeddable":true,"href":"https:\/\/wp.ufpel.edu.br\/cea\/wp-json\/wp\/v2\/users\/123"}],"replies":[{"embeddable":true,"href":"https:\/\/wp.ufpel.edu.br\/cea\/wp-json\/wp\/v2\/comments?post=186"}],"version-history":[{"count":59,"href":"https:\/\/wp.ufpel.edu.br\/cea\/wp-json\/wp\/v2\/pages\/186\/revisions"}],"predecessor-version":[{"id":5268,"href":"https:\/\/wp.ufpel.edu.br\/cea\/wp-json\/wp\/v2\/pages\/186\/revisions\/5268"}],"up":[{"embeddable":true,"href":"https:\/\/wp.ufpel.edu.br\/cea\/wp-json\/wp\/v2\/pages\/175"}],"wp:attachment":[{"href":"https:\/\/wp.ufpel.edu.br\/cea\/wp-json\/wp\/v2\/media?parent=186"}],"curies":[{"name":"wp","href":"https:\/\/api.w.org\/{rel}","templated":true}]}}