{"id":132,"date":"2011-09-01T10:05:36","date_gmt":"2011-09-01T13:05:36","guid":{"rendered":"https:\/\/wp.ufpel.edu.br\/cea\/"},"modified":"2016-09-16T17:51:02","modified_gmt":"2016-09-16T20:51:02","slug":"inicio","status":"publish","type":"page","link":"https:\/\/wp.ufpel.edu.br\/cea\/inicio\/","title":{"rendered":"Informa\u00e7\u00f5es"},"content":{"rendered":"<p>SOLICITA\u00c7\u00c3O DE DOCUMENTO JUNTO AO COLEGIADO DO CURSO ENGENHARIA AGR\u00cdCOLA<\/p>\n<p>Toda e qualquer solicita\u00e7\u00e3o de documento junto ao colegiado, ter\u00e1 o prazo de at\u00e9<strong> 72 horas<\/strong> para ser atendida.<\/p>\n<p>&nbsp;<\/p>\n<p><strong>ATEN\u00c7\u00c3O:<\/strong><\/p>\n<p><span style=\"color: #0066ff\"><span style=\"color: #3366ff\">Alunos que realizaram ou pretendem realizar Est\u00e1gio Obrigat\u00f3rio neste semestre 2013\/2, devem solicitar matr\u00edcula na disciplina de Atividade de Est\u00e1gio (0660001), na solicita\u00e7\u00e3o de matr\u00edcula online. Aqueles que j\u00e1 se matricularam em outro semestre n\u00e3o devem realizar novamente matr\u00edcula na disciplina de Est\u00e1gio.<\/span><\/span><\/p>\n<h4 style=\"text-align: center\"><\/h4>\n<h4 style=\"text-align: center\"><\/h4>\n<p>&nbsp;<\/p>\n<p>&nbsp;<\/p>\n<h4 style=\"text-align: center\"><\/h4>\n<p style=\"text-align: center\"><strong>\u2014\u2014\u2014\u2014\u2014\u2014\u2014\u2014\u2014\u2014\u2014\u2014\u2014\u2014\u2014\u2014\u2014\u2014\u2014\u2014\u2014\u2014\u2014\u2014\u2014\u2014\u2014\u2014\u2014\u2014\u2014\u2014\u2014\u2014\u2014\u2014\u2014\u2014\u2014\u2014\u2014\u2013<\/strong><\/p>\n<p style=\"text-align: center\"><strong><br \/>\n<\/strong><\/p>\n<p>A Engenharia Agr\u00edcola \u00e9 o elo entre dois importantes campos da Ci\u00eancia: a Engenharia e a Agricultura.<\/p>\n<p>Fundamentando-se em conhecimentos de Ci\u00eancias Exatas e Tecnol\u00f3gicas e complementando-se com informa\u00e7\u00f5es de Ci\u00eancias Agr\u00e1rias, a Engenharia Agr\u00edcola busca a solu\u00e7\u00e3o de problemas relativos ao desenvolvimento ou adapta\u00e7\u00e3o dos meios necess\u00e1rios ao aumento de efici\u00eancia de empreendimentos agr\u00edcolas.<\/p>\n<p>Este ramo da Engenharia existe h\u00e1 quase um s\u00e9culo na Europa e nos Estados Unidos. No Brasil o primeiro curso de gradua\u00e7\u00e3o foi criado em 1972, na Universidade Federal de Pelotas e vem-se destacando cada vez mais no cen\u00e1rio agr\u00edcola nacional.<\/p>\n","protected":false},"excerpt":{"rendered":"<p>SOLICITA\u00c7\u00c3O DE DOCUMENTO JUNTO AO COLEGIADO DO CURSO ENGENHARIA AGR\u00cdCOLA Toda e qualquer solicita\u00e7\u00e3o de documento junto ao colegiado, ter\u00e1 o prazo de at\u00e9 72 horas para ser atendida. &nbsp; ATEN\u00c7\u00c3O: Alunos que realizaram ou pretendem realizar Est\u00e1gio Obrigat\u00f3rio neste semestre 2013\/2, devem solicitar matr\u00edcula na disciplina de Atividade de Est\u00e1gio (0660001), na solicita\u00e7\u00e3o de [&hellip;]<\/p>\n","protected":false},"author":123,"featured_media":962,"parent":0,"menu_order":4,"comment_status":"closed","ping_status":"closed","template":"","meta":{"footnotes":""},"class_list":["post-132","page","type-page","status-publish","has-post-thumbnail","hentry"],"_links":{"self":[{"href":"https:\/\/wp.ufpel.edu.br\/cea\/wp-json\/wp\/v2\/pages\/132","targetHints":{"allow":["GET"]}}],"collection":[{"href":"https:\/\/wp.ufpel.edu.br\/cea\/wp-json\/wp\/v2\/pages"}],"about":[{"href":"https:\/\/wp.ufpel.edu.br\/cea\/wp-json\/wp\/v2\/types\/page"}],"author":[{"embeddable":true,"href":"https:\/\/wp.ufpel.edu.br\/cea\/wp-json\/wp\/v2\/users\/123"}],"replies":[{"embeddable":true,"href":"https:\/\/wp.ufpel.edu.br\/cea\/wp-json\/wp\/v2\/comments?post=132"}],"version-history":[{"count":228,"href":"https:\/\/wp.ufpel.edu.br\/cea\/wp-json\/wp\/v2\/pages\/132\/revisions"}],"predecessor-version":[{"id":4048,"href":"https:\/\/wp.ufpel.edu.br\/cea\/wp-json\/wp\/v2\/pages\/132\/revisions\/4048"}],"wp:featuredmedia":[{"embeddable":true,"href":"https:\/\/wp.ufpel.edu.br\/cea\/wp-json\/wp\/v2\/media\/962"}],"wp:attachment":[{"href":"https:\/\/wp.ufpel.edu.br\/cea\/wp-json\/wp\/v2\/media?parent=132"}],"curies":[{"name":"wp","href":"https:\/\/api.w.org\/{rel}","templated":true}]}}