{"id":33,"date":"2016-03-10T09:26:22","date_gmt":"2016-03-10T12:26:22","guid":{"rendered":"https:\/\/wp.ufpel.edu.br\/cdshikida\/?page_id=33"},"modified":"2016-06-16T12:49:23","modified_gmt":"2016-06-16T15:49:23","slug":"microeconomia-iii","status":"publish","type":"page","link":"https:\/\/wp.ufpel.edu.br\/cdshikida\/graduacao\/microeconomia-iii\/","title":{"rendered":"Microeconomia III"},"content":{"rendered":"<p>Ementa da disciplina? <a href=\"https:\/\/wp.ufpel.edu.br\/cdshikida\/files\/2016\/03\/plano_microeconomiaIII.pdf\" target=\"_blank\" rel=\"\">Aqui.<\/a><\/p>\n<p>Apostila de exerc\u00edcios?\u00a0<a href=\"https:\/\/wp.ufpel.edu.br\/cdshikida\/files\/2016\/03\/APOSTILA_2016i.pdf\" rel=\"\">Aqui<\/a>. (<strong>corre\u00e7\u00e3o em 20\/04\/2016, vers\u00e3o e.1)<\/strong><\/p>\n<p>Notas esparsas sobre jogos sequencias de informa\u00e7\u00e3o completa? <a href=\"https:\/\/wp.ufpel.edu.br\/cdshikida\/files\/2016\/03\/notasesparsas.pdf\" target=\"_blank\">Aqui<\/a>. <strong>(ampliada em 20\/04\/2016)<\/strong><\/p>\n<p><a href=\"https:\/\/wp.ufpel.edu.br\/cdshikida\/files\/2016\/04\/Lista-de-Exerc\u00edcios-para-complementar-seu-estudo-para-a-prova.pdf\" target=\"_blank\">Lista auxiliar para seu estudo<\/a><\/p>\n<p><strong><a href=\"https:\/\/wp.ufpel.edu.br\/cdshikida\/files\/2016\/06\/An\u00e1lise-de-Estrat\u00e9gia-de-Precifica\u00e7\u00e3o-em-Monop\u00f3lios-e-Duop\u00f3lios.pdf\" target=\"_blank\">Tarefa a ser entregue na aula do dia 15\/06<\/a><\/strong>.<\/p>\n<p><a href=\"https:\/\/wp.ufpel.edu.br\/cdshikida\/files\/2016\/06\/gabarito_microiii.pdf\" target=\"_blank\">Gabarito \u00e0 moda antiga dos exerc\u00edcios de monop\u00f3lio e duop\u00f3lio<\/a><\/p>\n","protected":false},"excerpt":{"rendered":"<p>Ementa da disciplina? Aqui. Apostila de exerc\u00edcios?\u00a0Aqui. (corre\u00e7\u00e3o em 20\/04\/2016, vers\u00e3o e.1) Notas esparsas sobre jogos sequencias de informa\u00e7\u00e3o completa? Aqui. (ampliada em 20\/04\/2016) Lista auxiliar para seu estudo Tarefa a ser entregue na aula do dia 15\/06. Gabarito \u00e0 moda antiga dos exerc\u00edcios de monop\u00f3lio e duop\u00f3lio<\/p>\n","protected":false},"author":612,"featured_media":0,"parent":2,"menu_order":0,"comment_status":"closed","ping_status":"closed","template":"","meta":{"footnotes":""},"class_list":["post-33","page","type-page","status-publish","hentry","nodate","item-wrap"],"_links":{"self":[{"href":"https:\/\/wp.ufpel.edu.br\/cdshikida\/wp-json\/wp\/v2\/pages\/33","targetHints":{"allow":["GET"]}}],"collection":[{"href":"https:\/\/wp.ufpel.edu.br\/cdshikida\/wp-json\/wp\/v2\/pages"}],"about":[{"href":"https:\/\/wp.ufpel.edu.br\/cdshikida\/wp-json\/wp\/v2\/types\/page"}],"author":[{"embeddable":true,"href":"https:\/\/wp.ufpel.edu.br\/cdshikida\/wp-json\/wp\/v2\/users\/612"}],"replies":[{"embeddable":true,"href":"https:\/\/wp.ufpel.edu.br\/cdshikida\/wp-json\/wp\/v2\/comments?post=33"}],"version-history":[{"count":14,"href":"https:\/\/wp.ufpel.edu.br\/cdshikida\/wp-json\/wp\/v2\/pages\/33\/revisions"}],"predecessor-version":[{"id":174,"href":"https:\/\/wp.ufpel.edu.br\/cdshikida\/wp-json\/wp\/v2\/pages\/33\/revisions\/174"}],"up":[{"embeddable":true,"href":"https:\/\/wp.ufpel.edu.br\/cdshikida\/wp-json\/wp\/v2\/pages\/2"}],"wp:attachment":[{"href":"https:\/\/wp.ufpel.edu.br\/cdshikida\/wp-json\/wp\/v2\/media?parent=33"}],"curies":[{"name":"wp","href":"https:\/\/api.w.org\/{rel}","templated":true}]}}