{"id":283,"date":"2018-03-25T13:53:04","date_gmt":"2018-03-25T16:53:04","guid":{"rendered":"https:\/\/wp.ufpel.edu.br\/cdshikida\/?page_id=283"},"modified":"2018-06-21T15:05:09","modified_gmt":"2018-06-21T18:05:09","slug":"matematica-ii","status":"publish","type":"page","link":"https:\/\/wp.ufpel.edu.br\/cdshikida\/pos-graduacao\/matematica-ii\/","title":{"rendered":"Matem\u00e1tica II"},"content":{"rendered":"<p>Este curso \u00e9, em grande parte, ministrado pelo prof. Rodrigo Fernandez (veja <a href=\"http:\/\/www.rodrigofernandez.com.br\/mat2\/\" target=\"_blank\" rel=\"noopener\">aqui<\/a>). Minha parte encontra-se <a href=\"https:\/\/wp.ufpel.edu.br\/cdshikida\/files\/2018\/04\/Matem\u00e1tica-II.pdf\" target=\"_blank\" rel=\"noopener\">aqui<\/a> <strong>(atualizado com plano de aula)<\/strong>.<\/p>\n<p><em>Parte 1 &#8211; Equa\u00e7\u00f5es em Diferen\u00e7as Finitas<\/em><\/p>\n<p>Lista 1 &#8211; Enders, 4a ed., cap.1, <em>Questions and exercises<\/em>, n.1, 2, 3, 4.<\/p>\n<p>Lista 2 &#8211; Enders, 4a ed., cap1, <em>Questions and exercises<\/em>, n.5 (fa\u00e7a o exerc\u00edcio na planilha para se certificar de que entende o que acontece com as trajet\u00f3rias), 8, 9, 12 (apenas itens &#8220;a&#8221;, &#8220;b&#8221;).<\/p>\n<p>Lista 3 &#8211; Shone, cap.5 &#8211; N\u00e3o h\u00e1 bons exerc\u00edcios (muita \u00eanfase em planilhas, etc), mas vale a leitura de 5.1 a 5.9, ignorando os detalhes relativos aos programas de computador. O exemplo 5.17 \u00e9 interessante para uma contextualiza\u00e7\u00e3o econ\u00f4mica dos sistemas de equa\u00e7\u00f5es em diferen\u00e7as finitas. Al\u00e9m disso, pode-se notar que o \u00faltimo exemplo visto \u00e9 o da se\u00e7\u00e3o 7.8 (cap.7, portanto), tamb\u00e9m dispon\u00edvel <a href=\"https:\/\/academic.oup.com\/restud\/article-abstract\/48\/3\/459\/1544754?redirectedFrom=fulltext\" target=\"_blank\" rel=\"noopener\">aqui<\/a>.<\/p>\n<p><em>Parte 2 &#8211; Equa\u00e7\u00f5es Diferenciais<\/em><\/p>\n<p>Lista 1 &#8211; Sugest\u00e3o de Exerc\u00edcios (como h\u00e1 uma grande variedade de livros&#8230;) &#8211; Por exemplo, os exerc\u00edcios de Chiang &amp; Wainwright e reproduza o modelo de Friedman (monetarismo) exposto em Simonsen e Cysne.<\/p>\n<p>Lista 2 &#8211; A partir do ap\u00eandice e dos exerc\u00edcios que se seguem neste <a href=\"http:\/\/www.fgv.br\/professor\/fholanda\/Arquivo\/Macroeconomia.pdf\" target=\"_blank\" rel=\"noopener\">excelente material<\/a>, resolva, por exemplo, os exerc\u00edcios 6, 7, 9.<\/p>\n<p>Lista 3 &#8211; O in\u00edcio do cap.9 do livro de Fernando Holanda Barbosa apresenta o modelo Mundell-Fleming-Dornbusch de c\u00e2mbio fixo. Siga a deriva\u00e7\u00e3o do mesmo (refa\u00e7a-a) e verifique os resultados da se\u00e7\u00e3o. O objetivo \u00e9 pensar em como encontrar um modelo para an\u00e1lise que nem sempre \u00e9 especificado no in\u00edcio da exposi\u00e7\u00e3o (tal como vimos no modelo do monetarismo).<\/p>\n","protected":false},"excerpt":{"rendered":"<p>Este curso \u00e9, em grande parte, ministrado pelo prof. Rodrigo Fernandez (veja aqui). Minha parte encontra-se aqui (atualizado com plano de aula). Parte 1 &#8211; Equa\u00e7\u00f5es em Diferen\u00e7as Finitas Lista 1 &#8211; Enders, 4a ed., cap.1, Questions and exercises, n.1, 2, 3, 4. Lista 2 &#8211; Enders, 4a ed., cap1, Questions and exercises, n.5 (fa\u00e7a &hellip; <\/p>\n<p><a class=\"more-link btn\" href=\"https:\/\/wp.ufpel.edu.br\/cdshikida\/pos-graduacao\/matematica-ii\/\">Continue lendo<\/a><\/p>\n","protected":false},"author":612,"featured_media":0,"parent":11,"menu_order":0,"comment_status":"closed","ping_status":"closed","template":"","meta":{"footnotes":""},"class_list":["post-283","page","type-page","status-publish","hentry","nodate","item-wrap"],"_links":{"self":[{"href":"https:\/\/wp.ufpel.edu.br\/cdshikida\/wp-json\/wp\/v2\/pages\/283","targetHints":{"allow":["GET"]}}],"collection":[{"href":"https:\/\/wp.ufpel.edu.br\/cdshikida\/wp-json\/wp\/v2\/pages"}],"about":[{"href":"https:\/\/wp.ufpel.edu.br\/cdshikida\/wp-json\/wp\/v2\/types\/page"}],"author":[{"embeddable":true,"href":"https:\/\/wp.ufpel.edu.br\/cdshikida\/wp-json\/wp\/v2\/users\/612"}],"replies":[{"embeddable":true,"href":"https:\/\/wp.ufpel.edu.br\/cdshikida\/wp-json\/wp\/v2\/comments?post=283"}],"version-history":[{"count":8,"href":"https:\/\/wp.ufpel.edu.br\/cdshikida\/wp-json\/wp\/v2\/pages\/283\/revisions"}],"predecessor-version":[{"id":310,"href":"https:\/\/wp.ufpel.edu.br\/cdshikida\/wp-json\/wp\/v2\/pages\/283\/revisions\/310"}],"up":[{"embeddable":true,"href":"https:\/\/wp.ufpel.edu.br\/cdshikida\/wp-json\/wp\/v2\/pages\/11"}],"wp:attachment":[{"href":"https:\/\/wp.ufpel.edu.br\/cdshikida\/wp-json\/wp\/v2\/media?parent=283"}],"curies":[{"name":"wp","href":"https:\/\/api.w.org\/{rel}","templated":true}]}}