{"id":11,"date":"2016-02-13T14:35:02","date_gmt":"2016-02-13T16:35:02","guid":{"rendered":"https:\/\/wp.ufpel.edu.br\/cdshikida\/?page_id=11"},"modified":"2019-02-15T08:10:58","modified_gmt":"2019-02-15T10:10:58","slug":"pos-graduacao","status":"publish","type":"page","link":"https:\/\/wp.ufpel.edu.br\/cdshikida\/pos-graduacao\/","title":{"rendered":"P\u00f3s-Gradua\u00e7\u00e3o"},"content":{"rendered":"<p><strong>Importantes dicas para mestrandos e doutorandos<\/strong><\/p>\n<ul>\n<li><a href=\"https:\/\/law.vanderbilt.edu\/phd\/How_to_Survive_1st_Year.pdf?fbclid=IwAR32o7AjRG45y-LUTH51prAdmrPAPeQlfVw4OvJHRvYndcle7R0Se_nm3dg\" target=\"_blank\" rel=\"noopener\">How to survive your first year of graduate school in Economics (Matthew Pearson).<\/a><\/li>\n<li><a href=\"https:\/\/gregmankiw.blogspot.com\/2006\/05\/advice-for-grad-students.html\" target=\"_blank\" rel=\"noopener\">Advice for graduate students (uma lista de dicas compilada por Mankiw).<\/a><\/li>\n<li><a href=\"https:\/\/www.aeaweb.org\/resources\/students\/grad-prep\/considerations\" target=\"_blank\" rel=\"noopener\">Dicas da\u00a0<em>American Economic Association<\/em>.<\/a><\/li>\n<li><a href=\"http:\/\/www.rasmusen.org\/GI\/reader\/writing.pdf\" target=\"_blank\" rel=\"noopener\">Dicas gen\u00e9ricas de Eric Rasmussen.<\/a><\/li>\n<li><a href=\"https:\/\/www.deirdremccloskey.com\/docs\/paradigm.pdf\" target=\"_blank\" rel=\"noopener\">The Secret Sins of Economics (um pequeno, mas valioso livro de Deirdre McCloskey)<\/a>.<\/li>\n<li><a href=\"https:\/\/www.amazon.com.br\/T%C3%A9cnicas-Avan%C3%A7adas-Sobreviv%C3%AAncia-na-Universidade\/dp\/8595070172\/ref=sr_1_1?__mk_pt_BR=%C3%85M%C3%85%C5%BD%C3%95%C3%91&amp;keywords=leonardo+monasterio&amp;qid=1550225399&amp;s=gateway&amp;sr=8-1\" target=\"_blank\" rel=\"noopener\">T\u00e9cnicas Avan\u00e7adas de Sobreviv\u00eancia na Universidade (Leo Monasterio)<\/a>.<\/li>\n<\/ul>\n<p>&nbsp;<\/p>\n<p><strong>2016.I<\/strong><\/p>\n<p><a href=\"https:\/\/wp.ufpel.edu.br\/cdshikida\/pos-graduacao\/economia-das-organizacoes-ii\/\" target=\"_blank\" rel=\"noopener\">Economia das Organiza\u00e7\u00f5es II<\/a><\/p>\n<p><strong>2016.II<\/strong><\/p>\n<p>Macroeconomia (1a parte: <a href=\"http:\/\/regisely.com\/\" target=\"_blank\" rel=\"noopener\">prof. Regis A. Ely<\/a>, 2a parte: prof. C.D. Shikida &#8211; a ementa est\u00e1 <a href=\"http:\/\/regisely.com\/files\/macro-ementa.pdf\" target=\"_blank\" rel=\"noopener\">aqui<\/a>\u00a0e minha parte come\u00e7a no t\u00f3pico 4.6)<\/p>\n<p><strong>2017.I<\/strong><\/p>\n<p>Economia das Organiza\u00e7\u00f5es II<\/p>\n<p><strong>2017.II<\/strong><\/p>\n<p>Macroeconomia (<a href=\"https:\/\/wp.ufpel.edu.br\/cdshikida\/pos-graduacao\/macroeconomia-2a-parte\/\" target=\"_blank\" rel=\"noopener\">aqui<\/a>).<\/p>\n<p><strong>2018.I<\/strong><\/p>\n<p><a href=\"https:\/\/wp.ufpel.edu.br\/cdshikida\/pos-graduacao\/economia-das-organizacoes-i\/\" target=\"_blank\" rel=\"noopener\">Economia das Organiza\u00e7\u00f5es I<\/a> e <a href=\"https:\/\/wp.ufpel.edu.br\/cdshikida\/pos-graduacao\/matematica-ii\/\" target=\"_blank\" rel=\"noopener\">Matem\u00e1tica II<\/a> (ambas divididas com o prof. Rodrigo N. Fernandez).<\/p>\n","protected":false},"excerpt":{"rendered":"<p>Importantes dicas para mestrandos e doutorandos How to survive your first year of graduate school in Economics (Matthew Pearson). Advice for graduate students (uma lista de dicas compilada por Mankiw). Dicas da\u00a0American Economic Association. Dicas gen\u00e9ricas de Eric Rasmussen. The Secret Sins of Economics (um pequeno, mas valioso livro de Deirdre McCloskey). T\u00e9cnicas Avan\u00e7adas de &hellip; <\/p>\n<p><a class=\"more-link btn\" href=\"https:\/\/wp.ufpel.edu.br\/cdshikida\/pos-graduacao\/\">Continue lendo<\/a><\/p>\n","protected":false},"author":612,"featured_media":0,"parent":0,"menu_order":2,"comment_status":"closed","ping_status":"closed","template":"","meta":{"footnotes":""},"class_list":["post-11","page","type-page","status-publish","hentry","nodate","item-wrap"],"_links":{"self":[{"href":"https:\/\/wp.ufpel.edu.br\/cdshikida\/wp-json\/wp\/v2\/pages\/11","targetHints":{"allow":["GET"]}}],"collection":[{"href":"https:\/\/wp.ufpel.edu.br\/cdshikida\/wp-json\/wp\/v2\/pages"}],"about":[{"href":"https:\/\/wp.ufpel.edu.br\/cdshikida\/wp-json\/wp\/v2\/types\/page"}],"author":[{"embeddable":true,"href":"https:\/\/wp.ufpel.edu.br\/cdshikida\/wp-json\/wp\/v2\/users\/612"}],"replies":[{"embeddable":true,"href":"https:\/\/wp.ufpel.edu.br\/cdshikida\/wp-json\/wp\/v2\/comments?post=11"}],"version-history":[{"count":11,"href":"https:\/\/wp.ufpel.edu.br\/cdshikida\/wp-json\/wp\/v2\/pages\/11\/revisions"}],"predecessor-version":[{"id":343,"href":"https:\/\/wp.ufpel.edu.br\/cdshikida\/wp-json\/wp\/v2\/pages\/11\/revisions\/343"}],"wp:attachment":[{"href":"https:\/\/wp.ufpel.edu.br\/cdshikida\/wp-json\/wp\/v2\/media?parent=11"}],"curies":[{"name":"wp","href":"https:\/\/api.w.org\/{rel}","templated":true}]}}