{"id":35,"date":"2021-09-01T15:04:22","date_gmt":"2021-09-01T18:04:22","guid":{"rendered":"https:\/\/wp.ufpel.edu.br\/cdip\/?page_id=35"},"modified":"2021-09-01T15:04:22","modified_gmt":"2021-09-01T18:04:22","slug":"representacoes-institucionais","status":"publish","type":"page","link":"https:\/\/wp.ufpel.edu.br\/cdip\/insercao-territorial\/representacoes-institucionais\/","title":{"rendered":"Representa\u00e7\u00f5es Institucionais"},"content":{"rendered":"<p>A representa\u00e7\u00e3o institucional se constitui em efetiva forma de inser\u00e7\u00e3o da Universidade no territ\u00f3rio em que atua ao proporcionar rela\u00e7\u00f5es de colabora\u00e7\u00e3o com os mais diversos organismos p\u00fablicos, governamentais e n\u00e3o governamentais, e junto \u00e0s entidades que comp\u00f5em a sociedade civil organizada no \u00e2mbito municipal e regional. Atualmente, a UFPel est\u00e1 representada em 53 espa\u00e7os consultivos e deliberativos.<\/p>\n<p>A <a href=\"https:\/\/sei.ufpel.edu.br\/sei\/publicacoes\/controlador_publicacoes.php?acao=publicacao_visualizar&amp;id_documento=640601&amp;id_orgao_publicacao=0\">Portaria 1312<\/a> de 20\/05\/2019 regulamenta as representa\u00e7\u00f5es da UFPel em inst\u00e2ncias externas.<\/p>\n<p>A lista das representa\u00e7\u00f5es vigentes e acompanhadas pelo NIT\/CDI\/PROPLAN pode ser visualizada no link: <a href=\"https:\/\/wp.ufpel.edu.br\/proplan\/files\/2021\/01\/Representacoes-UFPel-em-Conselhos-completo-LISTA-PUBLICA-1.pdf\">Representa\u00e7\u00f5es UFPel em Conselhos &#8211; LISTA P\u00daBLICA<\/a><\/p>\n","protected":false},"excerpt":{"rendered":"<p>A representa\u00e7\u00e3o institucional se constitui em efetiva forma de inser\u00e7\u00e3o da Universidade no territ\u00f3rio em que atua ao proporcionar rela\u00e7\u00f5es de colabora\u00e7\u00e3o com os mais diversos organismos p\u00fablicos, governamentais e n\u00e3o governamentais, e junto \u00e0s entidades que comp\u00f5em a sociedade civil organizada no \u00e2mbito municipal e regional. Atualmente, a UFPel est\u00e1 representada em 53 espa\u00e7os [&hellip;]<\/p>\n","protected":false},"author":667,"featured_media":0,"parent":32,"menu_order":0,"comment_status":"closed","ping_status":"closed","template":"","meta":{"jetpack_post_was_ever_published":false,"footnotes":""},"class_list":["post-35","page","type-page","status-publish","hentry"],"jetpack_sharing_enabled":true,"jetpack_likes_enabled":true,"_links":{"self":[{"href":"https:\/\/wp.ufpel.edu.br\/cdip\/wp-json\/wp\/v2\/pages\/35","targetHints":{"allow":["GET"]}}],"collection":[{"href":"https:\/\/wp.ufpel.edu.br\/cdip\/wp-json\/wp\/v2\/pages"}],"about":[{"href":"https:\/\/wp.ufpel.edu.br\/cdip\/wp-json\/wp\/v2\/types\/page"}],"author":[{"embeddable":true,"href":"https:\/\/wp.ufpel.edu.br\/cdip\/wp-json\/wp\/v2\/users\/667"}],"replies":[{"embeddable":true,"href":"https:\/\/wp.ufpel.edu.br\/cdip\/wp-json\/wp\/v2\/comments?post=35"}],"version-history":[{"count":1,"href":"https:\/\/wp.ufpel.edu.br\/cdip\/wp-json\/wp\/v2\/pages\/35\/revisions"}],"predecessor-version":[{"id":37,"href":"https:\/\/wp.ufpel.edu.br\/cdip\/wp-json\/wp\/v2\/pages\/35\/revisions\/37"}],"up":[{"embeddable":true,"href":"https:\/\/wp.ufpel.edu.br\/cdip\/wp-json\/wp\/v2\/pages\/32"}],"wp:attachment":[{"href":"https:\/\/wp.ufpel.edu.br\/cdip\/wp-json\/wp\/v2\/media?parent=35"}],"curies":[{"name":"wp","href":"https:\/\/api.w.org\/{rel}","templated":true}]}}