{"id":75,"date":"2019-06-19T18:33:53","date_gmt":"2019-06-19T21:33:53","guid":{"rendered":"https:\/\/wp.ufpel.edu.br\/cdcbio\/?page_id=75"},"modified":"2019-07-03T17:52:01","modified_gmt":"2019-07-03T20:52:01","slug":"reometro","status":"publish","type":"page","link":"https:\/\/wp.ufpel.edu.br\/cdcbio\/equipamentos\/reometro\/","title":{"rendered":"Re\u00f4metro"},"content":{"rendered":"<p><img class=\" wp-image-117 alignleft\" src=\"https:\/\/wp.ufpel.edu.br\/cdcbio\/files\/2019\/07\/Re\u00f4metro-400x313.png\" alt=\"\" width=\"264\" height=\"207\" srcset=\"https:\/\/wp.ufpel.edu.br\/cdcbio\/files\/2019\/07\/Re\u00f4metro-400x313.png 400w, https:\/\/wp.ufpel.edu.br\/cdcbio\/files\/2019\/07\/Re\u00f4metro.png 518w\" sizes=\"(max-width: 264px) 100vw, 264px\" \/><\/p>\n<p>&nbsp;<\/p>\n<p style=\"text-align: justify\">Com o re\u00f4metro \u00e9 poss\u00edvel mensurar a viscosidade de fluidos newtonianos e n\u00e3o newtonianos, registrando curvas de fluxo.<\/p>\n<p style=\"text-align: justify\">A taxa e tens\u00e3o de cisalhamento, bem como a temperatura podem ser constantes ou vari\u00e1veis durante a an\u00e1lise.<\/p>\n<p>&nbsp;<\/p>\n<p>&nbsp;<\/p>\n<p><span style=\"font-size: 8pt\">Fonte: BROOKFIELD RS-CPS+ RHEOMETER. Operating Instructions. Manual No. M08-218-B0212<\/span><\/p>\n","protected":false},"excerpt":{"rendered":"<p>&nbsp; Com o re\u00f4metro \u00e9 poss\u00edvel mensurar a viscosidade de fluidos newtonianos e n\u00e3o newtonianos, registrando curvas de fluxo. A taxa e tens\u00e3o de cisalhamento, bem como a temperatura podem ser constantes ou vari\u00e1veis durante a an\u00e1lise. &nbsp; &nbsp; Fonte: BROOKFIELD RS-CPS+ RHEOMETER. Operating Instructions. Manual No. M08-218-B0212<\/p>\n","protected":false},"author":741,"featured_media":0,"parent":65,"menu_order":0,"comment_status":"closed","ping_status":"closed","template":"","meta":{"footnotes":""},"class_list":["post-75","page","type-page","status-publish","hentry"],"jetpack_sharing_enabled":true,"_links":{"self":[{"href":"https:\/\/wp.ufpel.edu.br\/cdcbio\/wp-json\/wp\/v2\/pages\/75","targetHints":{"allow":["GET"]}}],"collection":[{"href":"https:\/\/wp.ufpel.edu.br\/cdcbio\/wp-json\/wp\/v2\/pages"}],"about":[{"href":"https:\/\/wp.ufpel.edu.br\/cdcbio\/wp-json\/wp\/v2\/types\/page"}],"author":[{"embeddable":true,"href":"https:\/\/wp.ufpel.edu.br\/cdcbio\/wp-json\/wp\/v2\/users\/741"}],"replies":[{"embeddable":true,"href":"https:\/\/wp.ufpel.edu.br\/cdcbio\/wp-json\/wp\/v2\/comments?post=75"}],"version-history":[{"count":4,"href":"https:\/\/wp.ufpel.edu.br\/cdcbio\/wp-json\/wp\/v2\/pages\/75\/revisions"}],"predecessor-version":[{"id":119,"href":"https:\/\/wp.ufpel.edu.br\/cdcbio\/wp-json\/wp\/v2\/pages\/75\/revisions\/119"}],"up":[{"embeddable":true,"href":"https:\/\/wp.ufpel.edu.br\/cdcbio\/wp-json\/wp\/v2\/pages\/65"}],"wp:attachment":[{"href":"https:\/\/wp.ufpel.edu.br\/cdcbio\/wp-json\/wp\/v2\/media?parent=75"}],"curies":[{"name":"wp","href":"https:\/\/api.w.org\/{rel}","templated":true}]}}