{"id":188,"date":"2025-04-14T13:28:31","date_gmt":"2025-04-14T16:28:31","guid":{"rendered":"https:\/\/wp.ufpel.edu.br\/cdcbio\/?page_id=188"},"modified":"2026-04-06T16:41:49","modified_gmt":"2026-04-06T19:41:49","slug":"regimento-multiusuarios-institucional","status":"publish","type":"page","link":"https:\/\/wp.ufpel.edu.br\/cdcbio\/equipe\/regimento-multiusuarios-institucional\/","title":{"rendered":"Regimento Multiusu\u00e1rios Institucional"},"content":{"rendered":"<p><img class=\"size-full wp-image-312 aligncenter\" src=\"https:\/\/wp.ufpel.edu.br\/cdcbio\/files\/2026\/04\/logo-ufpel.jpg\" alt=\"\" width=\"117\" height=\"108\" \/><\/p>\n<p style=\"text-align: center;\">UNIVERSIDADE FEDERAL DE PELOTAS<br \/>\nCENTRO DE CI\u00caNCIAS QU\u00cdMICAS, FARMAC\u00caUTICAS E DE ALIMENTOS<br \/>\nCENTRAL ANAL\u00cdTICA &#8211; M\u00d3DULO QU\u00cdMICA<\/p>\n<p style=\"text-align: center;\"><strong>REGIMENTO INTERNO 01\/2025<\/strong><br \/>\n<strong>CAP\u00cdTULO I<\/strong><br \/>\n<strong>DA NATUREZA<\/strong><\/p>\n<p style=\"text-align: left;\">Art. 1 \u030a O presente regimento disciplina os aspectos de organiza\u00e7\u00e3o e funcionamento dos equipamentos da CA-Quim, alocados no Centro de Ci\u00eancias Qu\u00edmicas, Farmac\u00eauticas e de Alimentos \u2013 CCQFA e devidamente cadastro na Plataforma Nacional de Infraestrutura de Pesquisa&#8230;<\/p>\n<p><a href=\"https:\/\/wp.ufpel.edu.br\/cdcbio\/files\/2026\/04\/Regimento_Interno-multiusuarios.pdf\" target=\"_blank\" rel=\"noopener\">Ver mais&#8230;<\/a><\/p>\n","protected":false},"excerpt":{"rendered":"<p>UNIVERSIDADE FEDERAL DE PELOTAS CENTRO DE CI\u00caNCIAS QU\u00cdMICAS, FARMAC\u00caUTICAS E DE ALIMENTOS CENTRAL ANAL\u00cdTICA &#8211; M\u00d3DULO QU\u00cdMICA REGIMENTO INTERNO 01\/2025 CAP\u00cdTULO I DA NATUREZA Art. 1 \u030a O presente regimento disciplina os aspectos de organiza\u00e7\u00e3o e funcionamento dos equipamentos da CA-Quim, alocados no Centro de Ci\u00eancias Qu\u00edmicas, Farmac\u00eauticas e de Alimentos \u2013 CCQFA e devidamente [&hellip;]<\/p>\n","protected":false},"author":741,"featured_media":0,"parent":2,"menu_order":1,"comment_status":"closed","ping_status":"closed","template":"","meta":{"footnotes":""},"class_list":["post-188","page","type-page","status-publish","hentry"],"jetpack_sharing_enabled":true,"_links":{"self":[{"href":"https:\/\/wp.ufpel.edu.br\/cdcbio\/wp-json\/wp\/v2\/pages\/188","targetHints":{"allow":["GET"]}}],"collection":[{"href":"https:\/\/wp.ufpel.edu.br\/cdcbio\/wp-json\/wp\/v2\/pages"}],"about":[{"href":"https:\/\/wp.ufpel.edu.br\/cdcbio\/wp-json\/wp\/v2\/types\/page"}],"author":[{"embeddable":true,"href":"https:\/\/wp.ufpel.edu.br\/cdcbio\/wp-json\/wp\/v2\/users\/741"}],"replies":[{"embeddable":true,"href":"https:\/\/wp.ufpel.edu.br\/cdcbio\/wp-json\/wp\/v2\/comments?post=188"}],"version-history":[{"count":3,"href":"https:\/\/wp.ufpel.edu.br\/cdcbio\/wp-json\/wp\/v2\/pages\/188\/revisions"}],"predecessor-version":[{"id":316,"href":"https:\/\/wp.ufpel.edu.br\/cdcbio\/wp-json\/wp\/v2\/pages\/188\/revisions\/316"}],"up":[{"embeddable":true,"href":"https:\/\/wp.ufpel.edu.br\/cdcbio\/wp-json\/wp\/v2\/pages\/2"}],"wp:attachment":[{"href":"https:\/\/wp.ufpel.edu.br\/cdcbio\/wp-json\/wp\/v2\/media?parent=188"}],"curies":[{"name":"wp","href":"https:\/\/api.w.org\/{rel}","templated":true}]}}