{"id":74,"date":"2016-03-08T11:11:49","date_gmt":"2016-03-08T14:11:49","guid":{"rendered":"https:\/\/wp.ufpel.edu.br\/ccz\/?page_id=74"},"modified":"2020-03-23T21:36:54","modified_gmt":"2020-03-24T00:36:54","slug":"higiene-e-profilaxia-animal","status":"publish","type":"page","link":"https:\/\/wp.ufpel.edu.br\/ccz\/disciplinas\/graduacao\/higiene-e-profilaxia-animal\/","title":{"rendered":"Higiene e Profilaxia Animal"},"content":{"rendered":"<p><strong>Identifica\u00e7\u00e3o:<\/strong> Disciplina: Higiene e Profilaxia Animal \u00a0 \u00a0 \u00a0 \u00a0 \u00a0 \u00a0 \u00a0 \u00a0 \u00a0 \u00a0 \u00a0 \u00a0 \u00a0 \u00a0 \u00a0 \u00a0 \u00a0 \u00a0 \u00a0 \u00a0 \u00a0 \u00a0 \u00a0 <strong>C\u00f3digo:<\/strong> 0520054<\/p>\n<p><strong>Unidade:<\/strong> Faculdade de Veterin\u00e1ria<\/p>\n<p><strong>Respons\u00e1vel:<\/strong> Departamento de Veterin\u00e1ria Preventiva<\/p>\n<p><strong>Professor Respons\u00e1vel:<\/strong>\u00a0Prof. Dr. Fernando da Silva Bandeira<\/p>\n<p><strong>Curso Atendido:<\/strong> Gradua\u00e7\u00e3o em Zootecnia<\/p>\n<p><strong>Carga Hor\u00e1ria Total:<\/strong> \u00a054\u00a0 \u00a0 \u00a0 \u00a0 \u00a0 \u00a0 \u00a0 \u00a0 \u00a0 \u00a0 \u00a0 \u00a0 <strong>Te\u00f3rica:\u00a0<\/strong>36\u00a0 \u00a0 \u00a0 \u00a0 \u00a0 \u00a0 \u00a0 \u00a0 <strong>Pr\u00e1tica:<\/strong> 18<\/p>\n<p style=\"text-align: center\">\n<p>&nbsp;<\/p>\n<ul>\n<li><strong><a href=\"https:\/\/wp.ufpel.edu.br\/ccz\/files\/2020\/03\/Plano-Ensino-Higiene-20201.pdf\">Plano Ensino Higiene e Profilaxia Animal 20201<\/a><\/strong><strong>\u00a0<\/strong><\/li>\n<\/ul>\n<p>&nbsp;<\/p>\n<ul>\n<li><strong><a href=\"https:\/\/wp.ufpel.edu.br\/ccz\/files\/2020\/03\/Aula-1-Introducao-a-disciplina-de-Higiene-e-Profilaxia-Animal.pdf\">Aula 1 &#8211; Introducao a disciplina de Higiene e Profilaxia Animal<\/a><\/strong><\/li>\n<\/ul>\n<p>&nbsp;<\/p>\n<ul>\n<li><strong>Aula sobre <a href=\"https:\/\/wp.ufpel.edu.br\/ccz\/files\/2020\/03\/Agentes-etiol\u00f3gicos-de-enfermidades-em-animais.pdf\">Agentes etiol\u00f3gicos de enfermidades em animais<\/a><\/strong><\/li>\n<\/ul>\n<p>&nbsp;<\/p>\n<ul>\n<li><strong>Aula sobre <a href=\"https:\/\/wp.ufpel.edu.br\/ccz\/files\/2020\/03\/Efluentes-dejetos-e-res\u00edduos.pdf\">Efluentes, dejetos e res\u00edduos<\/a><\/strong><\/li>\n<\/ul>\n<p>&nbsp;<\/p>\n<p>&nbsp;<\/p>\n<ul>\n<li><strong>Interessante: Material CRMV &#8211; <a href=\"https:\/\/wp.ufpel.edu.br\/ccz\/files\/2019\/06\/Cartilha-de-Gest\u00e3o-de-Res\u00edduos-de-Servi\u00e7os-de-Sa\u00fade-Animal.pdf\">Cartilha de Gest\u00e3o de Res\u00edduos de Servi\u00e7os de Sa\u00fade Animal<\/a><\/strong><\/li>\n<\/ul>\n<p>&nbsp;<\/p>\n<ul>\n<li><strong>Interessante: <a href=\"https:\/\/wp.ufpel.edu.br\/ccz\/files\/2018\/09\/Evolu\u00e7\u00e3o-Hist\u00f3rica-da-Veterin\u00e1ria-Preventiva-e-Sa\u00fade-P\u00fablica.pdf\">Evolu\u00e7\u00e3o Hist\u00f3rica da Veterin\u00e1ria Preventiva e Sa\u00fade P\u00fablica<\/a><\/strong><\/li>\n<\/ul>\n<p>&nbsp;<\/p>\n<p>&nbsp;<\/p>\n<p>&nbsp;<\/p>\n<p>&nbsp;<\/p>\n","protected":false},"excerpt":{"rendered":"<p>Identifica\u00e7\u00e3o: Disciplina: Higiene e Profilaxia Animal \u00a0 \u00a0 \u00a0 \u00a0 \u00a0 \u00a0 \u00a0 \u00a0 \u00a0 \u00a0 \u00a0 \u00a0 \u00a0 \u00a0 \u00a0 \u00a0 \u00a0 \u00a0 \u00a0 \u00a0 \u00a0 \u00a0 \u00a0 C\u00f3digo: 0520054 Unidade: Faculdade de Veterin\u00e1ria Respons\u00e1vel: Departamento de Veterin\u00e1ria Preventiva Professor Respons\u00e1vel:\u00a0Prof. Dr. Fernando da Silva Bandeira Curso Atendido: Gradua\u00e7\u00e3o em Zootecnia Carga Hor\u00e1ria Total: [&hellip;]<\/p>\n","protected":false},"author":618,"featured_media":0,"parent":208,"menu_order":0,"comment_status":"closed","ping_status":"closed","template":"","meta":{"footnotes":""},"class_list":["post-74","page","type-page","status-publish","hentry"],"_links":{"self":[{"href":"https:\/\/wp.ufpel.edu.br\/ccz\/wp-json\/wp\/v2\/pages\/74","targetHints":{"allow":["GET"]}}],"collection":[{"href":"https:\/\/wp.ufpel.edu.br\/ccz\/wp-json\/wp\/v2\/pages"}],"about":[{"href":"https:\/\/wp.ufpel.edu.br\/ccz\/wp-json\/wp\/v2\/types\/page"}],"author":[{"embeddable":true,"href":"https:\/\/wp.ufpel.edu.br\/ccz\/wp-json\/wp\/v2\/users\/618"}],"replies":[{"embeddable":true,"href":"https:\/\/wp.ufpel.edu.br\/ccz\/wp-json\/wp\/v2\/comments?post=74"}],"version-history":[{"count":93,"href":"https:\/\/wp.ufpel.edu.br\/ccz\/wp-json\/wp\/v2\/pages\/74\/revisions"}],"predecessor-version":[{"id":921,"href":"https:\/\/wp.ufpel.edu.br\/ccz\/wp-json\/wp\/v2\/pages\/74\/revisions\/921"}],"up":[{"embeddable":true,"href":"https:\/\/wp.ufpel.edu.br\/ccz\/wp-json\/wp\/v2\/pages\/208"}],"wp:attachment":[{"href":"https:\/\/wp.ufpel.edu.br\/ccz\/wp-json\/wp\/v2\/media?parent=74"}],"curies":[{"name":"wp","href":"https:\/\/api.w.org\/{rel}","templated":true}]}}