{"id":55,"date":"2016-03-07T11:24:33","date_gmt":"2016-03-07T14:24:33","guid":{"rendered":"https:\/\/wp.ufpel.edu.br\/ccz\/?page_id=55"},"modified":"2016-03-08T15:47:15","modified_gmt":"2016-03-08T18:47:15","slug":"historico","status":"publish","type":"page","link":"https:\/\/wp.ufpel.edu.br\/ccz\/apresentacao-2\/historico\/","title":{"rendered":"Hist\u00f3rico"},"content":{"rendered":"<p>O Centro de Controle de Zoonoses (CCZ) da UFPEL foi fundado em setembro de 1988, sob coordena\u00e7\u00e3o do Prof. Dr. Claudiomar Soares Brod, prestando servi\u00e7os em conv\u00eanio com a Secretaria da Sa\u00fade de Pelotas-RS em atividades de pesquisa, ensino e extens\u00e3o com leptospirose, raiva e an\u00e1lises de \u00e1gua.<\/p>\n","protected":false},"excerpt":{"rendered":"<p>O Centro de Controle de Zoonoses (CCZ) da UFPEL foi fundado em setembro de 1988, sob coordena\u00e7\u00e3o do Prof. Dr. Claudiomar Soares Brod, prestando servi\u00e7os em conv\u00eanio com a Secretaria da Sa\u00fade de Pelotas-RS em atividades de pesquisa, ensino e extens\u00e3o com leptospirose, raiva e an\u00e1lises de \u00e1gua.<\/p>\n","protected":false},"author":618,"featured_media":0,"parent":28,"menu_order":0,"comment_status":"closed","ping_status":"closed","template":"","meta":{"footnotes":""},"class_list":["post-55","page","type-page","status-publish","hentry"],"_links":{"self":[{"href":"https:\/\/wp.ufpel.edu.br\/ccz\/wp-json\/wp\/v2\/pages\/55","targetHints":{"allow":["GET"]}}],"collection":[{"href":"https:\/\/wp.ufpel.edu.br\/ccz\/wp-json\/wp\/v2\/pages"}],"about":[{"href":"https:\/\/wp.ufpel.edu.br\/ccz\/wp-json\/wp\/v2\/types\/page"}],"author":[{"embeddable":true,"href":"https:\/\/wp.ufpel.edu.br\/ccz\/wp-json\/wp\/v2\/users\/618"}],"replies":[{"embeddable":true,"href":"https:\/\/wp.ufpel.edu.br\/ccz\/wp-json\/wp\/v2\/comments?post=55"}],"version-history":[{"count":2,"href":"https:\/\/wp.ufpel.edu.br\/ccz\/wp-json\/wp\/v2\/pages\/55\/revisions"}],"predecessor-version":[{"id":89,"href":"https:\/\/wp.ufpel.edu.br\/ccz\/wp-json\/wp\/v2\/pages\/55\/revisions\/89"}],"up":[{"embeddable":true,"href":"https:\/\/wp.ufpel.edu.br\/ccz\/wp-json\/wp\/v2\/pages\/28"}],"wp:attachment":[{"href":"https:\/\/wp.ufpel.edu.br\/ccz\/wp-json\/wp\/v2\/media?parent=55"}],"curies":[{"name":"wp","href":"https:\/\/api.w.org\/{rel}","templated":true}]}}