{"id":14,"date":"2016-03-07T09:48:12","date_gmt":"2016-03-07T12:48:12","guid":{"rendered":"https:\/\/wp.ufpel.edu.br\/ccz\/?page_id=14"},"modified":"2018-03-27T16:46:56","modified_gmt":"2018-03-27T19:46:56","slug":"docentes","status":"publish","type":"page","link":"https:\/\/wp.ufpel.edu.br\/ccz\/integrantes\/docentes\/","title":{"rendered":"Docentes"},"content":{"rendered":"<p style=\"text-align: center\"><span style=\"font-family: arial, helvetica, sans-serif\">Professor: Claudiomar Soares Brod<\/span><\/p>\n<p style=\"text-align: center\"><img class=\"alignnone size-full wp-image-84 aligncenter\" src=\"https:\/\/wp.ufpel.edu.br\/ccz\/files\/2016\/03\/servletrecuperafoto.jpg\" alt=\"servletrecuperafoto\" width=\"195\" height=\"237\" srcset=\"https:\/\/wp.ufpel.edu.br\/ccz\/files\/2016\/03\/servletrecuperafoto.jpg 195w, https:\/\/wp.ufpel.edu.br\/ccz\/files\/2016\/03\/servletrecuperafoto-131x159.jpg 131w\" sizes=\"(max-width: 195px) 100vw, 195px\" \/><\/p>\n<p style=\"text-align: center\">\u00a0 \u00a0 \u00a0Possui gradua\u00e7\u00e3o em Faculdade de Veterin\u00e1ria pela Universidade Federal de Pelotas (1975) e doutorado em Biotecnologia pela Universidade Federal de Pelotas (2002). Atualmente \u00e9 assessor ad oc da Universidade Estadual de Londrina e Professor Titular da Universidade Federal de Pelotas. Tem experi\u00eancia na \u00e1rea de Sa\u00fade P\u00fablica, com \u00eanfase em Epidemiologia, atuando principalmente nos seguintes temas: Leptospirose (sorologia, epidemiologia e isolamento), Brucelose (sorologia e epidemiologia), Toxoplasmose (sorologia e epidemiologia), Mal de Chagas (sorologia e epidemiologia), Babesiose Equina (sorologia e epidemiologia), Bacteriologia Sanit\u00e1ria da \u00c1gua .<\/p>\n<p style=\"text-align: justify\"><span style=\"color: #0000ff\"><a href=\"http:\/\/lattes.cnpq.br\/1149012794504966\" target=\"_blank\" rel=\"noopener\">http:\/\/lattes.cnpq.br\/1149012794504966<\/a><\/span><\/p>\n<p style=\"text-align: center\"><span style=\"font-family: arial, helvetica, sans-serif\">Professora: Fernanda de Rezende Pinto<\/span><\/p>\n<p style=\"text-align: center\"><img class=\"alignnone size-medium wp-image-86\" src=\"https:\/\/wp.ufpel.edu.br\/ccz\/files\/2016\/03\/servletrecuperafoto-1-245x318.jpg\" alt=\"servletrecuperafoto (1)\" width=\"245\" height=\"318\" srcset=\"https:\/\/wp.ufpel.edu.br\/ccz\/files\/2016\/03\/servletrecuperafoto-1-245x318.jpg 245w, https:\/\/wp.ufpel.edu.br\/ccz\/files\/2016\/03\/servletrecuperafoto-1-123x159.jpg 123w, https:\/\/wp.ufpel.edu.br\/ccz\/files\/2016\/03\/servletrecuperafoto-1-768x996.jpg 768w, https:\/\/wp.ufpel.edu.br\/ccz\/files\/2016\/03\/servletrecuperafoto-1.jpg 786w\" sizes=\"(max-width: 245px) 100vw, 245px\" \/><\/p>\n<p style=\"text-align: justify\">Possui gradua\u00e7\u00e3o em Medicina Veterin\u00e1ria pela Universidade Estadual Paulista J\u00falio de Mesquita Filho &#8211; UNESP &#8211; Jaboticabal (2004). Mestrado em Medicina Veterin\u00e1ria Preventiva pela Universidade Estadual Paulista J\u00falio de Mesquita Filho &#8211; UNESP &#8211; Jaboticabal (2007). Especializa\u00e7\u00e3o em Gest\u00e3o e Manejo Ambiental na Agroind\u00fastria pela Universidade Federal de Lavras (2010). Doutorado em Medicina Veterin\u00e1ria Preventiva pela Universidade Estadual Paulista J\u00falio de Mesquita Filho &#8211; UNESP &#8211; Jaboticabal (2011). Atualmente \u00e9 Docente (Professor Adjunto) na Universidade Federal de Pelotas. Possui experi\u00eancia na \u00e1rea de Medicina Veterin\u00e1ria Preventiva e Sa\u00fade P\u00fablica, com \u00eanfase em microbiologia da \u00e1gua e alimentos de origem animal, qualidade f\u00edsica e qu\u00edmica da \u00e1gua utilizada na produ\u00e7\u00e3o animal e no meio rural, saneamento e qualidade ambiental.<\/p>\n<p><span style=\"color: #0000ff\"><a href=\"http:\/\/lattes.cnpq.br\/7906872514271139\" target=\"_blank\" rel=\"noopener\">http:\/\/lattes.cnpq.br\/7906872514271139<\/a><\/span><\/p>\n<p>&nbsp;<\/p>\n<p style=\"text-align: center\"><span style=\"font-family: arial, helvetica, sans-serif\">Professor: Fernando da Silva Bandeira<\/span><\/p>\n<p style=\"text-align: center\"><img class=\"alignnone size-full wp-image-87\" src=\"https:\/\/wp.ufpel.edu.br\/ccz\/files\/2016\/03\/servletrecuperafoto-2.jpg\" alt=\"servletrecuperafoto (2)\" width=\"195\" height=\"288\" srcset=\"https:\/\/wp.ufpel.edu.br\/ccz\/files\/2016\/03\/servletrecuperafoto-2.jpg 195w, https:\/\/wp.ufpel.edu.br\/ccz\/files\/2016\/03\/servletrecuperafoto-2-108x159.jpg 108w\" sizes=\"(max-width: 195px) 100vw, 195px\" \/><\/p>\n<p style=\"text-align: justify\">Possui gradua\u00e7\u00e3o em Medicina Veterin\u00e1ria pela Universidade Federal de Pelotas (1998), mestrado em Ci\u00eancia e Tecnologia Agroindustrial pela Universidade Federal de Pelotas (2001) e doutorado em Ci\u00eancias. na linha de pesquisa &#8220;Diagn\u00f3stico, epidemiologia e controle das doen\u00e7as infecciosas dos animais&#8221;, da Faculdade de Veterin\u00e1ria da Universidade Federal de Pelotas. \u00c9 professor Adjunto &#8211; I. Tem experi\u00eancia na \u00e1rea de Medicina Veterin\u00e1ria, com \u00eanfase em Saneamento Aplicado a Sa\u00fade do Homem e qualidade microbiol\u00f3gica de leite e derivados.<\/p>\n<p><span style=\"color: #0000ff\"><a href=\"http:\/\/lattes.cnpq.br\/4229879208137822\" target=\"_blank\" rel=\"noopener\">http:\/\/lattes.cnpq.br\/4229879208137822<\/a><\/span><\/p>\n<p>&nbsp;<\/p>\n<p style=\"text-align: center\"><span style=\"font-family: arial, helvetica, sans-serif\">Professor: Fabio Raphael Pascoti Bruhn<\/span><\/p>\n<p style=\"text-align: justify\">Professor adjunto da Universidade Federal de Pelotas, vinculado ao Centro de Controle de Zoonoses do Departamento de Veterin\u00e1ria Preventiva da Faculdade de Veterin\u00e1ria. Possui gradua\u00e7\u00e3o em medicina veterin\u00e1ria com doutorado em ci\u00eancias veterin\u00e1rias na \u00e1rea de sa\u00fade coletiva e sanidade animal pela Universidade Federal de Lavras. Atua principalmente nas \u00e1reas de Epidemiologia e Sa\u00fade P\u00fablica.<\/p>\n<p><span style=\"color: #0000ff\"><a href=\"http:\/\/lattes.cnpq.br\/6027763770110766\" target=\"_blank\" rel=\"noopener\">http:\/\/lattes.cnpq.br\/6027763770110766<\/a><\/span><\/p>\n","protected":false},"excerpt":{"rendered":"<p>Professor: Claudiomar Soares Brod \u00a0 \u00a0 \u00a0Possui gradua\u00e7\u00e3o em Faculdade de Veterin\u00e1ria pela Universidade Federal de Pelotas (1975) e doutorado em Biotecnologia pela Universidade Federal de Pelotas (2002). Atualmente \u00e9 assessor ad oc da Universidade Estadual de Londrina e Professor Titular da Universidade Federal de Pelotas. Tem experi\u00eancia na \u00e1rea de Sa\u00fade P\u00fablica, com \u00eanfase [&hellip;]<\/p>\n","protected":false},"author":618,"featured_media":0,"parent":17,"menu_order":0,"comment_status":"closed","ping_status":"closed","template":"","meta":{"footnotes":""},"class_list":["post-14","page","type-page","status-publish","hentry"],"_links":{"self":[{"href":"https:\/\/wp.ufpel.edu.br\/ccz\/wp-json\/wp\/v2\/pages\/14","targetHints":{"allow":["GET"]}}],"collection":[{"href":"https:\/\/wp.ufpel.edu.br\/ccz\/wp-json\/wp\/v2\/pages"}],"about":[{"href":"https:\/\/wp.ufpel.edu.br\/ccz\/wp-json\/wp\/v2\/types\/page"}],"author":[{"embeddable":true,"href":"https:\/\/wp.ufpel.edu.br\/ccz\/wp-json\/wp\/v2\/users\/618"}],"replies":[{"embeddable":true,"href":"https:\/\/wp.ufpel.edu.br\/ccz\/wp-json\/wp\/v2\/comments?post=14"}],"version-history":[{"count":7,"href":"https:\/\/wp.ufpel.edu.br\/ccz\/wp-json\/wp\/v2\/pages\/14\/revisions"}],"predecessor-version":[{"id":673,"href":"https:\/\/wp.ufpel.edu.br\/ccz\/wp-json\/wp\/v2\/pages\/14\/revisions\/673"}],"up":[{"embeddable":true,"href":"https:\/\/wp.ufpel.edu.br\/ccz\/wp-json\/wp\/v2\/pages\/17"}],"wp:attachment":[{"href":"https:\/\/wp.ufpel.edu.br\/ccz\/wp-json\/wp\/v2\/media?parent=14"}],"curies":[{"name":"wp","href":"https:\/\/api.w.org\/{rel}","templated":true}]}}