{"id":122,"date":"2016-03-10T11:09:32","date_gmt":"2016-03-10T14:09:32","guid":{"rendered":"https:\/\/wp.ufpel.edu.br\/ccz\/?page_id=122"},"modified":"2016-04-11T11:41:25","modified_gmt":"2016-04-11T14:41:25","slug":"publicacoes","status":"publish","type":"page","link":"https:\/\/wp.ufpel.edu.br\/ccz\/pesquisa\/publicacoes\/","title":{"rendered":"Publica\u00e7\u00f5es"},"content":{"rendered":"<p><a href=\"https:\/\/wp.ufpel.edu.br\/ccz\/files\/2016\/03\/An\u00e1lise-Da-Qualidade-Da-\u00c1gua-Consumida-Pela-Popula\u00e7\u00e3o-De-Pelotas-Abrangida-Pela-Esta\u00e7\u00e3o-De-Tratamento-De-\u00c1gua-Quilombo.pdf\" target=\"_blank\" rel=\"\">An\u00e1lise Da Qualidade Da \u00c1gua Consumida Pela Popula\u00e7\u00e3o De Pelotas Abrangida Pela Esta\u00e7\u00e3o De Tratamento De \u00c1gua Quilombo<\/a><\/p>\n<p><a href=\"https:\/\/wp.ufpel.edu.br\/ccz\/files\/2016\/03\/An\u00e1lise-Microbiol\u00f3gica-Da-\u00c1gua-De-Ordenha-Em-Propriedades-Leiteiras-Na-Regi\u00e3o-De-Pelotas-RS.pdf\" target=\"_blank\" rel=\"\">An\u00e1lise Microbiol\u00f3gica Da \u00c1gua De Ordenha Em Propriedades Leiteiras Na Regi\u00e3o De Pelotas-RS<\/a><\/p>\n<p><a href=\"https:\/\/wp.ufpel.edu.br\/ccz\/files\/2016\/03\/Avalia\u00e7\u00e3o-Microbiol\u00f3gica-Da-\u00c1gua-De-Equipos-Odontol\u00f3gicos.pdf\" target=\"_blank\" rel=\"\">Avalia\u00e7\u00e3o Microbiol\u00f3gica Da \u00c1gua De Equipos Odontol\u00f3gicos<\/a><\/p>\n<p><a href=\"https:\/\/wp.ufpel.edu.br\/ccz\/files\/2016\/03\/Avalia\u00e7\u00e3o-Microbiol\u00f3gica-De-Quatro-Marcas-De-Gelo-Comercializadas-Em-Pelotas-RS.pdf\" target=\"_blank\" rel=\"\">Avalia\u00e7\u00e3o Microbiol\u00f3gica De Quatro Marcas De Gelo Comercializadas Em Pelotas, RS<\/a><\/p>\n<p><a href=\"https:\/\/wp.ufpel.edu.br\/ccz\/files\/2016\/03\/Caracter\u00edsticas-De-Constru\u00e7\u00e3o-E-Conserva\u00e7\u00e3o-De-Po\u00e7os-Na-Localidade-Santa-Silvana-Pelotas-RS.pdf\" target=\"_blank\" rel=\"\">Caracter\u00edsticas De Constru\u00e7\u00e3o E Conserva\u00e7\u00e3o De Po\u00e7os Na Localidade Santa Silvana, Pelotas-RS<\/a><\/p>\n<p><a href=\"https:\/\/wp.ufpel.edu.br\/ccz\/files\/2016\/03\/Qualidade-Da-\u00c1gua-De-Consumo-Animal-Em-Propriedades-Rurais-Da-Regi\u00e3o-De-Pelotas-RS.pdf\" target=\"_blank\" rel=\"\">Qualidade Da \u00c1gua De Consumo Animal Em Propriedades Rurais Da Regi\u00e3o De Pelotas, RS<\/a><\/p>\n<p><a href=\"https:\/\/wp.ufpel.edu.br\/ccz\/files\/2016\/03\/Qualidade-Da-\u00c1gua-E-Fatores-De-Prote\u00e7\u00e3o-De-Po\u00e7os-Na-\u00c1rea-Rural-De-Pelotas-RS.pdf\" target=\"_blank\" rel=\"\">Qualidade Da \u00c1gua E Fatores De Prote\u00e7\u00e3o De Po\u00e7os Na \u00c1rea Rural De Pelotas, RS<\/a><\/p>\n<p><a href=\"https:\/\/wp.ufpel.edu.br\/ccz\/files\/2016\/03\/Qualidade-Microbiol\u00f3gica-do-gelo-comercializado-em-Pelotas.pdf\" target=\"_blank\" rel=\"\">Qualidade Microbiol\u00f3gica do gelo comercializado em Pelotas<\/a><\/p>\n<p><a href=\"https:\/\/wp.ufpel.edu.br\/ccz\/files\/2016\/03\/Comparativo-Entre-A-\u00c1gua-Tratada-E-N\u00e3o-Tratada-Em-\u00c1rea-Rural-De-Pelotas-RS.ppt\" target=\"_blank\" rel=\"\">Comparativo Entre A \u00c1gua Tratada E N\u00e3o Tratada Em \u00c1rea Rural De Pelotas, RS<\/a><\/p>\n<p>&nbsp;<\/p>\n","protected":false},"excerpt":{"rendered":"<p>An\u00e1lise Da Qualidade Da \u00c1gua Consumida Pela Popula\u00e7\u00e3o De Pelotas Abrangida Pela Esta\u00e7\u00e3o De Tratamento De \u00c1gua Quilombo An\u00e1lise Microbiol\u00f3gica Da \u00c1gua De Ordenha Em Propriedades Leiteiras Na Regi\u00e3o De Pelotas-RS Avalia\u00e7\u00e3o Microbiol\u00f3gica Da \u00c1gua De Equipos Odontol\u00f3gicos Avalia\u00e7\u00e3o Microbiol\u00f3gica De Quatro Marcas De Gelo Comercializadas Em Pelotas, RS Caracter\u00edsticas De Constru\u00e7\u00e3o E Conserva\u00e7\u00e3o De [&hellip;]<\/p>\n","protected":false},"author":618,"featured_media":0,"parent":221,"menu_order":0,"comment_status":"closed","ping_status":"closed","template":"","meta":{"footnotes":""},"class_list":["post-122","page","type-page","status-publish","hentry"],"_links":{"self":[{"href":"https:\/\/wp.ufpel.edu.br\/ccz\/wp-json\/wp\/v2\/pages\/122","targetHints":{"allow":["GET"]}}],"collection":[{"href":"https:\/\/wp.ufpel.edu.br\/ccz\/wp-json\/wp\/v2\/pages"}],"about":[{"href":"https:\/\/wp.ufpel.edu.br\/ccz\/wp-json\/wp\/v2\/types\/page"}],"author":[{"embeddable":true,"href":"https:\/\/wp.ufpel.edu.br\/ccz\/wp-json\/wp\/v2\/users\/618"}],"replies":[{"embeddable":true,"href":"https:\/\/wp.ufpel.edu.br\/ccz\/wp-json\/wp\/v2\/comments?post=122"}],"version-history":[{"count":5,"href":"https:\/\/wp.ufpel.edu.br\/ccz\/wp-json\/wp\/v2\/pages\/122\/revisions"}],"predecessor-version":[{"id":147,"href":"https:\/\/wp.ufpel.edu.br\/ccz\/wp-json\/wp\/v2\/pages\/122\/revisions\/147"}],"up":[{"embeddable":true,"href":"https:\/\/wp.ufpel.edu.br\/ccz\/wp-json\/wp\/v2\/pages\/221"}],"wp:attachment":[{"href":"https:\/\/wp.ufpel.edu.br\/ccz\/wp-json\/wp\/v2\/media?parent=122"}],"curies":[{"name":"wp","href":"https:\/\/api.w.org\/{rel}","templated":true}]}}