{"id":8614,"date":"2023-09-28T16:30:25","date_gmt":"2023-09-28T19:30:25","guid":{"rendered":"https:\/\/wp.ufpel.edu.br\/ccso\/?page_id=8614"},"modified":"2024-07-12T16:54:00","modified_gmt":"2024-07-12T19:54:00","slug":"contatos","status":"publish","type":"page","link":"https:\/\/wp.ufpel.edu.br\/ccso\/contatos\/","title":{"rendered":"Contatos"},"content":{"rendered":"<p style=\"margin: 0cm; margin-bottom: .0001pt; line-height: 150%;\"><b><span style=\"font-family: 'Arial',sans-serif;\">Dire\u00e7\u00e3o:<\/span><\/b><\/p>\n<p style=\"margin: 0cm; margin-bottom: .0001pt; line-height: 150%;\"><span style=\"font-family: 'Arial',sans-serif;\">Diretora: Prof.\u00aa Isabel Cristina Rosa Barros Rasia\u00a0 &#8211; <a href=\"mailto:cristieducare@gmail.com\">cristieducare@gmail.com<\/a> <\/span><\/p>\n<p style=\"margin: 0cm; margin-bottom: .0001pt; line-height: 150%;\"><span style=\"font-family: 'Arial',sans-serif;\">Chefe do N\u00facleo Administrativo: William Gamino G\u00fcths &#8211; <a href=\"mailto:william.guths@ufpel.edu.br\">william.guths@ufpel.edu.br<\/a><b><\/b><\/span><\/p>\n<p>&nbsp;<\/p>\n<p style=\"margin: 0cm; margin-bottom: .0001pt; line-height: 150%;\"><b><span style=\"font-family: 'Arial',sans-serif;\">Secretaria Administrativa:\u00a0<\/span><\/b><\/p>\n<p style=\"margin: 0cm; margin-bottom: .0001pt; line-height: 150%;\"><span style=\"font-family: 'Arial',sans-serif;\">Secret\u00e1ria: Paola Quadro<\/span><\/p>\n<p style=\"margin: 0cm; margin-bottom: .0001pt; line-height: 150%;\"><span style=\"font-family: 'Arial',sans-serif;\">E-mail: <a href=\"mailto:ccso@ufpel.edu.br\">ccso@ufpel.edu.br<\/a> <\/span><\/p>\n<p style=\"margin: 0cm; margin-bottom: .0001pt; line-height: 150%;\"><span style=\"font-family: 'Arial',sans-serif;\">Telefone: (53) 3284-3850<\/span><\/p>\n<p style=\"margin: 0cm; margin-bottom: .0001pt; line-height: 150%;\"><span style=\"font-family: 'Arial',sans-serif;\">Hor\u00e1rio de atendimento presencial: 13h &#8211; 17h<\/span><\/p>\n<p style=\"margin: 0cm; margin-bottom: .0001pt; line-height: 150%;\"><span style=\"font-family: 'Arial',sans-serif;\">Endere\u00e7o: Rua Gomes Carneiro, n\u00ba 1 &#8211; Pelotas (RS) &#8211; CEP 96.010-610 <b>\u00a0&#8211; <\/b>4\u00ba pav.\/sala 424.<\/span><\/p>\n<p>&nbsp;<\/p>\n<p style=\"margin: 0cm; margin-bottom: .0001pt; line-height: 150%;\"><span style=\"white-space: pre-wrap;\"><b><span style=\"font-family: 'Arial',sans-serif; color: black;\">Secretaria Acad\u00eamica:<\/span><\/b><\/span><\/p>\n<p style=\"margin: 0cm; margin-bottom: .0001pt; line-height: 150%;\"><span style=\"font-family: 'Arial',sans-serif; color: black;\">E-mail: <a href=\"mailto:colegiadosccso@gmail.com\"><span style=\"text-decoration: none; text-underline: none;\">colegiadosccso@gmail.com<\/span><\/a><\/span><\/p>\n<p style=\"margin: 0cm; margin-bottom: .0001pt; line-height: 150%;\"><span style=\"font-family: 'Arial',sans-serif;\">Telefone:<\/span> (53) 3284-3857<\/p>\n<p style=\"margin: 0cm; margin-bottom: .0001pt; line-height: 150%;\"><span style=\"-webkit-text-decoration-skip: none; text-decoration-skip-ink: none; white-space: pre-wrap;\"><span style=\"font-family: 'Arial',sans-serif; color: black;\">Hor\u00e1rio de atendimento:<\/span><span style=\"white-space: pre-wrap;\"> 9h &#8211; 21h<\/span><\/span><\/p>\n<p style=\"margin: 0cm; margin-bottom: .0001pt; line-height: 150%;\"><span style=\"-webkit-text-decoration-skip: none; text-decoration-skip-ink: none; white-space: pre-wrap;\"><span style=\"font-family: 'Arial',sans-serif; color: black;\">Endere\u00e7o:<\/span><span style=\"white-space: pre-wrap;\"> Rua Gomes Carneiro, n\u00ba 1 &#8211; Pelotas (RS) &#8211; CEP 96.010-610 <\/span><b><span style=\"font-family: 'Arial',sans-serif;\">\u00a0&#8211; <\/span><\/b><span style=\"font-family: 'Arial',sans-serif;\">4\u00ba pav.\/sala 416.<\/span><\/span><\/p>\n","protected":false},"excerpt":{"rendered":"<p>Dire\u00e7\u00e3o: Diretora: Prof.\u00aa Isabel Cristina Rosa Barros Rasia\u00a0 &#8211; cristieducare@gmail.com Chefe do N\u00facleo Administrativo: William Gamino G\u00fcths &#8211; william.guths@ufpel.edu.br &nbsp; Secretaria Administrativa:\u00a0 Secret\u00e1ria: Paola Quadro E-mail: ccso@ufpel.edu.br Telefone: (53) 3284-3850 Hor\u00e1rio de atendimento presencial: 13h &#8211; 17h Endere\u00e7o: Rua Gomes Carneiro, n\u00ba 1 &#8211; Pelotas (RS) &#8211; CEP 96.010-610 \u00a0&#8211; 4\u00ba pav.\/sala 424. &nbsp; Secretaria &hellip; <\/p>\n<p><a class=\"more-link btn\" href=\"https:\/\/wp.ufpel.edu.br\/ccso\/contatos\/\">Continue lendo<\/a><\/p>\n","protected":false},"author":1120,"featured_media":0,"parent":0,"menu_order":0,"comment_status":"closed","ping_status":"closed","template":"","meta":{"footnotes":""},"class_list":["post-8614","page","type-page","status-publish","hentry","nodate","item-wrap"],"_links":{"self":[{"href":"https:\/\/wp.ufpel.edu.br\/ccso\/wp-json\/wp\/v2\/pages\/8614","targetHints":{"allow":["GET"]}}],"collection":[{"href":"https:\/\/wp.ufpel.edu.br\/ccso\/wp-json\/wp\/v2\/pages"}],"about":[{"href":"https:\/\/wp.ufpel.edu.br\/ccso\/wp-json\/wp\/v2\/types\/page"}],"author":[{"embeddable":true,"href":"https:\/\/wp.ufpel.edu.br\/ccso\/wp-json\/wp\/v2\/users\/1120"}],"replies":[{"embeddable":true,"href":"https:\/\/wp.ufpel.edu.br\/ccso\/wp-json\/wp\/v2\/comments?post=8614"}],"version-history":[{"count":14,"href":"https:\/\/wp.ufpel.edu.br\/ccso\/wp-json\/wp\/v2\/pages\/8614\/revisions"}],"predecessor-version":[{"id":8783,"href":"https:\/\/wp.ufpel.edu.br\/ccso\/wp-json\/wp\/v2\/pages\/8614\/revisions\/8783"}],"wp:attachment":[{"href":"https:\/\/wp.ufpel.edu.br\/ccso\/wp-json\/wp\/v2\/media?parent=8614"}],"curies":[{"name":"wp","href":"https:\/\/api.w.org\/{rel}","templated":true}]}}