{"id":4984,"date":"2018-06-11T17:31:47","date_gmt":"2018-06-11T20:31:47","guid":{"rendered":"https:\/\/wp.ufpel.edu.br\/fat\/?page_id=4984"},"modified":"2023-09-28T16:09:45","modified_gmt":"2023-09-28T19:09:45","slug":"pos-graduacao","status":"publish","type":"page","link":"https:\/\/wp.ufpel.edu.br\/ccso\/ensino\/ensino-cursos\/pos-graduacao\/","title":{"rendered":"P\u00f3s-gradua\u00e7\u00e3o"},"content":{"rendered":"<p><span style=\"color: #000000;\"><strong>CURSOS DE P\u00d3S-GRADUA\u00c7\u00c3O\u00a0<\/strong><\/span><\/p>\n<p><a href=\"https:\/\/wp.ufpel.edu.br\/egpdr\/\"><span style=\"color: #000000;\">Especializa\u00e7\u00e3o em Gest\u00e3o P\u00fablica e Desenvolvimento Regional<\/span><\/a><\/p>\n<p><span style=\"color: #000000;\"><a style=\"color: #000000;\" href=\"https:\/\/wp.ufpel.edu.br\/mbaingen\/\">MBA em Inova\u00e7\u00e3o, Tecnologia e Gest\u00e3o de Novos Neg\u00f3cios<\/a><\/span><\/p>\n<p><span style=\"color: #000000;\"><a style=\"color: #000000;\" href=\"https:\/\/wp.ufpel.edu.br\/profiap\">Mestrado Profissional em Administra\u00e7\u00e3o P\u00fablica &#8211; PROFIAP<\/a><\/span><\/p>\n","protected":false},"excerpt":{"rendered":"<p>CURSOS DE P\u00d3S-GRADUA\u00c7\u00c3O\u00a0 Especializa\u00e7\u00e3o em Gest\u00e3o P\u00fablica e Desenvolvimento Regional MBA em Inova\u00e7\u00e3o, Tecnologia e Gest\u00e3o de Novos Neg\u00f3cios Mestrado Profissional em Administra\u00e7\u00e3o P\u00fablica &#8211; PROFIAP<\/p>\n","protected":false},"author":1120,"featured_media":0,"parent":4990,"menu_order":0,"comment_status":"closed","ping_status":"closed","template":"","meta":{"footnotes":""},"class_list":["post-4984","page","type-page","status-publish","hentry","nodate","item-wrap"],"_links":{"self":[{"href":"https:\/\/wp.ufpel.edu.br\/ccso\/wp-json\/wp\/v2\/pages\/4984","targetHints":{"allow":["GET"]}}],"collection":[{"href":"https:\/\/wp.ufpel.edu.br\/ccso\/wp-json\/wp\/v2\/pages"}],"about":[{"href":"https:\/\/wp.ufpel.edu.br\/ccso\/wp-json\/wp\/v2\/types\/page"}],"author":[{"embeddable":true,"href":"https:\/\/wp.ufpel.edu.br\/ccso\/wp-json\/wp\/v2\/users\/1120"}],"replies":[{"embeddable":true,"href":"https:\/\/wp.ufpel.edu.br\/ccso\/wp-json\/wp\/v2\/comments?post=4984"}],"version-history":[{"count":3,"href":"https:\/\/wp.ufpel.edu.br\/ccso\/wp-json\/wp\/v2\/pages\/4984\/revisions"}],"predecessor-version":[{"id":8604,"href":"https:\/\/wp.ufpel.edu.br\/ccso\/wp-json\/wp\/v2\/pages\/4984\/revisions\/8604"}],"up":[{"embeddable":true,"href":"https:\/\/wp.ufpel.edu.br\/ccso\/wp-json\/wp\/v2\/pages\/4990"}],"wp:attachment":[{"href":"https:\/\/wp.ufpel.edu.br\/ccso\/wp-json\/wp\/v2\/media?parent=4984"}],"curies":[{"name":"wp","href":"https:\/\/api.w.org\/{rel}","templated":true}]}}