{"id":121,"date":"2011-01-26T17:16:38","date_gmt":"2011-01-26T20:16:38","guid":{"rendered":"https:\/\/wp.ufpel.edu.br\/fat\/"},"modified":"2023-01-13T09:42:19","modified_gmt":"2023-01-13T12:42:19","slug":"empresa-junior","status":"publish","type":"page","link":"https:\/\/wp.ufpel.edu.br\/ccso\/empresa-junior\/","title":{"rendered":"Empresa J\u00fanior"},"content":{"rendered":"<p style=\"text-align: justify;\"><span style=\"color: #000000; font-family: helvetica, arial, sans-serif; font-size: 14pt;\"><strong>Empresa J\u00fanior do Curso de Administra\u00e7\u00e3o \u2013 EMAD Jr.<\/strong> \u2013 \u00c9 uma empresa de consultoria empresarial formada por acad\u00eamicos dos cursos de Administra\u00e7\u00e3o, Gest\u00e3o P\u00fablica, Processos Gerenciais e Turismo da Universidade Federal de Pelotas. Desde 1999, oferecemos servi\u00e7os que visam solu\u00e7\u00f5es empresariais inteligentes para micro, pequenas e m\u00e9dias empresas de Pelotas e regi\u00e3o com custos diferenciados, sob a orienta\u00e7\u00e3o e apoio de docentes e profissionais especializados.\u00a0\u00a0Nosso objetivo \u00e9 construir um ambiente de trabalho moderno e flex\u00edvel que revele a originalidade e o talento dos nossos associados.<\/span><\/p>\n<p style=\"text-align: justify;\"><span style=\"color: #000000; font-family: helvetica, arial, sans-serif; font-size: 14pt;\">Prestamos servi\u00e7os de consultoria e assessoria empresarial personalizados e com custos diferenciados. Conhe\u00e7a alguns dos nossos servi\u00e7os:<\/span><\/p>\n<p style=\"text-align: justify;\"><span style=\"font-size: 14pt;\"><strong><span style=\"color: #000000; font-family: helvetica, arial, sans-serif;\">Pesquisa de Mercado<\/span><\/strong><\/span><\/p>\n<p style=\"text-align: justify;\"><span style=\"color: #000000; font-family: helvetica, arial, sans-serif; font-size: 14pt;\">Possibilita obter informa\u00e7\u00f5es sobre o perfil do consumidor e as necessidades e desejos dos mesmos, auxiliando na identifica\u00e7\u00e3o de problemas e poss\u00edveis melhorias.<\/span><\/p>\n<h2 style=\"text-align: justify;\"><span style=\"color: #000000; font-family: helvetica, arial, sans-serif; font-size: 14pt;\">Plano de Neg\u00f3cios<\/span><\/h2>\n<p style=\"text-align: justify;\"><span style=\"color: #000000; font-family: helvetica, arial, sans-serif; font-size: 14pt;\">Instrumento ideal para tra\u00e7ar um retrato fiel do mercado, do produto e das atitudes do empreendedor, propiciando seguran\u00e7a para quem deseja dar in\u00edcio a um neg\u00f3cio ou mesmo criar e\/ou promover inova\u00e7\u00f5es em sua empresa.<\/span><\/p>\n<h2 style=\"text-align: justify;\"><span style=\"color: #000000; font-family: helvetica, arial, sans-serif; font-size: 14pt;\">Organiza\u00e7\u00e3o de eventos<\/span><\/h2>\n<p style=\"text-align: justify;\"><span style=\"color: #000000; font-family: helvetica, arial, sans-serif; font-size: 14pt;\">Organiza\u00e7\u00e3o, planejamento e execu\u00e7\u00e3o de eventos com car\u00e1ter social, empresarial e acad\u00eamico, com aux\u00edlio desde a primeira reuni\u00e3o a assessoria final ap\u00f3s evento.\u00a0 Est\u00e1 incluindo elabora\u00e7\u00e3o de treinamentos e cursos, organiza\u00e7\u00e3o de palestras, confirma\u00e7\u00e3o de presen\u00e7as e planejamento de\u00a0coffee-break.<\/span><\/p>\n<h2 style=\"text-align: justify;\"><span style=\"color: #000000; font-family: helvetica, arial, sans-serif; font-size: 14pt;\">Branding<\/span><\/h2>\n<p style=\"text-align: justify;\"><span style=\"color: #000000; font-family: helvetica, arial, sans-serif; font-size: 14pt;\">\u00a0A Consultoria consiste no acompanhamento e suporte na constru\u00e7\u00e3o de marcas, para auxiliar o cliente nas decis\u00f5es envolvendo as a\u00e7\u00f5es e expans\u00f5es de marcas e produtos, ajudando a mesma a se expandir. Ela envolve tamb\u00e9m a cria\u00e7\u00e3o de uma identidade visual e slogan para o cliente.<\/span><\/p>\n<p style=\"text-align: justify;\"><span style=\"color: #000000; font-family: helvetica, arial, sans-serif; font-size: 14pt;\">Acesse nosso site <a style=\"color: #000000;\" href=\"http:\/\/www.emadjr.com.br\">www.emadjr.com.br<\/a> para conhecer mais dos nosso servi\u00e7os e atividades.<\/span><\/p>\n<p style=\"text-align: justify;\"><span style=\"color: #000000; font-family: helvetica, arial, sans-serif; font-size: 14pt;\">Contato: contato@emadjr.com.br\u00a0<\/span><\/p>\n<p style=\"text-align: justify;\"><span style=\"color: #000000; font-family: helvetica, arial, sans-serif; font-size: 14pt;\">Facebook\/emadjr.ufpel<\/span><\/p>\n<p style=\"text-align: justify;\"><span style=\"color: #000000; font-family: helvetica, arial, sans-serif; font-size: 14pt;\">Instagram \/emadjr.ufpel<\/span><\/p>\n<p style=\"text-align: justify;\"><span style=\"color: #000000; font-family: helvetica, arial, sans-serif; font-size: 14pt;\">Telefone: (53) 3284-3853\u00a0<\/span><\/p>\n<p><span style=\"color: #000000; font-family: helvetica, arial, sans-serif; font-size: 14pt;\">Endere\u00e7o: Rua Gomes Carneiro,01, Sala 447, 4\u00ba andar &#8211; Campus Anglo<\/span><\/p>\n","protected":false},"excerpt":{"rendered":"<p>Empresa J\u00fanior do Curso de Administra\u00e7\u00e3o \u2013 EMAD Jr. \u2013 \u00c9 uma empresa de consultoria empresarial formada por acad\u00eamicos dos cursos de Administra\u00e7\u00e3o, Gest\u00e3o P\u00fablica, Processos Gerenciais e Turismo da Universidade Federal de Pelotas. Desde 1999, oferecemos servi\u00e7os que visam solu\u00e7\u00f5es empresariais inteligentes para micro, pequenas e m\u00e9dias empresas de Pelotas e regi\u00e3o com custos &hellip; <\/p>\n<p><a class=\"more-link btn\" href=\"https:\/\/wp.ufpel.edu.br\/ccso\/empresa-junior\/\">Continue lendo<\/a><\/p>\n","protected":false},"author":1120,"featured_media":0,"parent":0,"menu_order":7,"comment_status":"closed","ping_status":"closed","template":"","meta":{"footnotes":""},"class_list":["post-121","page","type-page","status-publish","hentry","nodate","item-wrap"],"_links":{"self":[{"href":"https:\/\/wp.ufpel.edu.br\/ccso\/wp-json\/wp\/v2\/pages\/121","targetHints":{"allow":["GET"]}}],"collection":[{"href":"https:\/\/wp.ufpel.edu.br\/ccso\/wp-json\/wp\/v2\/pages"}],"about":[{"href":"https:\/\/wp.ufpel.edu.br\/ccso\/wp-json\/wp\/v2\/types\/page"}],"author":[{"embeddable":true,"href":"https:\/\/wp.ufpel.edu.br\/ccso\/wp-json\/wp\/v2\/users\/1120"}],"replies":[{"embeddable":true,"href":"https:\/\/wp.ufpel.edu.br\/ccso\/wp-json\/wp\/v2\/comments?post=121"}],"version-history":[{"count":2,"href":"https:\/\/wp.ufpel.edu.br\/ccso\/wp-json\/wp\/v2\/pages\/121\/revisions"}],"predecessor-version":[{"id":8100,"href":"https:\/\/wp.ufpel.edu.br\/ccso\/wp-json\/wp\/v2\/pages\/121\/revisions\/8100"}],"wp:attachment":[{"href":"https:\/\/wp.ufpel.edu.br\/ccso\/wp-json\/wp\/v2\/media?parent=121"}],"curies":[{"name":"wp","href":"https:\/\/api.w.org\/{rel}","templated":true}]}}

Empresa Júnior

<p style="text-align: justify;"><span style="color: #000000; font-family: helvetica, arial, sans-serif; font-size: 14pt;"><strong>Empresa Júnior do Curso de Administração – EMAD Jr.</strong> – É uma empresa de consultoria empresarial formada por acadêmicos dos cursos de Administração, Gestão Pública, Processos Gerenciais e Turismo da Universidade Federal de Pelotas. Desde 1999, oferecemos serviços que visam soluções empresariais inteligentes para micro, pequenas e médias empresas de Pelotas e região com custos diferenciados, sob a orientação e apoio de docentes e profissionais especializados.  Nosso objetivo é construir um ambiente de trabalho moderno e flexível que revele a originalidade e o talento dos nossos associados.</span></p>
<p style="text-align: justify;"><span style="color: #000000; font-family: helvetica, arial, sans-serif; font-size: 14pt;">Prestamos serviços de consultoria e assessoria empresarial personalizados e com custos diferenciados. Conheça alguns dos nossos serviços:</span></p>
<p style="text-align: justify;"><span style="font-size: 14pt;"><strong><span style="color: #000000; font-family: helvetica, arial, sans-serif;">Pesquisa de Mercado</span></strong></span></p>
<p style="text-align: justify;"><span style="color: #000000; font-family: helvetica, arial, sans-serif; font-size: 14pt;">Possibilita obter informações sobre o perfil do consumidor e as necessidades e desejos dos mesmos, auxiliando na identificação de problemas e possíveis melhorias.</span></p>
<h2 style="text-align: justify;"><span style="color: #000000; font-family: helvetica, arial, sans-serif; font-size: 14pt;">Plano de Negócios</span></h2>
<p style="text-align: justify;"><span style="color: #000000; font-family: helvetica, arial, sans-serif; font-size: 14pt;">Instrumento ideal para traçar um retrato fiel do mercado, do produto e das atitudes do empreendedor, propiciando segurança para quem deseja dar início a um negócio ou mesmo criar e/ou promover inovações em sua empresa.</span></p>
<h2 style="text-align: justify;"><span style="color: #000000; font-family: helvetica, arial, sans-serif; font-size: 14pt;">Organização de eventos</span></h2>
<p style="text-align: justify;"><span style="color: #000000; font-family: helvetica, arial, sans-serif; font-size: 14pt;">Organização, planejamento e execução de eventos com caráter social, empresarial e acadêmico, com auxílio desde a primeira reunião a assessoria final após evento.  Está incluindo elaboração de treinamentos e cursos, organização de palestras, confirmação de presenças e planejamento de coffee-break.</span></p>
<h2 style="text-align: justify;"><span style="color: #000000; font-family: helvetica, arial, sans-serif; font-size: 14pt;">Branding</span></h2>
<p style="text-align: justify;"><span style="color: #000000; font-family: helvetica, arial, sans-serif; font-size: 14pt;"> A Consultoria consiste no acompanhamento e suporte na construção de marcas, para auxiliar o cliente nas decisões envolvendo as ações e expansões de marcas e produtos, ajudando a mesma a se expandir. Ela envolve também a criação de uma identidade visual e slogan para o cliente.</span></p>
<p style="text-align: justify;"><span style="color: #000000; font-family: helvetica, arial, sans-serif; font-size: 14pt;">Acesse nosso site <a style="color: #000000;" href="http://www.emadjr.com.br">www.emadjr.com.br</a> para conhecer mais dos nosso serviços e atividades.</span></p>
<p style="text-align: justify;"><span style="color: #000000; font-family: helvetica, arial, sans-serif; font-size: 14pt;">Contato: contato@emadjr.com.br </span></p>
<p style="text-align: justify;"><span style="color: #000000; font-family: helvetica, arial, sans-serif; font-size: 14pt;">Facebook/emadjr.ufpel</span></p>
<p style="text-align: justify;"><span style="color: #000000; font-family: helvetica, arial, sans-serif; font-size: 14pt;">Instagram /emadjr.ufpel</span></p>
<p style="text-align: justify;"><span style="color: #000000; font-family: helvetica, arial, sans-serif; font-size: 14pt;">Telefone: (53) 3284-3853 </span></p>
<p><span style="color: #000000; font-family: helvetica, arial, sans-serif; font-size: 14pt;">Endereço: Rua Gomes Carneiro,01, Sala 447, 4º andar &#8211; Campus Anglo</span></p>

<p>Empresa Júnior do Curso de Administração – EMAD Jr. – É uma empresa de consultoria empresarial formada por acadêmicos dos cursos de Administração, Gestão Pública, Processos Gerenciais e Turismo da Universidade Federal de Pelotas. Desde 1999, oferecemos serviços que visam soluções empresariais inteligentes para micro, pequenas e médias empresas de Pelotas e região com custos &hellip; </p>
<p><a class="more-link btn" href="https://wp.ufpel.edu.br/ccso/empresa-junior/">Continue lendo</a></p>
