{"id":185,"date":"2012-05-26T21:06:03","date_gmt":"2012-05-27T00:06:03","guid":{"rendered":"https:\/\/wp.ufpel.edu.br\/ccpf\/?page_id=185"},"modified":"2012-07-22T13:36:18","modified_gmt":"2012-07-22T16:36:18","slug":"assistentes-de-pesquisa","status":"publish","type":"page","link":"https:\/\/wp.ufpel.edu.br\/ccpf\/quem-somos-2\/assistentes-de-pesquisa\/","title":{"rendered":"Assistentes de Pesquisa"},"content":{"rendered":"<p><a href=\"https:\/\/wp.ufpel.edu.br\/ccpf\/files\/2012\/05\/asdasdsad.png\"><img loading=\"lazy\" decoding=\"async\" class=\"alignleft size-full wp-image-187\" src=\"https:\/\/wp.ufpel.edu.br\/ccpf\/files\/2012\/05\/asdasdsad.png\" alt=\"\" width=\"78\" height=\"185\" \/><\/a><\/p>\n<p><strong>Aluno Coordenador\u00a0<\/strong><\/p>\n<p><strong>Victor Mateus Espindula:<\/strong><\/p>\n<p>Estudante de Rela\u00e7\u00f5es Internacionais da Unipampa e Engenharia em Sistemas Digitais UERGS. T\u00e9cnico em Inform\u00e1tica.Atualmente, pesquisa sobre: Defesa Cibern\u00e9tica, Seguran\u00e7a Cibern\u00e9tica, Cyberwar, Cibercrime, Cyber Warfare, Pol\u00edtica Internacional e Comparada, TIC e Seguran\u00e7a Internacional e inform\u00e1tica na educa\u00e7\u00e3o e nanotecnologias.<\/p>\n<p>&nbsp;<\/p>\n<p>&nbsp;<\/p>\n<p>&nbsp;<\/p>\n<p><strong>Aluna Subcoordenadora\u00a0<a href=\"https:\/\/wp.ufpel.edu.br\/ccpf\/files\/2012\/05\/417630_3356289628899_1318715111_33464391_906591885_n.jpg\"><img loading=\"lazy\" decoding=\"async\" class=\"alignleft size-thumbnail wp-image-227\" src=\"https:\/\/wp.ufpel.edu.br\/ccpf\/files\/2012\/05\/417630_3356289628899_1318715111_33464391_906591885_n-150x150.jpg\" alt=\"\" width=\"150\" height=\"150\" \/><\/a><\/strong><\/p>\n<p><strong>C\u00e1ssia Fernandes:<\/strong><\/p>\n<p>&nbsp;<\/p>\n<p>&nbsp;<\/p>\n<p>&nbsp;<\/p>\n<p>&nbsp;<\/p>\n<p>&nbsp;<\/p>\n<p><strong><a href=\"https:\/\/wp.ufpel.edu.br\/ccpf\/files\/2012\/05\/Imagemscaner-4161328.jpg\"><img loading=\"lazy\" decoding=\"async\" class=\"alignleft size-thumbnail wp-image-224\" src=\"https:\/\/wp.ufpel.edu.br\/ccpf\/files\/2012\/05\/Imagemscaner-4161328-150x150.jpg\" alt=\"\" width=\"150\" height=\"150\" \/><\/a><\/strong><\/p>\n<p>&nbsp;<\/p>\n<p><strong>Stefano Nascimento Fonseca:\u00a0<\/strong>Possui Licenciatura em Hist\u00f3ria pelo Centro Universit\u00e1rio M\u00f3dulo (2007) e especializa\u00e7\u00e3o em Hist\u00f3ria e Cultura Pol\u00edtica, UFMG. Atualmente, cursa o bacharelado em Rela\u00e7\u00f5es Internacionais na Universidade Federal de Pelotas.<\/p>\n<p>&nbsp;<\/p>\n<p>&nbsp;<\/p>\n<p>&nbsp;<\/p>\n<p><strong><a href=\"https:\/\/wp.ufpel.edu.br\/ccpf\/files\/2012\/05\/BOZ-9652.jpg\"><img loading=\"lazy\" decoding=\"async\" class=\"alignleft size-thumbnail wp-image-222\" src=\"https:\/\/wp.ufpel.edu.br\/ccpf\/files\/2012\/05\/BOZ-9652-150x150.jpg\" alt=\"\" width=\"150\" height=\"150\" \/><\/a><\/strong><\/p>\n<p>&nbsp;<\/p>\n<p><strong>Fernanda Machado Ribeiro:\u00a0<\/strong>Estudante do 2\u00ba semestre do curso de Rela\u00e7\u00f5es Internacionais na Universidade Federal de Pelotas.<\/p>\n<p>&nbsp;<\/p>\n<p>&nbsp;<\/p>\n<p>&nbsp;<\/p>\n<p>&nbsp;<\/p>\n<p><strong><a href=\"https:\/\/wp.ufpel.edu.br\/ccpf\/files\/2012\/05\/545654_295178903906560_929234362_n.jpg\"><img loading=\"lazy\" decoding=\"async\" class=\"alignleft size-thumbnail wp-image-299\" src=\"https:\/\/wp.ufpel.edu.br\/ccpf\/files\/2012\/05\/545654_295178903906560_929234362_n-150x150.jpg\" alt=\"\" width=\"150\" height=\"150\" \/><\/a><\/strong><\/p>\n<p>&nbsp;<\/p>\n<p>&nbsp;<\/p>\n<p><strong>Roberta Viel:\u00a0\u00a0<\/strong>Acad\u00eamico do curso de Rela\u00e7\u00f5es Internacionais da Ufpel.<\/p>\n<p>&nbsp;<\/p>\n<p>&nbsp;<\/p>\n<p>&nbsp;<\/p>\n<p>&nbsp;<\/p>\n<p><a href=\"https:\/\/wp.ufpel.edu.br\/ccpf\/files\/2012\/05\/face-1-nova.jpg\"><img loading=\"lazy\" decoding=\"async\" class=\"alignleft size-thumbnail wp-image-282\" src=\"https:\/\/wp.ufpel.edu.br\/ccpf\/files\/2012\/05\/face-1-nova-150x150.jpg\" alt=\"\" width=\"150\" height=\"150\" srcset=\"https:\/\/wp.ufpel.edu.br\/ccpf\/files\/2012\/05\/face-1-nova-150x150.jpg 150w, https:\/\/wp.ufpel.edu.br\/ccpf\/files\/2012\/05\/face-1-nova-198x198.jpg 198w\" sizes=\"auto, (max-width: 150px) 100vw, 150px\" \/><\/a><\/p>\n<p><strong>M\u00e1rio Sampaio:<\/strong> Acad\u00eamico de Rela\u00e7\u00f5es Internacionais na Universidade Federal de Pelotas &#8211; UFPel, cursou Ci\u00eancias \u00a0 Cont\u00e1beis entre 2006 e 2010 (Unisinos). Possu\u00ed longo hist\u00f3rico no movimento pol\u00edtico estudantil, foi Diretor de Comunica\u00e7\u00e3o da Uni\u00e3o Gaucha de Estudantes Secundaristas &#8211; UGES (2002 &#8211; 2004), Coordenador Geral do Diret\u00f3rio Acad\u00eamico de Rela\u00e7\u00f5es Internacionais UFPel (2010 &#8211; 2012). Fez parte da constru\u00e7\u00e3o do &#8216;N\u00facleo Interdisciplinar de Pesquisa e Extens\u00e3o em Tecnologias Sociais e Economia Solid\u00e1ria (TECSOL\/UFPel)&#8217; atualmente integra o &#8216;Grupo de Pesquisa Culturas, Cidades, Pol\u00edticas e Fronteiras&#8217; onde pesquisa sobre: Hist\u00f3ria da Pol\u00edtica Externa do Brasil, Rela\u00e7\u00f5es Internacionais do Brasil, Tratados Internacionais e Pol\u00edticas de Coopera\u00e7\u00e3o.<\/p>\n<p>&nbsp;<\/p>\n<p>&nbsp;<\/p>\n<p><a href=\"https:\/\/wp.ufpel.edu.br\/ccpf\/files\/2012\/05\/foto.jpg\"><img loading=\"lazy\" decoding=\"async\" class=\"alignleft size-thumbnail wp-image-280\" src=\"https:\/\/wp.ufpel.edu.br\/ccpf\/files\/2012\/05\/foto-84x150.jpg\" alt=\"\" width=\"84\" height=\"150\" \/><\/a><\/p>\n<p>&nbsp;<\/p>\n<p><strong>Karollina Magalh\u00e3es:<\/strong> Cursou o Ensino M\u00e9dio na Organiza\u00e7\u00e3o Educacional Farias Brito em Fortaleza. Ingressou em 2010 no curso de Rela\u00e7\u00f5es Internacionais na Universidade Federal de Pelotas (UFPel).\u00a0Foi Coordenadora Geral do Diret\u00f3rio Acad\u00eamico de Rela\u00e7\u00f5es Internacionais na gest\u00e3o 2010-2011. Foi coordenadora da comiss\u00e3o de STAFF da I semana acad\u00eamica de rela\u00e7\u00f5es internacionais da UFPel.\u00a0Foi membro da organiza\u00e7\u00e3o do projeto de extens\u00e3o conjuntuRI (an\u00e1lise de conjuntura das rela\u00e7\u00f5es internacionais) at\u00e9 o final do primeiro semestre de 2012.\u00a0\u00c9 atualmente Presidente do Diret\u00f3rio Acad\u00eamico de Rela\u00e7\u00f5es Internacionais.<\/p>\n<p>&nbsp;<\/p>\n<p>&nbsp;<\/p>\n<p><a href=\"https:\/\/wp.ufpel.edu.br\/ccpf\/files\/2012\/05\/Foto0981.jpg\"><img loading=\"lazy\" decoding=\"async\" class=\"alignleft size-thumbnail wp-image-281\" src=\"https:\/\/wp.ufpel.edu.br\/ccpf\/files\/2012\/05\/Foto0981-150x150.jpg\" alt=\"\" width=\"150\" height=\"150\" \/><\/a><strong><\/strong><\/p>\n<p>&nbsp;<\/p>\n<p><strong>Gustavo de Carvalho Machado<\/strong>:\u00a0Cursou Antropologia &#8211; Antropologia Social e Cultural Ou Arqueologia pela Universidade Federal de Pelotas (2009) , \u00a0Direito pelo Centro Universit\u00e1rio de Belo Horizonte (2006) e atualmente \u00e9 acad\u00eamico do Curso de Rela\u00e7\u00f5es Internacionais da Ufpel.<\/p>\n<p>&nbsp;<\/p>\n<p>&nbsp;<\/p>\n<p>&nbsp;<\/p>\n<p><strong><a href=\"https:\/\/wp.ufpel.edu.br\/ccpf\/files\/2012\/05\/servletrecuperafoto4.jpg\"><img loading=\"lazy\" decoding=\"async\" class=\"alignleft size-thumbnail wp-image-284\" src=\"https:\/\/wp.ufpel.edu.br\/ccpf\/files\/2012\/05\/servletrecuperafoto4-150x150.jpg\" alt=\"\" width=\"150\" height=\"150\" \/><\/a><\/strong><\/p>\n<p>&nbsp;<\/p>\n<p><strong>Nikolas Yoshitaka De Oliveira Konishi:<\/strong>\u00a0Acad\u00eamico do curso de Rela\u00e7\u00f5es Internacionais da Ufpel. \u00a0Tem experi\u00eancia na \u00e1rea de Ci\u00eancia Pol\u00edtica , com \u00eanfase em Pol\u00edtica Internacional.<\/p>\n<p>&nbsp;<\/p>\n<p>&nbsp;<\/p>\n<p>&nbsp;<\/p>\n<p><strong><a href=\"https:\/\/wp.ufpel.edu.br\/ccpf\/files\/2012\/05\/servletrecuperafoto-12.jpg\"><img loading=\"lazy\" decoding=\"async\" class=\"alignleft size-thumbnail wp-image-285\" src=\"https:\/\/wp.ufpel.edu.br\/ccpf\/files\/2012\/05\/servletrecuperafoto-12-150x131.jpg\" alt=\"\" width=\"150\" height=\"131\" \/><\/a><\/strong><\/p>\n<p>&nbsp;<\/p>\n<p><strong>Felipe Arthur Neves de Barros:<\/strong>\u00a0Acad\u00eamico do curso de Rela\u00e7\u00f5es Internacionais da Ufpel. \u00a0Tem experi\u00eancia na \u00e1rea de Ci\u00eancia Pol\u00edtica, com \u00eanfase em Organiza\u00e7\u00f5es Internacionais.<\/p>\n<p>&nbsp;<\/p>\n<p>&nbsp;<\/p>\n<p>&nbsp;<\/p>\n<p><a href=\"https:\/\/wp.ufpel.edu.br\/ccpf\/files\/2012\/05\/servletrecuperafoto-2.jpg\"><img loading=\"lazy\" decoding=\"async\" class=\"alignleft size-thumbnail wp-image-286\" src=\"https:\/\/wp.ufpel.edu.br\/ccpf\/files\/2012\/05\/servletrecuperafoto-2-120x150.jpg\" alt=\"\" width=\"120\" height=\"150\" \/><\/a><\/p>\n<p>&nbsp;<\/p>\n<p><strong>Romero Cavalcanti Castro:\u00a0\u00a0<\/strong>Acad\u00eamico do curso de Rela\u00e7\u00f5es Internacionais da Ufpel.<\/p>\n","protected":false},"excerpt":{"rendered":"<p>Aluno Coordenador\u00a0 Victor Mateus Espindula: Estudante de Rela\u00e7\u00f5es Internacionais da Unipampa e Engenharia em Sistemas Digitais UERGS. T\u00e9cnico em Inform\u00e1tica.Atualmente, pesquisa sobre: Defesa Cibern\u00e9tica, Seguran\u00e7a Cibern\u00e9tica, Cyberwar, Cibercrime, Cyber Warfare, Pol\u00edtica Internacional e Comparada, TIC e Seguran\u00e7a Internacional e inform\u00e1tica na educa\u00e7\u00e3o e nanotecnologias. &nbsp; &nbsp; &nbsp; Aluna Subcoordenadora\u00a0 C\u00e1ssia Fernandes: &nbsp; &nbsp; &nbsp; &nbsp; &hellip; <\/p>\n<p><a class=\"more-link btn\" href=\"https:\/\/wp.ufpel.edu.br\/ccpf\/quem-somos-2\/assistentes-de-pesquisa\/\">Continue lendo<\/a><\/p>\n","protected":false},"author":180,"featured_media":0,"parent":121,"menu_order":3,"comment_status":"closed","ping_status":"closed","template":"","meta":{"footnotes":""},"class_list":["post-185","page","type-page","status-publish","hentry","nodate","item-wrap"],"_links":{"self":[{"href":"https:\/\/wp.ufpel.edu.br\/ccpf\/wp-json\/wp\/v2\/pages\/185","targetHints":{"allow":["GET"]}}],"collection":[{"href":"https:\/\/wp.ufpel.edu.br\/ccpf\/wp-json\/wp\/v2\/pages"}],"about":[{"href":"https:\/\/wp.ufpel.edu.br\/ccpf\/wp-json\/wp\/v2\/types\/page"}],"author":[{"embeddable":true,"href":"https:\/\/wp.ufpel.edu.br\/ccpf\/wp-json\/wp\/v2\/users\/180"}],"replies":[{"embeddable":true,"href":"https:\/\/wp.ufpel.edu.br\/ccpf\/wp-json\/wp\/v2\/comments?post=185"}],"version-history":[{"count":22,"href":"https:\/\/wp.ufpel.edu.br\/ccpf\/wp-json\/wp\/v2\/pages\/185\/revisions"}],"predecessor-version":[{"id":188,"href":"https:\/\/wp.ufpel.edu.br\/ccpf\/wp-json\/wp\/v2\/pages\/185\/revisions\/188"}],"up":[{"embeddable":true,"href":"https:\/\/wp.ufpel.edu.br\/ccpf\/wp-json\/wp\/v2\/pages\/121"}],"wp:attachment":[{"href":"https:\/\/wp.ufpel.edu.br\/ccpf\/wp-json\/wp\/v2\/media?parent=185"}],"curies":[{"name":"wp","href":"https:\/\/api.w.org\/{rel}","templated":true}]}}