{"id":404,"date":"2020-11-17T18:57:00","date_gmt":"2020-11-17T21:57:00","guid":{"rendered":"https:\/\/wp.ufpel.edu.br\/ccce\/?page_id=404"},"modified":"2020-11-16T17:55:02","modified_gmt":"2020-11-16T20:55:02","slug":"exposicao","status":"publish","type":"page","link":"https:\/\/wp.ufpel.edu.br\/ccce\/exposicao\/","title":{"rendered":"Exposi\u00e7\u00e3o"},"content":{"rendered":"\n<figure class=\"wp-block-image size-large\"><img loading=\"lazy\" decoding=\"async\" width=\"1024\" height=\"584\" src=\"https:\/\/wp.ufpel.edu.br\/ccce\/files\/2020\/11\/Expo1-1024x584.jpeg\" alt=\"\" class=\"wp-image-406\" srcset=\"https:\/\/wp.ufpel.edu.br\/ccce\/files\/2020\/11\/Expo1-1024x584.jpeg 1024w, https:\/\/wp.ufpel.edu.br\/ccce\/files\/2020\/11\/Expo1-400x228.jpeg 400w, https:\/\/wp.ufpel.edu.br\/ccce\/files\/2020\/11\/Expo1-768x438.jpeg 768w, https:\/\/wp.ufpel.edu.br\/ccce\/files\/2020\/11\/Expo1-600x342.jpeg 600w, https:\/\/wp.ufpel.edu.br\/ccce\/files\/2020\/11\/Expo1-945x539.jpeg 945w, https:\/\/wp.ufpel.edu.br\/ccce\/files\/2020\/11\/Expo1.jpeg 1280w\" sizes=\"auto, (max-width: 1024px) 100vw, 1024px\" \/><\/figure>\n\n\n\n<p>O <strong>XI Col\u00f3quio de Cartografia para Crian\u00e7as e Escolares<\/strong> apresenta a s\u00e9rie <strong>Retratos Cartogr\u00e1ficos<\/strong>.<\/p>\n\n\n\n<p>Pertencente ao acervo do projeto <a href=\"https:\/\/www.instagram.com\/cartografiasporosas\/\">@cARTografiasporosas<\/a>, essa exposi\u00e7\u00e3o visa uma experi\u00eancia afetiva e divertida, especialmente se considerarmos os tempos dif\u00edceis de isolamentos em que estamos vivendo. Buscamos atrav\u00e9s da arte e do espa\u00e7o virtual possibilidades de uma aproxima\u00e7\u00e3o com os participantes do Col\u00f3quio. Para a artista da exposi\u00e7\u00e3o <strong>Thiara Vichiato Breda<\/strong> \u201cn\u00e3o importa (tanto) nossas dist\u00e2ncias f\u00edsicas se aprendermos a fazer outros tipos de conex\u00f5es. \u00c9 com essa motiva\u00e7\u00e3o que a exposi\u00e7\u00e3o foi produzida. Espero que gostem dessa nova sensa\u00e7\u00e3o de conex\u00e3o neste espa\u00e7o virtual arquitetado especialmente para voc\u00eas\u201d.<\/p>\n\n\n\n<p>Como comenta a coordenadora geral do Col\u00f3quio, <strong>Rosangela Lurdes Spironello<\/strong>, \u201c<strong>Retratos cartogr\u00e1ficos<\/strong>, reflete rupturas, encontros e nos desafia a olhar o espa\u00e7o\/tempo com um olhar sens\u00edvel, conectado\/desconectado, de mapear(se) e ir em busca de si\u201d. <strong>J\u00f6rn Seemann<\/strong> um dos estimuladores dessa s\u00e9rie acredita que \u201co mundo da cartografia pode ser muito mais divertido se pensarmos fora da caixinha (cartogr\u00e1fica), se fizermos furos e poros e mapearmos o que somos\u201d<\/p>\n\n\n\n<p>Para isso nossa exposi\u00e7\u00e3o virtual conta com duas modalidades de intera\u00e7\u00f5es virtuais: Um tour de 360 graus na sala de exposi\u00e7\u00e3o e um e-book do portf\u00f3lio da s\u00e9rie.<\/p>\n\n\n\n<p><strong>TOUR VIRTUAL 360 GRAUS<\/strong><\/p>\n\n\n\n<figure class=\"wp-block-image size-large is-resized\"><a href=\"https:\/\/poly.google.com\/search\/cartografias%20porosas\"><img loading=\"lazy\" decoding=\"async\" src=\"https:\/\/wp.ufpel.edu.br\/ccce\/files\/2020\/11\/instrucoes-cel-1024x968.png\" alt=\"\" class=\"wp-image-415\" width=\"250\" height=\"236\" srcset=\"https:\/\/wp.ufpel.edu.br\/ccce\/files\/2020\/11\/instrucoes-cel-1024x968.png 1024w, https:\/\/wp.ufpel.edu.br\/ccce\/files\/2020\/11\/instrucoes-cel-400x378.png 400w, https:\/\/wp.ufpel.edu.br\/ccce\/files\/2020\/11\/instrucoes-cel-768x726.png 768w, https:\/\/wp.ufpel.edu.br\/ccce\/files\/2020\/11\/instrucoes-cel-1536x1452.png 1536w, https:\/\/wp.ufpel.edu.br\/ccce\/files\/2020\/11\/instrucoes-cel-2048x1936.png 2048w, https:\/\/wp.ufpel.edu.br\/ccce\/files\/2020\/11\/instrucoes-cel-600x567.png 600w, https:\/\/wp.ufpel.edu.br\/ccce\/files\/2020\/11\/instrucoes-cel-945x893.png 945w\" sizes=\"auto, (max-width: 250px) 100vw, 250px\" \/><\/a><\/figure>\n\n\n\n<p>Leia as recomenda\u00e7\u00f5es a seguir e acesse o tour clicando <a href=\"https:\/\/poly.google.com\/search\/cartografias%20porosas\">aqui<\/a>.<\/p>\n\n\n\n<p>&#8211; Assim que entrar na nossa galeria virtual recomendamos que voc\u00eas utilizem um smartphone para aproveitarem melhor essa experi\u00eancia. Para isso ativem o <strong>modo 360 graus<\/strong> e a <strong>fun\u00e7\u00e3o narra\u00e7\u00e3o<\/strong>. Fazendo isso voc\u00eas poder\u00e3o usufruir da realidade virtual al\u00e9m de ouvir a apresenta\u00e7\u00e3o da exposi\u00e7\u00e3o. Ao sa\u00edrem da galeria n\u00e3o deixem de conferir tamb\u00e9m o portf\u00f3lio da exposi\u00e7\u00e3o, disponibilizado a seguir.<\/p>\n\n\n\n<p><\/p>\n\n\n\n<p><strong>E-BOOK DO PORTF\u00d3LIO DA EXPOSI\u00c7\u00c3O<\/strong><\/p>\n\n\n\n<figure class=\"wp-block-image size-large is-resized\"><img loading=\"lazy\" decoding=\"async\" src=\"https:\/\/wp.ufpel.edu.br\/ccce\/files\/2020\/11\/e-book-catalago-1024x1024.png\" alt=\"\" class=\"wp-image-416\" width=\"287\" height=\"287\" srcset=\"https:\/\/wp.ufpel.edu.br\/ccce\/files\/2020\/11\/e-book-catalago-1024x1024.png 1024w, https:\/\/wp.ufpel.edu.br\/ccce\/files\/2020\/11\/e-book-catalago-400x400.png 400w, https:\/\/wp.ufpel.edu.br\/ccce\/files\/2020\/11\/e-book-catalago-200x200.png 200w, https:\/\/wp.ufpel.edu.br\/ccce\/files\/2020\/11\/e-book-catalago-768x768.png 768w, https:\/\/wp.ufpel.edu.br\/ccce\/files\/2020\/11\/e-book-catalago-1536x1536.png 1536w, https:\/\/wp.ufpel.edu.br\/ccce\/files\/2020\/11\/e-book-catalago-2048x2048.png 2048w, https:\/\/wp.ufpel.edu.br\/ccce\/files\/2020\/11\/e-book-catalago-600x600.png 600w, https:\/\/wp.ufpel.edu.br\/ccce\/files\/2020\/11\/e-book-catalago-945x945.png 945w\" sizes=\"auto, (max-width: 287px) 100vw, 287px\" \/><\/figure>\n\n\n\n<p>Acesse o e-book clicando <a href=\"https:\/\/www.flipsnack.com\/thibreda\/cartografias-porosas-s-rie-retratos-cartogr-ficos.html\">aqui<\/a>.<\/p>\n","protected":false},"excerpt":{"rendered":"<p>O XI Col\u00f3quio de Cartografia para Crian\u00e7as e Escolares apresenta a s\u00e9rie Retratos Cartogr\u00e1ficos. Pertencente ao acervo do projeto @cARTografiasporosas, essa exposi\u00e7\u00e3o visa uma experi\u00eancia afetiva e divertida, especialmente se considerarmos os tempos dif\u00edceis de isolamentos em que estamos vivendo&#8230;. <a class=\"more-link\" href=\"https:\/\/wp.ufpel.edu.br\/ccce\/exposicao\/\">Continue lendo &rarr;<\/a><\/p>\n","protected":false},"author":976,"featured_media":0,"parent":0,"menu_order":4,"comment_status":"closed","ping_status":"closed","template":"","meta":{"footnotes":""},"class_list":["post-404","page","type-page","status-publish","hentry"],"_links":{"self":[{"href":"https:\/\/wp.ufpel.edu.br\/ccce\/wp-json\/wp\/v2\/pages\/404","targetHints":{"allow":["GET"]}}],"collection":[{"href":"https:\/\/wp.ufpel.edu.br\/ccce\/wp-json\/wp\/v2\/pages"}],"about":[{"href":"https:\/\/wp.ufpel.edu.br\/ccce\/wp-json\/wp\/v2\/types\/page"}],"author":[{"embeddable":true,"href":"https:\/\/wp.ufpel.edu.br\/ccce\/wp-json\/wp\/v2\/users\/976"}],"replies":[{"embeddable":true,"href":"https:\/\/wp.ufpel.edu.br\/ccce\/wp-json\/wp\/v2\/comments?post=404"}],"version-history":[{"count":4,"href":"https:\/\/wp.ufpel.edu.br\/ccce\/wp-json\/wp\/v2\/pages\/404\/revisions"}],"predecessor-version":[{"id":418,"href":"https:\/\/wp.ufpel.edu.br\/ccce\/wp-json\/wp\/v2\/pages\/404\/revisions\/418"}],"wp:attachment":[{"href":"https:\/\/wp.ufpel.edu.br\/ccce\/wp-json\/wp\/v2\/media?parent=404"}],"curies":[{"name":"wp","href":"https:\/\/api.w.org\/{rel}","templated":true}]}}

Exposição

<figure class="wp-block-image size-large"><img loading="lazy" decoding="async" width="1024" height="584" src="https://wp.ufpel.edu.br/ccce/files/2020/11/Expo1-1024x584.jpeg" alt="" class="wp-image-406" srcset="https://wp.ufpel.edu.br/ccce/files/2020/11/Expo1-1024x584.jpeg 1024w, https://wp.ufpel.edu.br/ccce/files/2020/11/Expo1-400x228.jpeg 400w, https://wp.ufpel.edu.br/ccce/files/2020/11/Expo1-768x438.jpeg 768w, https://wp.ufpel.edu.br/ccce/files/2020/11/Expo1-600x342.jpeg 600w, https://wp.ufpel.edu.br/ccce/files/2020/11/Expo1-945x539.jpeg 945w, https://wp.ufpel.edu.br/ccce/files/2020/11/Expo1.jpeg 1280w" sizes="auto, (max-width: 1024px) 100vw, 1024px" /></figure>



<p>O <strong>XI Colóquio de Cartografia para Crianças e Escolares</strong> apresenta a série <strong>Retratos Cartográficos</strong>.</p>



<p>Pertencente ao acervo do projeto <a href="https://www.instagram.com/cartografiasporosas/">@cARTografiasporosas</a>, essa exposição visa uma experiência afetiva e divertida, especialmente se considerarmos os tempos difíceis de isolamentos em que estamos vivendo. Buscamos através da arte e do espaço virtual possibilidades de uma aproximação com os participantes do Colóquio. Para a artista da exposição <strong>Thiara Vichiato Breda</strong> “não importa (tanto) nossas distâncias físicas se aprendermos a fazer outros tipos de conexões. É com essa motivação que a exposição foi produzida. Espero que gostem dessa nova sensação de conexão neste espaço virtual arquitetado especialmente para vocês”.</p>



<p>Como comenta a coordenadora geral do Colóquio, <strong>Rosangela Lurdes Spironello</strong>, “<strong>Retratos cartográficos</strong>, reflete rupturas, encontros e nos desafia a olhar o espaço/tempo com um olhar sensível, conectado/desconectado, de mapear(se) e ir em busca de si”. <strong>Jörn Seemann</strong> um dos estimuladores dessa série acredita que “o mundo da cartografia pode ser muito mais divertido se pensarmos fora da caixinha (cartográfica), se fizermos furos e poros e mapearmos o que somos”</p>



<p>Para isso nossa exposição virtual conta com duas modalidades de interações virtuais: Um tour de 360 graus na sala de exposição e um e-book do portfólio da série.</p>



<p><strong>TOUR VIRTUAL 360 GRAUS</strong></p>



<figure class="wp-block-image size-large is-resized"><a href="https://poly.google.com/search/cartografias%20porosas"><img loading="lazy" decoding="async" src="https://wp.ufpel.edu.br/ccce/files/2020/11/instrucoes-cel-1024x968.png" alt="" class="wp-image-415" width="250" height="236" srcset="https://wp.ufpel.edu.br/ccce/files/2020/11/instrucoes-cel-1024x968.png 1024w, https://wp.ufpel.edu.br/ccce/files/2020/11/instrucoes-cel-400x378.png 400w, https://wp.ufpel.edu.br/ccce/files/2020/11/instrucoes-cel-768x726.png 768w, https://wp.ufpel.edu.br/ccce/files/2020/11/instrucoes-cel-1536x1452.png 1536w, https://wp.ufpel.edu.br/ccce/files/2020/11/instrucoes-cel-2048x1936.png 2048w, https://wp.ufpel.edu.br/ccce/files/2020/11/instrucoes-cel-600x567.png 600w, https://wp.ufpel.edu.br/ccce/files/2020/11/instrucoes-cel-945x893.png 945w" sizes="auto, (max-width: 250px) 100vw, 250px" /></a></figure>



<p>Leia as recomendações a seguir e acesse o tour clicando <a href="https://poly.google.com/search/cartografias%20porosas">aqui</a>.</p>



<p>&#8211; Assim que entrar na nossa galeria virtual recomendamos que vocês utilizem um smartphone para aproveitarem melhor essa experiência. Para isso ativem o <strong>modo 360 graus</strong> e a <strong>função narração</strong>. Fazendo isso vocês poderão usufruir da realidade virtual além de ouvir a apresentação da exposição. Ao saírem da galeria não deixem de conferir também o portfólio da exposição, disponibilizado a seguir.</p>



<p></p>



<p><strong>E-BOOK DO PORTFÓLIO DA EXPOSIÇÃO</strong></p>



<figure class="wp-block-image size-large is-resized"><img loading="lazy" decoding="async" src="https://wp.ufpel.edu.br/ccce/files/2020/11/e-book-catalago-1024x1024.png" alt="" class="wp-image-416" width="287" height="287" srcset="https://wp.ufpel.edu.br/ccce/files/2020/11/e-book-catalago-1024x1024.png 1024w, https://wp.ufpel.edu.br/ccce/files/2020/11/e-book-catalago-400x400.png 400w, https://wp.ufpel.edu.br/ccce/files/2020/11/e-book-catalago-200x200.png 200w, https://wp.ufpel.edu.br/ccce/files/2020/11/e-book-catalago-768x768.png 768w, https://wp.ufpel.edu.br/ccce/files/2020/11/e-book-catalago-1536x1536.png 1536w, https://wp.ufpel.edu.br/ccce/files/2020/11/e-book-catalago-2048x2048.png 2048w, https://wp.ufpel.edu.br/ccce/files/2020/11/e-book-catalago-600x600.png 600w, https://wp.ufpel.edu.br/ccce/files/2020/11/e-book-catalago-945x945.png 945w" sizes="auto, (max-width: 287px) 100vw, 287px" /></figure>



<p>Acesse o e-book clicando <a href="https://www.flipsnack.com/thibreda/cartografias-porosas-s-rie-retratos-cartogr-ficos.html">aqui</a>.</p>

<p>O XI Colóquio de Cartografia para Crianças e Escolares apresenta a série Retratos Cartográficos. Pertencente ao acervo do projeto @cARTografiasporosas, essa exposição visa uma experiência afetiva e divertida, especialmente se considerarmos os tempos difíceis de isolamentos em que estamos vivendo&#8230;. <a class="more-link" href="https://wp.ufpel.edu.br/ccce/exposicao/">Continue lendo &rarr;</a></p>
