{"id":20,"date":"2019-12-07T15:16:23","date_gmt":"2019-12-07T18:16:23","guid":{"rendered":"https:\/\/wp.ufpel.edu.br\/ccce\/?page_id=20"},"modified":"2020-10-28T14:03:50","modified_gmt":"2020-10-28T17:03:50","slug":"submissao-de-trabalhos","status":"publish","type":"page","link":"https:\/\/wp.ufpel.edu.br\/ccce\/submissao-de-trabalhos\/","title":{"rendered":"Submiss\u00e3o de Trabalhos"},"content":{"rendered":"\n<p>Os trabalhos a serem enviados para o XI Col\u00f3quio de Cartografia para Crian\u00e7as e Escolares dever\u00e3o ser inscritos somente na modalidade de Trabalho Completo, que ser\u00e3o avaliados pela Comiss\u00e3o Cient\u00edfica deste evento nas seguintes formas:<\/p>\n\n\n\n<ul class=\"wp-block-list\"><li>Espa\u00e7os de Di\u00e1logos (EDs);<\/li><li>Sess\u00e3o de P\u00f4steres. <\/li><\/ul>\n\n\n\n<p><strong>OBS:<\/strong> Cabe \u00e0 Comiss\u00e3o Cient\u00edfica definir o formato de divulga\u00e7\u00e3o dos trabalhos submetidos (EDs ou P\u00f4steres).<\/p>\n\n\n\n<p> Estes dever\u00e3o contemplar pesquisas e estudos referentes \u00e0 Cartografia para Crian\u00e7as e Escolares e articulados a um dos eixos tem\u00e1ticos do evento. <\/p>\n\n\n\n<p><br><strong>Trabalhos Completos<\/strong><\/p>\n\n\n\n<p>Ser\u00e3o aceitos no m\u00e1ximo, um artigo como autor principal e um como co-autor, totalizando dois trabalhos. Cada trabalho poder\u00e1 conter o n\u00famero m\u00e1ximo de 04 autores, sendo 1 (um) o autor principal e mais 3 (tr\u00eas) coautores.<\/p>\n\n\n\n<p>O Trabalho Completo (artigo) dever\u00e1 ter a seguinte estrutura: t\u00edtulo, dados dos autores, resumo, palavras-chave (de 3 \u00e0 5), introdu\u00e7\u00e3o, metodologia, resultados e discuss\u00e3o, considera\u00e7\u00f5es finais e refer\u00eancias bibliogr\u00e1ficas.<\/p>\n\n\n\n<p>O Trabalho\nCompleto deve ter, no m\u00ednimo, oito (08) e, no m\u00e1ximo, doze (12) laudas, incluindo\ntexto, tabelas e\/ou figuras. O resumo deve ter no m\u00e1ximo 250 (duzentos e cinquenta\npalavras), contendo informa\u00e7\u00f5es gerais sobre o trabalho, como objetivos, metodologia\ne resultados. Este deve ser apresentado em par\u00e1grafo \u00fanico.<\/p>\n\n\n\n<p>O artigo deve apresentar a seguinte formata\u00e7\u00e3o: <strong>tamanho<\/strong> A4, margens superior e inferior com 2,5cm, direita e esquerda com 3cm; <strong>digitado em editor de texto <\/strong>Microsoft Office Word (.doc) 97 ou vers\u00f5es posteriores; <strong>t\u00edtulo<\/strong>, fonte Arial, em negrito, mai\u00fasculo e centralizado, tamanho 14, espa\u00e7amento entre linhas de 1cm. Na segunda linha, \u00e0 direita, em espa\u00e7o simples, o(s) nome(s) do(s) <strong>autor(es)<\/strong>; informa\u00e7\u00f5es referentes \u00e0(s) <strong>institui\u00e7\u00e3o(\u00f5es)<\/strong> a que pertence(m), bem como seu(s) respectivo(s) correio(s) eletr\u00f4nico(s). A seguir devem ser apresentados o <strong>resumo<\/strong> e as <strong>palavras-chave<\/strong> (fonte Arial, tamanho 10, espa\u00e7amento simples). O texto dever\u00e1 ser digitado em fonte Arial, tamanho 12, espa\u00e7amento 1,5. As<strong> refer\u00eancias<\/strong> devem listar apenas as obras citadas no texto, de acordo com as normas da ABNT.<\/p>\n\n\n\n<p><\/p>\n\n\n\n<p>Os trabalhos em seu est\u00e1gio inicial ser\u00e3o apresentados na modalidade p\u00f4ster.<\/p>\n\n\n\n<p><\/p>\n\n\n\n<p><\/p>\n\n\n\n<p><strong>Modelo de apresenta\u00e7\u00e3o digital dos EDs:<\/strong><\/p>\n\n\n\n<p><strong>Espa\u00e7os de di\u00e1logos:<\/strong> os participantes <em>n\u00e3o ser\u00e3o obrigados<\/em> a apresentar os trabalhos inscritos, contudo, se assim o desejarem, poder\u00e3o submeter uma vers\u00e3o em <strong>v\u00eddeo<\/strong> de seus trabalhos. Os v\u00eddeos dever\u00e3o ser postados nos canais particulares dos participantes e os links compartilh\u00e1veis remetidos ao e-mail: <span class=\"has-inline-color has-accent-color\">xicoloquiodecartografiaufpel@gmail.com<\/span> at\u00e9 <strong>05 de novembro<\/strong>. Eles dever\u00e3o apresentar os logos do XI Col\u00f3quio de Cartografia para Crian\u00e7as e Escolares e da(s) institui\u00e7\u00f5es de origem dos participantes, explicar o trabalho em s\u00edntese e n\u00e3o ultrapassar <strong>3 minutos<\/strong> de dura\u00e7\u00e3o. Os v\u00eddeos enviados ser\u00e3o divulgados nas redes sociais e na p\u00e1gina oficial do evento.<\/p>\n\n\n\n<p><\/p>\n\n\n\n<p><strong>Modelo de apresenta\u00e7\u00e3o digital dos p\u00f4steres<\/strong><\/p>\n\n\n\n<p><strong>O p\u00f4ster deve conter<\/strong>: logomarca da institui\u00e7\u00e3o de origem e, se houver, do \u00f3rg\u00e3o de fomento; t\u00edtulo id\u00eantico ao do trabalho submetido, nomes dos autores e respectivos e-mails. Os p\u00f4steres dever\u00e3o ser enviados em formato imagem (.jpg ou .png), tamanho inferior a 3MB e orienta\u00e7\u00e3o paisagem, ao email <span class=\"has-inline-color has-accent-color\">xicoloquiodecartografiaufpel@gmail.com<\/span> at\u00e9 <strong>05 de novembro<\/strong>. Os p\u00f4steres ser\u00e3o postados nas redes sociais do evento nas semanas que o antecedem.<\/p>\n\n\n\n<p>Baixe o <a href=\"https:\/\/wp.ufpel.edu.br\/ccce\/files\/2020\/08\/Template_P\u00f4ster_XI_col\u00f3quio.pptx\">modelo para p\u00f4ster<\/a>.<\/p>\n\n\n\n<p>&nbsp;O texto e as figuras do p\u00f4ster devem ser objetivos e organizados de modo que as ideias centrais do trabalho sejam facilmente compreendidas.<\/p>\n\n\n\n<p><\/p>\n\n\n\n<p><em>Os textos encaminhados para esta sess\u00e3o de P\u00f4steres dever\u00e3o seguir as&nbsp;normas indicadas para o Trabalho Completo.<\/em><\/p>\n\n\n\n<p><\/p>\n\n\n\n<p><\/p>\n\n\n\n<p><strong>PRAZOS PARA O ENVIO DO TRABALHO COMPLETO:<\/strong><\/p>\n\n\n\n<p>Os trabalhos dever\u00e3o ser enviados junto \u00e0 <a href=\"https:\/\/docs.google.com\/forms\/d\/1E7HdgmdrGwE-Z-eRfu5ky_os3KpD8U_jzVq3hChLdm4\/edit\">Ficha de Inscri\u00e7\u00e3o<\/a>,&nbsp; tendo como prazos:<\/p>\n\n\n\n<p>&#8211; Prazo final para envio do p\u00f4ster ou link do v\u00eddeo via e-mail: <strong>05 de novembro<\/strong><\/p>\n\n\n\n<p><\/p>\n\n\n\n<p><\/p>\n\n\n\n<p><strong>OBS: <\/strong>Como o evento ocorrer\u00e1 de forma virtual e gratuita, a emiss\u00e3o dos certificados ficar\u00e1 restrita aos participantes que enviarem trabalhos. Independente da certifica\u00e7\u00e3o todos\/as est\u00e3o convidados\/as a prestigiar o col\u00f3quio. Entendemos que a ocorr\u00eancia do evento em formato virtual possibilitar\u00e1 um importante di\u00e1logo com pesquisadores\/as e a divulga\u00e7\u00e3o de trabalhos na \u00e1rea da cartografia escolar.<\/p>\n\n\n\n<p>Baixe o <a href=\"https:\/\/wp.ufpel.edu.br\/ccce\/files\/2020\/01\/Modelo_Submiss\u00e3o_Trabalhos.doc\">Modelo para Submiss\u00e3o de Trabalhos<\/a><\/p>\n\n\n\n<p><br><\/p>\n\n\n\n<p><\/p>\n","protected":false},"excerpt":{"rendered":"<p>Os trabalhos a serem enviados para o XI Col\u00f3quio de Cartografia para Crian\u00e7as e Escolares dever\u00e3o ser inscritos somente na modalidade de Trabalho Completo, que ser\u00e3o avaliados pela Comiss\u00e3o Cient\u00edfica deste evento nas seguintes formas: Espa\u00e7os de Di\u00e1logos (EDs); Sess\u00e3o&#8230; <a class=\"more-link\" href=\"https:\/\/wp.ufpel.edu.br\/ccce\/submissao-de-trabalhos\/\">Continue lendo &rarr;<\/a><\/p>\n","protected":false},"author":976,"featured_media":0,"parent":0,"menu_order":4,"comment_status":"closed","ping_status":"closed","template":"","meta":{"footnotes":""},"class_list":["post-20","page","type-page","status-publish","hentry"],"_links":{"self":[{"href":"https:\/\/wp.ufpel.edu.br\/ccce\/wp-json\/wp\/v2\/pages\/20","targetHints":{"allow":["GET"]}}],"collection":[{"href":"https:\/\/wp.ufpel.edu.br\/ccce\/wp-json\/wp\/v2\/pages"}],"about":[{"href":"https:\/\/wp.ufpel.edu.br\/ccce\/wp-json\/wp\/v2\/types\/page"}],"author":[{"embeddable":true,"href":"https:\/\/wp.ufpel.edu.br\/ccce\/wp-json\/wp\/v2\/users\/976"}],"replies":[{"embeddable":true,"href":"https:\/\/wp.ufpel.edu.br\/ccce\/wp-json\/wp\/v2\/comments?post=20"}],"version-history":[{"count":33,"href":"https:\/\/wp.ufpel.edu.br\/ccce\/wp-json\/wp\/v2\/pages\/20\/revisions"}],"predecessor-version":[{"id":359,"href":"https:\/\/wp.ufpel.edu.br\/ccce\/wp-json\/wp\/v2\/pages\/20\/revisions\/359"}],"wp:attachment":[{"href":"https:\/\/wp.ufpel.edu.br\/ccce\/wp-json\/wp\/v2\/media?parent=20"}],"curies":[{"name":"wp","href":"https:\/\/api.w.org\/{rel}","templated":true}]}}