{"id":894,"date":"2017-07-11T22:58:32","date_gmt":"2017-07-12T01:58:32","guid":{"rendered":"https:\/\/wp.ufpel.edu.br\/ccaf\/?page_id=894"},"modified":"2017-07-11T22:58:32","modified_gmt":"2017-07-12T01:58:32","slug":"isadora-brasil-de-oliveira","status":"publish","type":"page","link":"https:\/\/wp.ufpel.edu.br\/ccaf\/equipe\/discentes\/mestrandos\/isadora-brasil-de-oliveira\/","title":{"rendered":"Isadora Brasil de Oliveira"},"content":{"rendered":"<p style=\"text-align: justify\"><a href=\"https:\/\/wp.ufpel.edu.br\/ccaf\/files\/2017\/07\/Isadora.jpg\"><img loading=\"lazy\" decoding=\"async\" class=\"wp-image-896 alignleft\" src=\"https:\/\/wp.ufpel.edu.br\/ccaf\/files\/2017\/07\/Isadora-284x400.jpg\" alt=\"\" width=\"134\" height=\"189\" srcset=\"https:\/\/wp.ufpel.edu.br\/ccaf\/files\/2017\/07\/Isadora-284x400.jpg 284w, https:\/\/wp.ufpel.edu.br\/ccaf\/files\/2017\/07\/Isadora-768x1082.jpg 768w, https:\/\/wp.ufpel.edu.br\/ccaf\/files\/2017\/07\/Isadora-727x1024.jpg 727w, https:\/\/wp.ufpel.edu.br\/ccaf\/files\/2017\/07\/Isadora-945x1332.jpg 945w, https:\/\/wp.ufpel.edu.br\/ccaf\/files\/2017\/07\/Isadora-600x845.jpg 600w, https:\/\/wp.ufpel.edu.br\/ccaf\/files\/2017\/07\/Isadora.jpg 1440w\" sizes=\"auto, (max-width: 134px) 100vw, 134px\" \/><\/a>Atualmente estuda Mestrado em F\u00edsica na Universidade Federal de Pelotas (UFPEL), Graduada no Curso de Licenciatura Plena em F\u00edsica pela Universidade do Estado do Amazonas, no Centro de Estudos Superiores de Tef\u00e9\/AM &#8211; 2016. Trabalhou como secret\u00e1ria do Curso de Hist\u00f3ria (CEST-UEA, 01\/2015-02\/2017).<\/p>\n","protected":false},"excerpt":{"rendered":"<p>Atualmente estuda Mestrado em F\u00edsica na Universidade Federal de Pelotas (UFPEL), Graduada no Curso de Licenciatura Plena em F\u00edsica pela Universidade do Estado do Amazonas, no Centro de Estudos Superiores de Tef\u00e9\/AM &#8211; 2016.&#46;&#46;&#46;<\/p>\n","protected":false},"author":317,"featured_media":0,"parent":58,"menu_order":0,"comment_status":"closed","ping_status":"closed","template":"","meta":{"footnotes":""},"class_list":["post-894","page","type-page","status-publish","hentry"],"_links":{"self":[{"href":"https:\/\/wp.ufpel.edu.br\/ccaf\/wp-json\/wp\/v2\/pages\/894","targetHints":{"allow":["GET"]}}],"collection":[{"href":"https:\/\/wp.ufpel.edu.br\/ccaf\/wp-json\/wp\/v2\/pages"}],"about":[{"href":"https:\/\/wp.ufpel.edu.br\/ccaf\/wp-json\/wp\/v2\/types\/page"}],"author":[{"embeddable":true,"href":"https:\/\/wp.ufpel.edu.br\/ccaf\/wp-json\/wp\/v2\/users\/317"}],"replies":[{"embeddable":true,"href":"https:\/\/wp.ufpel.edu.br\/ccaf\/wp-json\/wp\/v2\/comments?post=894"}],"version-history":[{"count":1,"href":"https:\/\/wp.ufpel.edu.br\/ccaf\/wp-json\/wp\/v2\/pages\/894\/revisions"}],"predecessor-version":[{"id":897,"href":"https:\/\/wp.ufpel.edu.br\/ccaf\/wp-json\/wp\/v2\/pages\/894\/revisions\/897"}],"up":[{"embeddable":true,"href":"https:\/\/wp.ufpel.edu.br\/ccaf\/wp-json\/wp\/v2\/pages\/58"}],"wp:attachment":[{"href":"https:\/\/wp.ufpel.edu.br\/ccaf\/wp-json\/wp\/v2\/media?parent=894"}],"curies":[{"name":"wp","href":"https:\/\/api.w.org\/{rel}","templated":true}]}}