{"id":806,"date":"2017-06-30T17:39:07","date_gmt":"2017-06-30T20:39:07","guid":{"rendered":"https:\/\/wp.ufpel.edu.br\/ccaf\/?page_id=806"},"modified":"2017-06-30T17:39:07","modified_gmt":"2017-06-30T20:39:07","slug":"lisiane-de-oliveira-diehl","status":"publish","type":"page","link":"https:\/\/wp.ufpel.edu.br\/ccaf\/equipe\/discentes\/alunos-de-i-c\/lisiane-de-oliveira-diehl\/","title":{"rendered":"Lisiane de Oliveira Diehl"},"content":{"rendered":"<p><a href=\"https:\/\/wp.ufpel.edu.br\/ccaf\/files\/2017\/06\/Lisiane.jpg\"><img loading=\"lazy\" decoding=\"async\" class=\" wp-image-808 alignleft\" src=\"https:\/\/wp.ufpel.edu.br\/ccaf\/files\/2017\/06\/Lisiane-339x400.jpg\" alt=\"\" width=\"99\" height=\"117\" srcset=\"https:\/\/wp.ufpel.edu.br\/ccaf\/files\/2017\/06\/Lisiane-339x400.jpg 339w, https:\/\/wp.ufpel.edu.br\/ccaf\/files\/2017\/06\/Lisiane.jpg 391w\" sizes=\"auto, (max-width: 99px) 100vw, 99px\" \/><\/a>Tem experi\u00eancia na \u00e1rea de Engenharia de Materiais, com \u00eanfase em Materiais Cer\u00e2micos<span class=\"texto\">\u00a0<\/span><\/p>\n","protected":false},"excerpt":{"rendered":"<p>Tem experi\u00eancia na \u00e1rea de Engenharia de Materiais, com \u00eanfase em Materiais Cer\u00e2micos\u00a0<\/p>\n","protected":false},"author":317,"featured_media":0,"parent":60,"menu_order":0,"comment_status":"closed","ping_status":"closed","template":"","meta":{"footnotes":""},"class_list":["post-806","page","type-page","status-publish","hentry"],"_links":{"self":[{"href":"https:\/\/wp.ufpel.edu.br\/ccaf\/wp-json\/wp\/v2\/pages\/806","targetHints":{"allow":["GET"]}}],"collection":[{"href":"https:\/\/wp.ufpel.edu.br\/ccaf\/wp-json\/wp\/v2\/pages"}],"about":[{"href":"https:\/\/wp.ufpel.edu.br\/ccaf\/wp-json\/wp\/v2\/types\/page"}],"author":[{"embeddable":true,"href":"https:\/\/wp.ufpel.edu.br\/ccaf\/wp-json\/wp\/v2\/users\/317"}],"replies":[{"embeddable":true,"href":"https:\/\/wp.ufpel.edu.br\/ccaf\/wp-json\/wp\/v2\/comments?post=806"}],"version-history":[{"count":2,"href":"https:\/\/wp.ufpel.edu.br\/ccaf\/wp-json\/wp\/v2\/pages\/806\/revisions"}],"predecessor-version":[{"id":1037,"href":"https:\/\/wp.ufpel.edu.br\/ccaf\/wp-json\/wp\/v2\/pages\/806\/revisions\/1037"}],"up":[{"embeddable":true,"href":"https:\/\/wp.ufpel.edu.br\/ccaf\/wp-json\/wp\/v2\/pages\/60"}],"wp:attachment":[{"href":"https:\/\/wp.ufpel.edu.br\/ccaf\/wp-json\/wp\/v2\/media?parent=806"}],"curies":[{"name":"wp","href":"https:\/\/api.w.org\/{rel}","templated":true}]}}