{"id":790,"date":"2017-06-30T17:27:04","date_gmt":"2017-06-30T20:27:04","guid":{"rendered":"https:\/\/wp.ufpel.edu.br\/ccaf\/?page_id=790"},"modified":"2017-06-30T17:27:04","modified_gmt":"2017-06-30T20:27:04","slug":"rogerio-daltro-knuth","status":"publish","type":"page","link":"https:\/\/wp.ufpel.edu.br\/ccaf\/equipe\/discentes\/doutorandos\/rogerio-daltro-knuth\/","title":{"rendered":"Rogerio Daltro Knuth"},"content":{"rendered":"<p><a href=\"https:\/\/wp.ufpel.edu.br\/ccaf\/files\/2017\/06\/Rogerio.jpg\"><img loading=\"lazy\" decoding=\"async\" class=\"size-full wp-image-792 alignleft\" src=\"https:\/\/wp.ufpel.edu.br\/ccaf\/files\/2017\/06\/Rogerio.jpg\" alt=\"\" width=\"109\" height=\"159\" \/><\/a>Possui gradua\u00e7\u00e3o em Engenharia Civil pela Universidade Federal do Rio Grande &#8211; FURG (1999), graduado pelo Programa Especial de Forma\u00e7\u00e3o Pedag\u00f3gica de Docentes, Universidade Cat\u00f3lica de Pelotas &#8211; UCPEL (2004). Mestre em Ci\u00eancia e Engenharia de Materiais, Universidade Federal de Pelotas &#8211; UFPEL (2014). Aluno regular de doutorado do Programa de P\u00f3s-Gradua\u00e7\u00e3o em Ci\u00eancia e Engenharia de Materiais-PPGCEM\/UFPEL. Trabalha no cargo de engenheiro civil, junto a Universidade Federal de Pelotas &#8211; UFPEL, e atua como profissional liberal no mercado de trabalho da constru\u00e7\u00e3o civil.<\/p>\n","protected":false},"excerpt":{"rendered":"<p>Possui gradua\u00e7\u00e3o em Engenharia Civil pela Universidade Federal do Rio Grande &#8211; FURG (1999), graduado pelo Programa Especial de Forma\u00e7\u00e3o Pedag\u00f3gica de Docentes, Universidade Cat\u00f3lica de Pelotas &#8211; UCPEL (2004). Mestre em Ci\u00eancia e&#46;&#46;&#46;<\/p>\n","protected":false},"author":317,"featured_media":0,"parent":56,"menu_order":0,"comment_status":"closed","ping_status":"closed","template":"","meta":{"footnotes":""},"class_list":["post-790","page","type-page","status-publish","hentry"],"_links":{"self":[{"href":"https:\/\/wp.ufpel.edu.br\/ccaf\/wp-json\/wp\/v2\/pages\/790","targetHints":{"allow":["GET"]}}],"collection":[{"href":"https:\/\/wp.ufpel.edu.br\/ccaf\/wp-json\/wp\/v2\/pages"}],"about":[{"href":"https:\/\/wp.ufpel.edu.br\/ccaf\/wp-json\/wp\/v2\/types\/page"}],"author":[{"embeddable":true,"href":"https:\/\/wp.ufpel.edu.br\/ccaf\/wp-json\/wp\/v2\/users\/317"}],"replies":[{"embeddable":true,"href":"https:\/\/wp.ufpel.edu.br\/ccaf\/wp-json\/wp\/v2\/comments?post=790"}],"version-history":[{"count":1,"href":"https:\/\/wp.ufpel.edu.br\/ccaf\/wp-json\/wp\/v2\/pages\/790\/revisions"}],"predecessor-version":[{"id":793,"href":"https:\/\/wp.ufpel.edu.br\/ccaf\/wp-json\/wp\/v2\/pages\/790\/revisions\/793"}],"up":[{"embeddable":true,"href":"https:\/\/wp.ufpel.edu.br\/ccaf\/wp-json\/wp\/v2\/pages\/56"}],"wp:attachment":[{"href":"https:\/\/wp.ufpel.edu.br\/ccaf\/wp-json\/wp\/v2\/media?parent=790"}],"curies":[{"name":"wp","href":"https:\/\/api.w.org\/{rel}","templated":true}]}}