{"id":687,"date":"2017-06-30T14:38:03","date_gmt":"2017-06-30T17:38:03","guid":{"rendered":"https:\/\/wp.ufpel.edu.br\/ccaf\/?page_id=687"},"modified":"2020-07-17T18:12:18","modified_gmt":"2020-07-17T21:12:18","slug":"docentes","status":"publish","type":"page","link":"https:\/\/wp.ufpel.edu.br\/ccaf\/equipe\/docentes\/","title":{"rendered":"Docentes"},"content":{"rendered":"<p><span style=\"font-size: 12pt\"><strong>Cristiane Raubach Ratmann<\/strong><\/span><\/p>\n<p style=\"text-align: justify\"><span style=\"font-size: 10pt\"><a href=\"https:\/\/wp.ufpel.edu.br\/ccaf\/files\/2020\/07\/pkg_util_img-scaled.jpeg\"><img loading=\"lazy\" decoding=\"async\" class=\" wp-image-1113 alignleft\" src=\"https:\/\/wp.ufpel.edu.br\/ccaf\/files\/2020\/07\/pkg_util_img-300x400.jpeg\" alt=\"\" width=\"148\" height=\"197\" srcset=\"https:\/\/wp.ufpel.edu.br\/ccaf\/files\/2020\/07\/pkg_util_img-300x400.jpeg 300w, https:\/\/wp.ufpel.edu.br\/ccaf\/files\/2020\/07\/pkg_util_img-768x1024.jpeg 768w, https:\/\/wp.ufpel.edu.br\/ccaf\/files\/2020\/07\/pkg_util_img-1152x1536.jpeg 1152w, https:\/\/wp.ufpel.edu.br\/ccaf\/files\/2020\/07\/pkg_util_img-1536x2048.jpeg 1536w, https:\/\/wp.ufpel.edu.br\/ccaf\/files\/2020\/07\/pkg_util_img-scaled.jpeg 1920w\" sizes=\"auto, (max-width: 148px) 100vw, 148px\" \/><\/a>Atualmente realiza P\u00f3s- Doutorado CAPES \u2013 PNPD no Programa de P\u00f3s Gradua\u00e7\u00e3o em F\u00edsica. Possui P\u00f3s- Doutorado CAPES \u2013 PNPD no Programa de P\u00f3s Gradua\u00e7\u00e3o em Ci\u00eancia e Engenharia de Materiais da Universidade Federal de Pelotas (2014). Atuou por 18 meses como professora substituta na Universidade Federal de Pelotas no Centro de Ci\u00eancias Qu\u00edmicas e Farmac\u00eauticas e de Alimentos. Doutora em Qu\u00edmica pela Universidade Federal de S\u00e3o Carlos \u2013 bolsista FAPESP (2013), mestrado em Qu\u00edmica pela Universidade Federal de Pelotas (2010) e gradua\u00e7\u00e3o em Qu\u00edmica Licenciatura pela Universidade Federal de Pelotas (2008). Atualmente realiza P\u00f3s-doutorado na Universidade Federal de S\u00e3o Carlos. Tem experi\u00eancia na \u00e1rea de Qu\u00edmica, com \u00eanfase em qu\u00edmica dos materiais, atuando principalmente nos seguintes temas: sistemas Core-Shell, nanopart\u00edculas, nanocomp\u00f3sitos, Sulfetos, s\u00ednteses qu\u00edmicas utilizando o sistemas solvot\u00e9rmicos assistido por micro-ondas. <a href=\"http:\/\/buscatextual.cnpq.br\/buscatextual\/visualizacv.do?id=K4238914T2\">Clique aqui<\/a> para acessar a p\u00e1gina do Lattes.<\/span><\/p>\n<p>&nbsp;<\/p>\n<p><span style=\"font-size: 12pt\"><strong>Mario L\u00facio Moreira<\/strong><\/span><\/p>\n<p style=\"text-align: justify\"><a href=\"https:\/\/wp.ufpel.edu.br\/ccaf\/files\/2015\/05\/m\u00e1rio.jpg\"><img loading=\"lazy\" decoding=\"async\" class=\"wp-image-142 alignleft\" src=\"https:\/\/wp.ufpel.edu.br\/ccaf\/files\/2015\/05\/m\u00e1rio-424x318.jpg\" alt=\"\" width=\"173\" height=\"130\" srcset=\"https:\/\/wp.ufpel.edu.br\/ccaf\/files\/2015\/05\/m\u00e1rio-424x318.jpg 424w, https:\/\/wp.ufpel.edu.br\/ccaf\/files\/2015\/05\/m\u00e1rio-212x159.jpg 212w, https:\/\/wp.ufpel.edu.br\/ccaf\/files\/2015\/05\/m\u00e1rio.jpg 720w\" sizes=\"auto, (max-width: 173px) 100vw, 173px\" \/><\/a><span style=\"font-size: 10pt\">\u00c9 Professor do Instituto de F\u00edsica e Matem\u00e1tica (IFM) da Universidade Federal de Pelotas\/RS. Membro permanente e coordenador adjunto do programa de p\u00f3s-gradua\u00e7\u00e3o em F\u00edsica da Universidade Federal de Pelotas. Bolsista Produtividade em Pesquisa do CNPq Nivel 2. Tem doutorado em Ci\u00eancias (fis\u00edco-qu\u00edmica) pela Universidade Federal de S\u00e3o Carlos, mestre em Engenharia e Ci\u00eancia de Materiais pela Universidade Estadual de Ponta Grossa (2005) e Bacharel em F\u00edsica pela Universidade Estadual de Ponta Grossa (2002). Tem experi\u00eancia na \u00e1rea de Ci\u00eancia de Materiais, com \u00eanfase em propriedades f\u00edsicas dos materiais, atuando principalmente nos seguintes temas: Supercondutividade, Varistores, Fotoluminesc\u00eancia e Radioluminesc\u00eancia, Cristaliza\u00e7\u00e3o e crescimento de materiais cer\u00e2micos, Simula\u00e7\u00e3o computacional aplicada a nanomateriais, Filmes finos e S\u00ednteses hidrot\u00e9rmicas assistidas por micro-ondas. <a href=\"http:\/\/buscatextual.cnpq.br\/buscatextual\/visualizacv.do?id=K4702023Z6\">Clique aqui<\/a> para acessar a p\u00e1gina do Lattes.<br \/>\n<\/span><\/p>\n<p>&nbsp;<\/p>\n<p><span style=\"font-size: 12pt\"><strong>Pedro Lovato Gomes Jardim<\/strong><\/span><\/p>\n<p style=\"text-align: justify\"><a href=\"https:\/\/wp.ufpel.edu.br\/ccaf\/files\/2016\/02\/pedro.jpg\"><img loading=\"lazy\" decoding=\"async\" class=\"wp-image-355 alignleft\" src=\"https:\/\/wp.ufpel.edu.br\/ccaf\/files\/2016\/02\/pedro.jpg\" alt=\"\" width=\"173\" height=\"173\" \/><\/a><span style=\"font-size: 10pt\">Graduado em F\u00edsica (UFRGS, Porto Alegre. 2002); Mestre em F\u00edsica (UFRGS, Porto Alegre, 2007); Doutor em F\u00edsica (UFRGS, Porto Alegre, 2012). Realizou o p\u00f3s-doutorado no Fraunhofer-IOF na cidade de Jena (Mar\u00e7o de 2014) e, recentemente, concluiu o est\u00e1gio p\u00f3s-doutoral no Laborat\u00f3rio de Laser do Instituto de F\u00edsica da UFRGS pela P\u00f3s-gradua\u00e7\u00e3o em Microeletr\u00f4nica (Maio de 2015). Atualmente, \u00e9 Professor Adjunto Classe A no Instituto de F\u00edsica e Matem\u00e1tica da UFPel. As \u00e1reas de interesse incluem: produ\u00e7\u00e3o monitorada de filmes via spin coating e dip coating. Estudo te\u00f3rico-experimental da din\u00e2mica de escoamento e a viscosimetria laser de fluidos n\u00e3o-Newtonianos. Desenvolvimento de filmes nanoestruturados superhidrof\u00f3bicos e superhidrof\u00edlicos via processo Sol-Gel, deposi\u00e7\u00e3o por pulveriza\u00e7\u00e3o cat\u00f3dica, deposi\u00e7\u00e3o por canh\u00e3o de el\u00e9trons e deposi\u00e7\u00e3o t\u00e9rmica a v\u00e1cuo. Estudo Te\u00f3rico-experimental das propriedades estat\u00edsticas e \u00f3pticas de superf\u00edcies multifuncionais micro-nanoestruturadas. Dentre as t\u00e9cnicas experimentais dominadas se destacam: interferometria laser, polarimetria, elipsometria, microscopia de forca at\u00f4mica (AFM), interferometria de luz branca (WLI) e microscopia foco infinito (IF). <a href=\"http:\/\/buscatextual.cnpq.br\/buscatextual\/visualizacv.do?id=K4559703T2\">Clique aqu<\/a>i para acessar a p\u00e1gina do Lattes.<br \/>\n<\/span><\/p>\n<p>&nbsp;<\/p>\n<p><span style=\"font-size: 12pt\"><strong>S\u00e9rgio da Silva Cava<\/strong><\/span><\/p>\n<p style=\"text-align: justify\"><a href=\"https:\/\/wp.ufpel.edu.br\/ccaf\/files\/2015\/05\/cava.jpg\"><img loading=\"lazy\" decoding=\"async\" class=\"wp-image-146 alignleft\" src=\"https:\/\/wp.ufpel.edu.br\/ccaf\/files\/2015\/05\/cava-318x318.jpg\" alt=\"\" width=\"166\" height=\"166\" srcset=\"https:\/\/wp.ufpel.edu.br\/ccaf\/files\/2015\/05\/cava-318x318.jpg 318w, https:\/\/wp.ufpel.edu.br\/ccaf\/files\/2015\/05\/cava-159x159.jpg 159w, https:\/\/wp.ufpel.edu.br\/ccaf\/files\/2015\/05\/cava.jpg 880w\" sizes=\"auto, (max-width: 166px) 100vw, 166px\" \/><\/a><span style=\"font-size: 10pt\">Possui gradua\u00e7\u00e3o em Engenharia de Materiais pela Universidade Estadual de Ponta Grossa &#8211; UEPG (1995), mestrado em Ci\u00eancia e Engenharia de Materiais pela Universidade de S\u00e3o Paulo &#8211; USP\/SC (2000) e doutorado em Qu\u00edmica pela Universidade Federal de S\u00e3o Carlos &#8211; UFSCar (2003). Professor Associado da Universidade Federal de Pelotas &#8211; UFPel, lotado no Centro de Desenvolvimento Tecnol\u00f3gico &#8211; CDTec. \u00c9 docente permanente do Programa de P\u00f3s-Gradua\u00e7\u00e3o em Ci\u00eancia e Engenharia de Materiais &#8211; PPGCEM (coordenador adjunto) e do Programa de P\u00f3s-Gradua\u00e7\u00e3o em F\u00edsica. Professor do curso de Gradua\u00e7\u00e3o em Engenharia de Materiais. Foi coordenador do PPGCEM\/UFPel durante dois mandatos, sendo o respons\u00e1vel pela implanta\u00e7\u00e3o dos cursos de Mestrado e Doutorado. Avaliador da \u00c1rea de Materiais da CAPES durante a avali\u00e7\u00e3o quadrienal em 2017. Diretor-Financeiro da Funda\u00e7\u00e3o Delfim Mendes da Silveira. Tem experi\u00eancia na \u00e1rea de Engenharia de Materiais e Metal\u00fargica, com \u00eanfase em Cer\u00e2micos, atuando principalmente nos seguintes temas: processamento cer\u00e2mico, materiais cer\u00e2micos, s\u00edntese qu\u00edmica, revestimentos cer\u00e2micos e pigmentos inorg\u00e2nicos. Atualmente desenvolve trabalhos relacionados a s\u00edntese de novos materiais para aplica\u00e7\u00f5es diversas, como c\u00e9lulas fotovoltaicas, c\u00e9lulas a combust\u00edvel, aplica\u00e7\u00f5es em odontologia, filmes anticorros\u00e3o e modifica\u00e7\u00e3o de superf\u00edcies. Estes trabalhos est\u00e3o sendo desenvolvidos na UFPel por meio do grupo de pesquisa Crescimento de Cristais Avan\u00e7ados Fot\u00f4nica &#8211; CCAF. O grupo envolve professores e estudantes de todos os n\u00edveis em v\u00e1rios cursos e programas de p\u00f3s-gradua\u00e7\u00e3o na UFPel e em outras universidade na Brasil e outros pa\u00edses. <a href=\"http:\/\/buscatextual.cnpq.br\/buscatextual\/visualizacv.do?id=K4701765Y2\">Clique aqui<\/a> para acessar a p\u00e1gina do Lattes.<br \/>\n<\/span><\/p>\n<p>&nbsp;<\/p>\n<p><span style=\"font-size: 12pt\"><strong>Mateus Meneghetti Ferrer<\/strong><\/span><\/p>\n<p><a href=\"https:\/\/wp.ufpel.edu.br\/ccaf\/files\/2020\/07\/1cad5875-7c35-41fe-9521-75d9061e838d.jpg\"><img loading=\"lazy\" decoding=\"async\" class=\"wp-image-1119 alignleft\" src=\"https:\/\/wp.ufpel.edu.br\/ccaf\/files\/2020\/07\/1cad5875-7c35-41fe-9521-75d9061e838d-400x400.jpg\" alt=\"\" width=\"179\" height=\"179\" srcset=\"https:\/\/wp.ufpel.edu.br\/ccaf\/files\/2020\/07\/1cad5875-7c35-41fe-9521-75d9061e838d-400x400.jpg 400w, https:\/\/wp.ufpel.edu.br\/ccaf\/files\/2020\/07\/1cad5875-7c35-41fe-9521-75d9061e838d-200x200.jpg 200w, https:\/\/wp.ufpel.edu.br\/ccaf\/files\/2020\/07\/1cad5875-7c35-41fe-9521-75d9061e838d-80x80.jpg 80w, https:\/\/wp.ufpel.edu.br\/ccaf\/files\/2020\/07\/1cad5875-7c35-41fe-9521-75d9061e838d-320x320.jpg 320w, https:\/\/wp.ufpel.edu.br\/ccaf\/files\/2020\/07\/1cad5875-7c35-41fe-9521-75d9061e838d.jpg 640w\" sizes=\"auto, (max-width: 179px) 100vw, 179px\" \/><\/a><\/p>\n<p style=\"text-align: justify\"><span style=\"font-size: 10pt\">Professor do Centro de Desenvolvimento Tecnol\u00f3gico da Universidade Federal de Pelotas (UFPel) e membro permanente do Programa de P\u00f3s-Gradua\u00e7\u00e3o em Ci\u00eancia e Engenharia de Materiais da UFPel. Possui doutorado em Ci\u00eancias (2016) e mestrado em Qu\u00edmica (2012), ambos na \u00e1rea de concentra\u00e7\u00e3o em f\u00edsico-qu\u00edmica, pela Universidade Federal de S\u00e3o Carlos e gradua\u00e7\u00e3o em Bacharelado em Qu\u00edmica pela Universidade Estadual de Maring\u00e1 (2007). Tem experi\u00eancia na \u00e1rea de f\u00edsico-qu\u00edmica aplicada \u00e0 mat\u00e9ria condensada com foco em correla\u00e7\u00e3o te\u00f3rica-experimental de materiais cer\u00e2micos multifuncionais. <a href=\"http:\/\/lattes.cnpq.br\/6355560471517685\">Clique aqui<\/a> para acessar a p\u00e1gina do Lattes.<\/span><\/p>\n","protected":false},"excerpt":{"rendered":"<p>Cristiane Raubach Ratmann Atualmente realiza P\u00f3s- Doutorado CAPES \u2013 PNPD no Programa de P\u00f3s Gradua\u00e7\u00e3o em F\u00edsica. Possui P\u00f3s- Doutorado CAPES \u2013 PNPD no Programa de P\u00f3s Gradua\u00e7\u00e3o em Ci\u00eancia e Engenharia de Materiais&#46;&#46;&#46;<\/p>\n","protected":false},"author":505,"featured_media":0,"parent":710,"menu_order":0,"comment_status":"closed","ping_status":"closed","template":"","meta":{"footnotes":""},"class_list":["post-687","page","type-page","status-publish","hentry"],"_links":{"self":[{"href":"https:\/\/wp.ufpel.edu.br\/ccaf\/wp-json\/wp\/v2\/pages\/687","targetHints":{"allow":["GET"]}}],"collection":[{"href":"https:\/\/wp.ufpel.edu.br\/ccaf\/wp-json\/wp\/v2\/pages"}],"about":[{"href":"https:\/\/wp.ufpel.edu.br\/ccaf\/wp-json\/wp\/v2\/types\/page"}],"author":[{"embeddable":true,"href":"https:\/\/wp.ufpel.edu.br\/ccaf\/wp-json\/wp\/v2\/users\/505"}],"replies":[{"embeddable":true,"href":"https:\/\/wp.ufpel.edu.br\/ccaf\/wp-json\/wp\/v2\/comments?post=687"}],"version-history":[{"count":9,"href":"https:\/\/wp.ufpel.edu.br\/ccaf\/wp-json\/wp\/v2\/pages\/687\/revisions"}],"predecessor-version":[{"id":1120,"href":"https:\/\/wp.ufpel.edu.br\/ccaf\/wp-json\/wp\/v2\/pages\/687\/revisions\/1120"}],"up":[{"embeddable":true,"href":"https:\/\/wp.ufpel.edu.br\/ccaf\/wp-json\/wp\/v2\/pages\/710"}],"wp:attachment":[{"href":"https:\/\/wp.ufpel.edu.br\/ccaf\/wp-json\/wp\/v2\/media?parent=687"}],"curies":[{"name":"wp","href":"https:\/\/api.w.org\/{rel}","templated":true}]}}

<p><span style="font-size: 12pt"><strong>Cristiane Raubach Ratmann</strong></span></p>
<p style="text-align: justify"><span style="font-size: 10pt"><a href="https://wp.ufpel.edu.br/ccaf/files/2020/07/pkg_util_img-scaled.jpeg"><img loading="lazy" decoding="async" class=" wp-image-1113 alignleft" src="https://wp.ufpel.edu.br/ccaf/files/2020/07/pkg_util_img-300x400.jpeg" alt="" width="148" height="197" srcset="https://wp.ufpel.edu.br/ccaf/files/2020/07/pkg_util_img-300x400.jpeg 300w, https://wp.ufpel.edu.br/ccaf/files/2020/07/pkg_util_img-768x1024.jpeg 768w, https://wp.ufpel.edu.br/ccaf/files/2020/07/pkg_util_img-1152x1536.jpeg 1152w, https://wp.ufpel.edu.br/ccaf/files/2020/07/pkg_util_img-1536x2048.jpeg 1536w, https://wp.ufpel.edu.br/ccaf/files/2020/07/pkg_util_img-scaled.jpeg 1920w" sizes="auto, (max-width: 148px) 100vw, 148px" /></a>Atualmente realiza Pós- Doutorado CAPES – PNPD no Programa de Pós Graduação em Física. Possui Pós- Doutorado CAPES – PNPD no Programa de Pós Graduação em Ciência e Engenharia de Materiais da Universidade Federal de Pelotas (2014). Atuou por 18 meses como professora substituta na Universidade Federal de Pelotas no Centro de Ciências Químicas e Farmacêuticas e de Alimentos. Doutora em Química pela Universidade Federal de São Carlos – bolsista FAPESP (2013), mestrado em Química pela Universidade Federal de Pelotas (2010) e graduação em Química Licenciatura pela Universidade Federal de Pelotas (2008). Atualmente realiza Pós-doutorado na Universidade Federal de São Carlos. Tem experiência na área de Química, com ênfase em química dos materiais, atuando principalmente nos seguintes temas: sistemas Core-Shell, nanopartículas, nanocompósitos, Sulfetos, sínteses químicas utilizando o sistemas solvotérmicos assistido por micro-ondas. <a href="http://buscatextual.cnpq.br/buscatextual/visualizacv.do?id=K4238914T2">Clique aqui</a> para acessar a página do Lattes.</span></p>
<p>&nbsp;</p>
<p><span style="font-size: 12pt"><strong>Mario Lúcio Moreira</strong></span></p>
<p style="text-align: justify"><a href="https://wp.ufpel.edu.br/ccaf/files/2015/05/mário.jpg"><img loading="lazy" decoding="async" class="wp-image-142 alignleft" src="https://wp.ufpel.edu.br/ccaf/files/2015/05/mário-424x318.jpg" alt="" width="173" height="130" srcset="https://wp.ufpel.edu.br/ccaf/files/2015/05/mário-424x318.jpg 424w, https://wp.ufpel.edu.br/ccaf/files/2015/05/mário-212x159.jpg 212w, https://wp.ufpel.edu.br/ccaf/files/2015/05/mário.jpg 720w" sizes="auto, (max-width: 173px) 100vw, 173px" /></a><span style="font-size: 10pt">É Professor do Instituto de Física e Matemática (IFM) da Universidade Federal de Pelotas/RS. Membro permanente e coordenador adjunto do programa de pós-graduação em Física da Universidade Federal de Pelotas. Bolsista Produtividade em Pesquisa do CNPq Nivel 2. Tem doutorado em Ciências (fisíco-química) pela Universidade Federal de São Carlos, mestre em Engenharia e Ciência de Materiais pela Universidade Estadual de Ponta Grossa (2005) e Bacharel em Física pela Universidade Estadual de Ponta Grossa (2002). Tem experiência na área de Ciência de Materiais, com ênfase em propriedades físicas dos materiais, atuando principalmente nos seguintes temas: Supercondutividade, Varistores, Fotoluminescência e Radioluminescência, Cristalização e crescimento de materiais cerâmicos, Simulação computacional aplicada a nanomateriais, Filmes finos e Sínteses hidrotérmicas assistidas por micro-ondas. <a href="http://buscatextual.cnpq.br/buscatextual/visualizacv.do?id=K4702023Z6">Clique aqui</a> para acessar a página do Lattes.<br />
</span></p>
<p>&nbsp;</p>
<p><span style="font-size: 12pt"><strong>Pedro Lovato Gomes Jardim</strong></span></p>
<p style="text-align: justify"><a href="https://wp.ufpel.edu.br/ccaf/files/2016/02/pedro.jpg"><img loading="lazy" decoding="async" class="wp-image-355 alignleft" src="https://wp.ufpel.edu.br/ccaf/files/2016/02/pedro.jpg" alt="" width="173" height="173" /></a><span style="font-size: 10pt">Graduado em Física (UFRGS, Porto Alegre. 2002); Mestre em Física (UFRGS, Porto Alegre, 2007); Doutor em Física (UFRGS, Porto Alegre, 2012). Realizou o pós-doutorado no Fraunhofer-IOF na cidade de Jena (Março de 2014) e, recentemente, concluiu o estágio pós-doutoral no Laboratório de Laser do Instituto de Física da UFRGS pela Pós-graduação em Microeletrônica (Maio de 2015). Atualmente, é Professor Adjunto Classe A no Instituto de Física e Matemática da UFPel. As áreas de interesse incluem: produção monitorada de filmes via spin coating e dip coating. Estudo teórico-experimental da dinâmica de escoamento e a viscosimetria laser de fluidos não-Newtonianos. Desenvolvimento de filmes nanoestruturados superhidrofóbicos e superhidrofílicos via processo Sol-Gel, deposição por pulverização catódica, deposição por canhão de elétrons e deposição térmica a vácuo. Estudo Teórico-experimental das propriedades estatísticas e ópticas de superfícies multifuncionais micro-nanoestruturadas. Dentre as técnicas experimentais dominadas se destacam: interferometria laser, polarimetria, elipsometria, microscopia de forca atômica (AFM), interferometria de luz branca (WLI) e microscopia foco infinito (IF). <a href="http://buscatextual.cnpq.br/buscatextual/visualizacv.do?id=K4559703T2">Clique aqu</a>i para acessar a página do Lattes.<br />
</span></p>
<p>&nbsp;</p>
<p><span style="font-size: 12pt"><strong>Sérgio da Silva Cava</strong></span></p>
<p style="text-align: justify"><a href="https://wp.ufpel.edu.br/ccaf/files/2015/05/cava.jpg"><img loading="lazy" decoding="async" class="wp-image-146 alignleft" src="https://wp.ufpel.edu.br/ccaf/files/2015/05/cava-318x318.jpg" alt="" width="166" height="166" srcset="https://wp.ufpel.edu.br/ccaf/files/2015/05/cava-318x318.jpg 318w, https://wp.ufpel.edu.br/ccaf/files/2015/05/cava-159x159.jpg 159w, https://wp.ufpel.edu.br/ccaf/files/2015/05/cava.jpg 880w" sizes="auto, (max-width: 166px) 100vw, 166px" /></a><span style="font-size: 10pt">Possui graduação em Engenharia de Materiais pela Universidade Estadual de Ponta Grossa &#8211; UEPG (1995), mestrado em Ciência e Engenharia de Materiais pela Universidade de São Paulo &#8211; USP/SC (2000) e doutorado em Química pela Universidade Federal de São Carlos &#8211; UFSCar (2003). Professor Associado da Universidade Federal de Pelotas &#8211; UFPel, lotado no Centro de Desenvolvimento Tecnológico &#8211; CDTec. É docente permanente do Programa de Pós-Graduação em Ciência e Engenharia de Materiais &#8211; PPGCEM (coordenador adjunto) e do Programa de Pós-Graduação em Física. Professor do curso de Graduação em Engenharia de Materiais. Foi coordenador do PPGCEM/UFPel durante dois mandatos, sendo o responsável pela implantação dos cursos de Mestrado e Doutorado. Avaliador da Área de Materiais da CAPES durante a avalição quadrienal em 2017. Diretor-Financeiro da Fundação Delfim Mendes da Silveira. Tem experiência na área de Engenharia de Materiais e Metalúrgica, com ênfase em Cerâmicos, atuando principalmente nos seguintes temas: processamento cerâmico, materiais cerâmicos, síntese química, revestimentos cerâmicos e pigmentos inorgânicos. Atualmente desenvolve trabalhos relacionados a síntese de novos materiais para aplicações diversas, como células fotovoltaicas, células a combustível, aplicações em odontologia, filmes anticorrosão e modificação de superfícies. Estes trabalhos estão sendo desenvolvidos na UFPel por meio do grupo de pesquisa Crescimento de Cristais Avançados Fotônica &#8211; CCAF. O grupo envolve professores e estudantes de todos os níveis em vários cursos e programas de pós-graduação na UFPel e em outras universidade na Brasil e outros países. <a href="http://buscatextual.cnpq.br/buscatextual/visualizacv.do?id=K4701765Y2">Clique aqui</a> para acessar a página do Lattes.<br />
</span></p>
<p>&nbsp;</p>
<p><span style="font-size: 12pt"><strong>Mateus Meneghetti Ferrer</strong></span></p>
<p><a href="https://wp.ufpel.edu.br/ccaf/files/2020/07/1cad5875-7c35-41fe-9521-75d9061e838d.jpg"><img loading="lazy" decoding="async" class="wp-image-1119 alignleft" src="https://wp.ufpel.edu.br/ccaf/files/2020/07/1cad5875-7c35-41fe-9521-75d9061e838d-400x400.jpg" alt="" width="179" height="179" srcset="https://wp.ufpel.edu.br/ccaf/files/2020/07/1cad5875-7c35-41fe-9521-75d9061e838d-400x400.jpg 400w, https://wp.ufpel.edu.br/ccaf/files/2020/07/1cad5875-7c35-41fe-9521-75d9061e838d-200x200.jpg 200w, https://wp.ufpel.edu.br/ccaf/files/2020/07/1cad5875-7c35-41fe-9521-75d9061e838d-80x80.jpg 80w, https://wp.ufpel.edu.br/ccaf/files/2020/07/1cad5875-7c35-41fe-9521-75d9061e838d-320x320.jpg 320w, https://wp.ufpel.edu.br/ccaf/files/2020/07/1cad5875-7c35-41fe-9521-75d9061e838d.jpg 640w" sizes="auto, (max-width: 179px) 100vw, 179px" /></a></p>
<p style="text-align: justify"><span style="font-size: 10pt">Professor do Centro de Desenvolvimento Tecnológico da Universidade Federal de Pelotas (UFPel) e membro permanente do Programa de Pós-Graduação em Ciência e Engenharia de Materiais da UFPel. Possui doutorado em Ciências (2016) e mestrado em Química (2012), ambos na área de concentração em físico-química, pela Universidade Federal de São Carlos e graduação em Bacharelado em Química pela Universidade Estadual de Maringá (2007). Tem experiência na área de físico-química aplicada à matéria condensada com foco em correlação teórica-experimental de materiais cerâmicos multifuncionais. <a href="http://lattes.cnpq.br/6355560471517685">Clique aqui</a> para acessar a página do Lattes.</span></p>

<p>Cristiane Raubach Ratmann Atualmente realiza Pós- Doutorado CAPES – PNPD no Programa de Pós Graduação em Física. Possui Pós- Doutorado CAPES – PNPD no Programa de Pós Graduação em Ciência e Engenharia de Materiais&#46;&#46;&#46;</p>
