{"id":92,"date":"2020-02-05T23:42:19","date_gmt":"2020-02-06T02:42:19","guid":{"rendered":"https:\/\/wp.ufpel.edu.br\/cbpve\/?page_id=92"},"modified":"2020-03-11T16:54:50","modified_gmt":"2020-03-11T19:54:50","slug":"inscricao","status":"publish","type":"page","link":"https:\/\/wp.ufpel.edu.br\/cbpve\/inscricao\/","title":{"rendered":"Inscri\u00e7\u00e3o"},"content":{"rendered":"<p>Clique aqui para acessar o\u00a0<span style=\"color: #0000ff\"><a style=\"color: #0000ff\" href=\"https:\/\/forms.gle\/SZhtPXFUQyPGyMK26\" target=\"_blank\" rel=\"noopener noreferrer\">Formul\u00e1rio 1 de inscri\u00e7\u00e3o no IV CBPVE<\/a><\/span><\/p>\n<p>&nbsp;<\/p>\n<p>&nbsp;<\/p>\n","protected":false},"excerpt":{"rendered":"<p>Clique aqui para acessar o\u00a0Formul\u00e1rio 1 de inscri\u00e7\u00e3o no IV CBPVE &nbsp; &nbsp;<\/p>\n","protected":false},"author":578,"featured_media":0,"parent":0,"menu_order":0,"comment_status":"closed","ping_status":"closed","template":"","meta":{"footnotes":""},"class_list":["post-92","page","type-page","status-publish","hentry","nodate","item-wrap"],"_links":{"self":[{"href":"https:\/\/wp.ufpel.edu.br\/cbpve\/wp-json\/wp\/v2\/pages\/92","targetHints":{"allow":["GET"]}}],"collection":[{"href":"https:\/\/wp.ufpel.edu.br\/cbpve\/wp-json\/wp\/v2\/pages"}],"about":[{"href":"https:\/\/wp.ufpel.edu.br\/cbpve\/wp-json\/wp\/v2\/types\/page"}],"author":[{"embeddable":true,"href":"https:\/\/wp.ufpel.edu.br\/cbpve\/wp-json\/wp\/v2\/users\/578"}],"replies":[{"embeddable":true,"href":"https:\/\/wp.ufpel.edu.br\/cbpve\/wp-json\/wp\/v2\/comments?post=92"}],"version-history":[{"count":3,"href":"https:\/\/wp.ufpel.edu.br\/cbpve\/wp-json\/wp\/v2\/pages\/92\/revisions"}],"predecessor-version":[{"id":135,"href":"https:\/\/wp.ufpel.edu.br\/cbpve\/wp-json\/wp\/v2\/pages\/92\/revisions\/135"}],"wp:attachment":[{"href":"https:\/\/wp.ufpel.edu.br\/cbpve\/wp-json\/wp\/v2\/media?parent=92"}],"curies":[{"name":"wp","href":"https:\/\/api.w.org\/{rel}","templated":true}]}}