{"id":25,"date":"2022-07-05T10:53:00","date_gmt":"2022-07-05T13:53:00","guid":{"rendered":"https:\/\/wp.ufpel.edu.br\/casteloassisbrasil\/?page_id=25"},"modified":"2022-07-13T16:27:47","modified_gmt":"2022-07-13T19:27:47","slug":"equipe","status":"publish","type":"page","link":"https:\/\/wp.ufpel.edu.br\/casteloassisbrasil\/equipe\/","title":{"rendered":"Equipe"},"content":{"rendered":"<p style=\"text-align: justify;\">Prof\u00aa. Dr\u00aa. Noris Mara Pacheco Martins Leal &#8211; <strong>Coordenadora <\/strong>(ICH &#8211; Departamento de Museologia, Conserva\u00e7\u00e3o e Restauro)<br \/>\nProf\u00aa. Dr\u00aa. Andr\u00e9a Lacerda Bachettini &#8211;<strong> Coordenadora adjunto <\/strong>(ICH &#8211; Departamento de Museologia, Conserva\u00e7\u00e3o e Restauro)<br \/>\nDr\u00aa. Keli Cristina Scolari (Restauradora &#8211; ICH)<br \/>\nM. Sc. Ubirajara Buddin Cruz (Bibliotec\u00e1rio &#8211; BCCL)<br \/>\nDr\u00aa Jossana Peil Coelho (PPGMP)<br \/>\nAna Carolina Fernandes da Silva (Conserva\u00e7\u00e3o e Restauro de Bens Culturais M\u00f3veis)<br \/>\nCl\u00e1udia Abra\u00e3o dos Santos Celente (Museologia)<br \/>\nEduarda Gabriela Agrello \u00c1vila (Museologia)<br \/>\nMagda Villanova Nunes (Conserva\u00e7\u00e3o e Restauro de Bens Culturais M\u00f3veis)<br \/>\nNath\u00e2nia Maria da Silva (Conserva\u00e7\u00e3o e Restauro de Bens Culturais M\u00f3veis)<br \/>\nRenan Marques Azevedo da Mata (Museologia)<br \/>\nGabriela Trindade Pacheco Segat<br \/>\nKamilla Trindade Pacheco Segat<br \/>\nRafael Batista Trindade Pacheco Segat<\/p>\n","protected":false},"excerpt":{"rendered":"<p>Prof\u00aa. Dr\u00aa. Noris Mara Pacheco Martins Leal &#8211; Coordenadora (ICH &#8211; Departamento de Museologia, Conserva\u00e7\u00e3o e Restauro) Prof\u00aa. Dr\u00aa. Andr\u00e9a Lacerda Bachettini &#8211; Coordenadora adjunto (ICH &#8211; Departamento de Museologia, Conserva\u00e7\u00e3o e Restauro) Dr\u00aa. Keli Cristina Scolari (Restauradora &#8211; ICH) M. Sc. Ubirajara Buddin Cruz (Bibliotec\u00e1rio &#8211; BCCL) Dr\u00aa Jossana Peil Coelho (PPGMP) Ana Carolina [&hellip;]<\/p>\n","protected":false},"author":1243,"featured_media":0,"parent":0,"menu_order":0,"comment_status":"closed","ping_status":"closed","template":"","meta":{"footnotes":""},"class_list":["post-25","page","type-page","status-publish","hentry"],"_links":{"self":[{"href":"https:\/\/wp.ufpel.edu.br\/casteloassisbrasil\/wp-json\/wp\/v2\/pages\/25","targetHints":{"allow":["GET"]}}],"collection":[{"href":"https:\/\/wp.ufpel.edu.br\/casteloassisbrasil\/wp-json\/wp\/v2\/pages"}],"about":[{"href":"https:\/\/wp.ufpel.edu.br\/casteloassisbrasil\/wp-json\/wp\/v2\/types\/page"}],"author":[{"embeddable":true,"href":"https:\/\/wp.ufpel.edu.br\/casteloassisbrasil\/wp-json\/wp\/v2\/users\/1243"}],"replies":[{"embeddable":true,"href":"https:\/\/wp.ufpel.edu.br\/casteloassisbrasil\/wp-json\/wp\/v2\/comments?post=25"}],"version-history":[{"count":5,"href":"https:\/\/wp.ufpel.edu.br\/casteloassisbrasil\/wp-json\/wp\/v2\/pages\/25\/revisions"}],"predecessor-version":[{"id":44,"href":"https:\/\/wp.ufpel.edu.br\/casteloassisbrasil\/wp-json\/wp\/v2\/pages\/25\/revisions\/44"}],"wp:attachment":[{"href":"https:\/\/wp.ufpel.edu.br\/casteloassisbrasil\/wp-json\/wp\/v2\/media?parent=25"}],"curies":[{"name":"wp","href":"https:\/\/api.w.org\/{rel}","templated":true}]}}