{"id":78,"date":"2016-03-12T16:55:36","date_gmt":"2016-03-12T19:55:36","guid":{"rendered":"https:\/\/wp.ufpel.edu.br\/casapassivabrasil\/?page_id=78"},"modified":"2016-04-05T14:47:45","modified_gmt":"2016-04-05T17:47:45","slug":"conceito","status":"publish","type":"page","link":"https:\/\/wp.ufpel.edu.br\/casapassivabrasil\/passivhaus-2\/conceito\/","title":{"rendered":"Conceito"},"content":{"rendered":"<p>Passivhaus s\u00e3o edif\u00edcios com elevado n\u00edvel de conforto interior e baixo custo de energia.<\/p>\n<p>O conceito foi criado em 1988 por Bo Adamson (Su\u00e9cia) e Wolfgang Feist (Alemanha) e a primeira Passivhaus surgiu em 1990 em Darmstadt, na Alemanha.<\/p>\n<p>&nbsp;<\/p>\n<p><img loading=\"lazy\" decoding=\"async\" class=\"wp-image-6  aligncenter\" src=\"https:\/\/wp.ufpel.edu.br\/casapassivabrasil\/files\/2016\/03\/05-e1459878416289-424x167.jpg\" alt=\"\" width=\"549\" height=\"216\" srcset=\"https:\/\/wp.ufpel.edu.br\/casapassivabrasil\/files\/2016\/03\/05-e1459878416289-424x167.jpg 424w, https:\/\/wp.ufpel.edu.br\/casapassivabrasil\/files\/2016\/03\/05-e1459878416289-212x83.jpg 212w, https:\/\/wp.ufpel.edu.br\/casapassivabrasil\/files\/2016\/03\/05-e1459878416289-768x302.jpg 768w, https:\/\/wp.ufpel.edu.br\/casapassivabrasil\/files\/2016\/03\/05-e1459878416289-100x39.jpg 100w, https:\/\/wp.ufpel.edu.br\/casapassivabrasil\/files\/2016\/03\/05-e1459878416289-150x59.jpg 150w, https:\/\/wp.ufpel.edu.br\/casapassivabrasil\/files\/2016\/03\/05-e1459878416289-200x79.jpg 200w, https:\/\/wp.ufpel.edu.br\/casapassivabrasil\/files\/2016\/03\/05-e1459878416289-300x118.jpg 300w, https:\/\/wp.ufpel.edu.br\/casapassivabrasil\/files\/2016\/03\/05-e1459878416289-450x177.jpg 450w, https:\/\/wp.ufpel.edu.br\/casapassivabrasil\/files\/2016\/03\/05-e1459878416289-600x236.jpg 600w, https:\/\/wp.ufpel.edu.br\/casapassivabrasil\/files\/2016\/03\/05-e1459878416289-900x353.jpg 900w, https:\/\/wp.ufpel.edu.br\/casapassivabrasil\/files\/2016\/03\/05-e1459878416289.jpg 1795w\" sizes=\"auto, (max-width: 549px) 100vw, 549px\" \/><\/p>\n","protected":false},"excerpt":{"rendered":"<p>Passivhaus s\u00e3o edif\u00edcios com elevado n\u00edvel de conforto interior e baixo custo de energia. O conceito foi criado em 1988 por Bo Adamson (Su\u00e9cia) e Wolfgang Feist (Alemanha) e a primeira Passivhaus surgiu em 1990 em Darmstadt, na Alemanha. &nbsp;<\/p>\n","protected":false},"author":625,"featured_media":0,"parent":38,"menu_order":1,"comment_status":"closed","ping_status":"closed","template":"","meta":{"footnotes":""},"class_list":["post-78","page","type-page","status-publish","hentry"],"_links":{"self":[{"href":"https:\/\/wp.ufpel.edu.br\/casapassivabrasil\/wp-json\/wp\/v2\/pages\/78","targetHints":{"allow":["GET"]}}],"collection":[{"href":"https:\/\/wp.ufpel.edu.br\/casapassivabrasil\/wp-json\/wp\/v2\/pages"}],"about":[{"href":"https:\/\/wp.ufpel.edu.br\/casapassivabrasil\/wp-json\/wp\/v2\/types\/page"}],"author":[{"embeddable":true,"href":"https:\/\/wp.ufpel.edu.br\/casapassivabrasil\/wp-json\/wp\/v2\/users\/625"}],"replies":[{"embeddable":true,"href":"https:\/\/wp.ufpel.edu.br\/casapassivabrasil\/wp-json\/wp\/v2\/comments?post=78"}],"version-history":[{"count":5,"href":"https:\/\/wp.ufpel.edu.br\/casapassivabrasil\/wp-json\/wp\/v2\/pages\/78\/revisions"}],"predecessor-version":[{"id":286,"href":"https:\/\/wp.ufpel.edu.br\/casapassivabrasil\/wp-json\/wp\/v2\/pages\/78\/revisions\/286"}],"up":[{"embeddable":true,"href":"https:\/\/wp.ufpel.edu.br\/casapassivabrasil\/wp-json\/wp\/v2\/pages\/38"}],"wp:attachment":[{"href":"https:\/\/wp.ufpel.edu.br\/casapassivabrasil\/wp-json\/wp\/v2\/media?parent=78"}],"curies":[{"name":"wp","href":"https:\/\/api.w.org\/{rel}","templated":true}]}}

<p>Passivhaus são edifícios com elevado nível de conforto interior e baixo custo de energia.</p>
<p>O conceito foi criado em 1988 por Bo Adamson (Suécia) e Wolfgang Feist (Alemanha) e a primeira Passivhaus surgiu em 1990 em Darmstadt, na Alemanha.</p>
<p>&nbsp;</p>
<p><img loading="lazy" decoding="async" class="wp-image-6  aligncenter" src="https://wp.ufpel.edu.br/casapassivabrasil/files/2016/03/05-e1459878416289-424x167.jpg" alt="" width="549" height="216" srcset="https://wp.ufpel.edu.br/casapassivabrasil/files/2016/03/05-e1459878416289-424x167.jpg 424w, https://wp.ufpel.edu.br/casapassivabrasil/files/2016/03/05-e1459878416289-212x83.jpg 212w, https://wp.ufpel.edu.br/casapassivabrasil/files/2016/03/05-e1459878416289-768x302.jpg 768w, https://wp.ufpel.edu.br/casapassivabrasil/files/2016/03/05-e1459878416289-100x39.jpg 100w, https://wp.ufpel.edu.br/casapassivabrasil/files/2016/03/05-e1459878416289-150x59.jpg 150w, https://wp.ufpel.edu.br/casapassivabrasil/files/2016/03/05-e1459878416289-200x79.jpg 200w, https://wp.ufpel.edu.br/casapassivabrasil/files/2016/03/05-e1459878416289-300x118.jpg 300w, https://wp.ufpel.edu.br/casapassivabrasil/files/2016/03/05-e1459878416289-450x177.jpg 450w, https://wp.ufpel.edu.br/casapassivabrasil/files/2016/03/05-e1459878416289-600x236.jpg 600w, https://wp.ufpel.edu.br/casapassivabrasil/files/2016/03/05-e1459878416289-900x353.jpg 900w, https://wp.ufpel.edu.br/casapassivabrasil/files/2016/03/05-e1459878416289.jpg 1795w" sizes="auto, (max-width: 549px) 100vw, 549px" /></p>

<p>Passivhaus são edifícios com elevado nível de conforto interior e baixo custo de energia. O conceito foi criado em 1988 por Bo Adamson (Suécia) e Wolfgang Feist (Alemanha) e a primeira Passivhaus surgiu em 1990 em Darmstadt, na Alemanha. &nbsp;</p>
