{"id":53,"date":"2016-03-11T11:27:58","date_gmt":"2016-03-11T14:27:58","guid":{"rendered":"https:\/\/wp.ufpel.edu.br\/casapassivabrasil\/?page_id=53"},"modified":"2016-03-12T16:56:16","modified_gmt":"2016-03-12T19:56:16","slug":"requisitos","status":"publish","type":"page","link":"https:\/\/wp.ufpel.edu.br\/casapassivabrasil\/passivhaus-2\/requisitos\/","title":{"rendered":"Requisitos"},"content":{"rendered":"<p>a) A demanda de energia para aquecimento n\u00e3o deve ser superior a 15 kWh\/(m\u00b2.a), ou a carga t\u00e9rmica n\u00e3o deve ser superior a 10W\/m\u00b2;<\/p>\n<p>b) a demanda de energia para arrefecimen\u00adto n\u00e3o deve ser superior a 15 kWh\/(m\u00b2.a);<\/p>\n<p>c) a demanda de energia prim\u00e1ria, energia total a ser usada para todas as aplica\u00e7\u00f5es dom\u00e9sticas (aquecimento, \u00e1gua quente e eletricidade dom\u00e9stica) n\u00e3o deve exceder 120 kWh\/(m\u00b2.a);<\/p>\n<p>d) o edif\u00edcio deve ser herm\u00e9tico, com um m\u00e1ximo de 0,60 renova\u00e7\u00f5es de ar por hora \u00e0 press\u00e3o de 50 Pascal;<\/p>\n<p>e) o conforto t\u00e9rmico deve ser atendido para todas as \u00e1reas de perman\u00eancia du\u00adrante o inverno, bem como no ver\u00e3o, n\u00e3o ultrapassando 10% das horas em um de\u00adterminado ano \u00e0 temperatura de 25 \u00b0C.<\/p>\n","protected":false},"excerpt":{"rendered":"<p>a) A demanda de energia para aquecimento n\u00e3o deve ser superior a 15 kWh\/(m\u00b2.a), ou a carga t\u00e9rmica n\u00e3o deve ser superior a 10W\/m\u00b2; b) a demanda de energia para arrefecimen\u00adto n\u00e3o deve ser superior a 15 kWh\/(m\u00b2.a); c) a &hellip;<\/p>\n<p class=\"read-more\"> <a class=\"\" href=\"https:\/\/wp.ufpel.edu.br\/casapassivabrasil\/passivhaus-2\/requisitos\/\"> <span class=\"screen-reader-text\">Requisitos<\/span> Read More &raquo;<\/a><\/p>\n","protected":false},"author":625,"featured_media":0,"parent":38,"menu_order":3,"comment_status":"closed","ping_status":"closed","template":"","meta":{"footnotes":""},"class_list":["post-53","page","type-page","status-publish","hentry"],"_links":{"self":[{"href":"https:\/\/wp.ufpel.edu.br\/casapassivabrasil\/wp-json\/wp\/v2\/pages\/53","targetHints":{"allow":["GET"]}}],"collection":[{"href":"https:\/\/wp.ufpel.edu.br\/casapassivabrasil\/wp-json\/wp\/v2\/pages"}],"about":[{"href":"https:\/\/wp.ufpel.edu.br\/casapassivabrasil\/wp-json\/wp\/v2\/types\/page"}],"author":[{"embeddable":true,"href":"https:\/\/wp.ufpel.edu.br\/casapassivabrasil\/wp-json\/wp\/v2\/users\/625"}],"replies":[{"embeddable":true,"href":"https:\/\/wp.ufpel.edu.br\/casapassivabrasil\/wp-json\/wp\/v2\/comments?post=53"}],"version-history":[{"count":1,"href":"https:\/\/wp.ufpel.edu.br\/casapassivabrasil\/wp-json\/wp\/v2\/pages\/53\/revisions"}],"predecessor-version":[{"id":55,"href":"https:\/\/wp.ufpel.edu.br\/casapassivabrasil\/wp-json\/wp\/v2\/pages\/53\/revisions\/55"}],"up":[{"embeddable":true,"href":"https:\/\/wp.ufpel.edu.br\/casapassivabrasil\/wp-json\/wp\/v2\/pages\/38"}],"wp:attachment":[{"href":"https:\/\/wp.ufpel.edu.br\/casapassivabrasil\/wp-json\/wp\/v2\/media?parent=53"}],"curies":[{"name":"wp","href":"https:\/\/api.w.org\/{rel}","templated":true}]}}