{"id":2104,"date":"2024-08-26T10:08:54","date_gmt":"2024-08-26T13:08:54","guid":{"rendered":"https:\/\/wp.ufpel.edu.br\/carlosritter\/?page_id=2104"},"modified":"2025-03-18T17:13:48","modified_gmt":"2025-03-18T20:13:48","slug":"termo-de-pesquisa","status":"publish","type":"page","link":"https:\/\/wp.ufpel.edu.br\/carlosritter\/?page_id=2104","title":{"rendered":"REGRAS DE PESQUISA"},"content":{"rendered":"<p><span style=\"color: #003300;\"><strong>O MCNCR est\u00e1 \u00e0 disposi\u00e7\u00e3o de pesquisadores das mais diversas \u00e1reas e n\u00edveis de forma\u00e7\u00e3o, que estejam interessados em utilizar o acervo para seus estudos.<\/strong><\/span><\/p>\n<p><a href=\"https:\/\/wp.ufpel.edu.br\/carlosritter\/?attachment_id=2426\" rel=\"attachment wp-att-2426\"><img class=\"wp-image-2426 alignright\" src=\"https:\/\/wp.ufpel.edu.br\/carlosritter\/files\/2025\/03\/P1-383x400.png\" alt=\"\" width=\"296\" height=\"309\" srcset=\"https:\/\/wp.ufpel.edu.br\/carlosritter\/files\/2025\/03\/P1-383x400.png 383w, https:\/\/wp.ufpel.edu.br\/carlosritter\/files\/2025\/03\/P1-768x801.png 768w, https:\/\/wp.ufpel.edu.br\/carlosritter\/files\/2025\/03\/P1.png 900w\" sizes=\"(max-width: 296px) 100vw, 296px\" \/><\/a><\/p>\n<p><span style=\"color: #008000;\"><strong>Regras de pesquisa no Museu de Ci\u00eancias Naturais Carlos Ritter<\/strong><\/span><\/p>\n<ul>\n<li>Agendamento pr\u00e9vio por e-mail (<strong>museucarlosritter@gmail.com<\/strong>), ou pelo\u00a0 \u00a0telefone <strong>\u00a0(53) 32844324<\/strong> ou via formul\u00e1rio;<\/li>\n<li>Uso de EPI&#8217;s;<\/li>\n<li>Realiza\u00e7\u00e3o de registro fotogr\u00e1fico sem flash;<\/li>\n<li>Utilizar de forma \u00e9tica a pesquisa realizada no MCNCR e seu acervo;<\/li>\n<li>\u00a0Usar nas imagens autorizadas o cr\u00e9dito Museu de Ci\u00eancias Naturais Carlos Ritter &#8211; IB\/UFPel;<\/li>\n<li>Fornecer uma c\u00f3pia da pesquisa ao museu bem como os produtos gerados;<\/li>\n<li>Preencher Termo de Pesquisa.<\/li>\n<\/ul>\n<p>&nbsp;<\/p>\n<p><span style=\"color: #008000;\"><strong>TERMO DE PESQUISA<\/strong>:\u00a0<strong><a style=\"color: #008000;\" href=\"https:\/\/wp.ufpel.edu.br\/carlosritter\/files\/2024\/08\/MCNCR_Termo-de-Pesquisa.pdf\" target=\"_blank\" rel=\"noopener\">BAIXE AQUI!<\/a><\/strong><\/span><\/p>\n<p>Preencha o Termo de Pesquisa, assine e envie para o\u00a0<a href=\"https:\/\/wp.ufpel.edu.br\/carlosritter\/museucarlosritter@gmail.com.br\" target=\"_blank\" rel=\"noopener\">e-mail<\/a>\u00a0(museucarlosritter@gmail.com.br)<\/p>\n<p>&nbsp;<\/p>\n","protected":false},"excerpt":{"rendered":"<p>O MCNCR est\u00e1 \u00e0 disposi\u00e7\u00e3o de pesquisadores das mais diversas \u00e1reas e n\u00edveis de forma\u00e7\u00e3o, que estejam interessados em utilizar o acervo para seus estudos. Regras de pesquisa no Museu de Ci\u00eancias Naturais Carlos Ritter Agendamento pr\u00e9vio por e-mail (museucarlosritter@gmail.com), ou pelo\u00a0 \u00a0telefone \u00a0(53) 32844324 ou via formul\u00e1rio; Uso de EPI&#8217;s; Realiza\u00e7\u00e3o de registro fotogr\u00e1fico [&hellip;]<\/p>\n","protected":false},"author":593,"featured_media":0,"parent":0,"menu_order":0,"comment_status":"closed","ping_status":"closed","template":"","meta":{"footnotes":""},"class_list":["post-2104","page","type-page","status-publish","hentry"],"jetpack_sharing_enabled":true,"_links":{"self":[{"href":"https:\/\/wp.ufpel.edu.br\/carlosritter\/index.php?rest_route=\/wp\/v2\/pages\/2104","targetHints":{"allow":["GET"]}}],"collection":[{"href":"https:\/\/wp.ufpel.edu.br\/carlosritter\/index.php?rest_route=\/wp\/v2\/pages"}],"about":[{"href":"https:\/\/wp.ufpel.edu.br\/carlosritter\/index.php?rest_route=\/wp\/v2\/types\/page"}],"author":[{"embeddable":true,"href":"https:\/\/wp.ufpel.edu.br\/carlosritter\/index.php?rest_route=\/wp\/v2\/users\/593"}],"replies":[{"embeddable":true,"href":"https:\/\/wp.ufpel.edu.br\/carlosritter\/index.php?rest_route=%2Fwp%2Fv2%2Fcomments&post=2104"}],"version-history":[{"count":8,"href":"https:\/\/wp.ufpel.edu.br\/carlosritter\/index.php?rest_route=\/wp\/v2\/pages\/2104\/revisions"}],"predecessor-version":[{"id":2427,"href":"https:\/\/wp.ufpel.edu.br\/carlosritter\/index.php?rest_route=\/wp\/v2\/pages\/2104\/revisions\/2427"}],"wp:attachment":[{"href":"https:\/\/wp.ufpel.edu.br\/carlosritter\/index.php?rest_route=%2Fwp%2Fv2%2Fmedia&parent=2104"}],"curies":[{"name":"wp","href":"https:\/\/api.w.org\/{rel}","templated":true}]}}