{"id":17,"date":"2020-02-10T21:22:14","date_gmt":"2020-02-11T00:22:14","guid":{"rendered":"https:\/\/wp.ufpel.edu.br\/capacitacaobioterioufpel\/?page_id=17"},"modified":"2021-10-18T15:16:50","modified_gmt":"2021-10-18T18:16:50","slug":"comites","status":"publish","type":"page","link":"https:\/\/wp.ufpel.edu.br\/capacitacaobioterioufpel\/comites\/","title":{"rendered":"COMIT\u00caS"},"content":{"rendered":"<h2 style=\"text-align: center\">Comiss\u00e3o Organizadora &#8211; 2\u00aa Edi\u00e7\u00e3o<\/h2>\n<p><strong>Coordena\u00e7\u00e3o:<\/strong><a href=\"https:\/\/wp.ufpel.edu.br\/elasnaciencia\/files\/2019\/09\/Cristiani-bortolatto-e1568035424489.jpg\"><br \/>\n<\/a><\/p>\n<p><img loading=\"lazy\" decoding=\"async\" class=\"alignnone wp-image-130 size-pique-thumbnail-avatar\" src=\"https:\/\/wp.ufpel.edu.br\/capacitacaobioterioufpel\/files\/2020\/02\/Cristiani-100x100.jpg\" alt=\"\" width=\"100\" height=\"100\" srcset=\"https:\/\/wp.ufpel.edu.br\/capacitacaobioterioufpel\/files\/2020\/02\/Cristiani-100x100.jpg 100w, https:\/\/wp.ufpel.edu.br\/capacitacaobioterioufpel\/files\/2020\/02\/Cristiani-200x200.jpg 200w, https:\/\/wp.ufpel.edu.br\/capacitacaobioterioufpel\/files\/2020\/02\/Cristiani-280x280.jpg 280w, https:\/\/wp.ufpel.edu.br\/capacitacaobioterioufpel\/files\/2020\/02\/Cristiani.jpg 400w\" sizes=\"auto, (max-width: 100px) 100vw, 100px\" \/> Cristiani Folharini Bortolatto &#8211; <a href=\"http:\/\/lattes.cnpq.br\/8879481124489885\">Curr\u00edculo Lattes<\/a><\/p>\n<p><img loading=\"lazy\" decoding=\"async\" class=\"alignnone wp-image-125 size-pique-thumbnail-avatar\" src=\"https:\/\/wp.ufpel.edu.br\/capacitacaobioterioufpel\/files\/2020\/02\/romero-100x100.jpg\" alt=\"\" width=\"100\" height=\"100\" srcset=\"https:\/\/wp.ufpel.edu.br\/capacitacaobioterioufpel\/files\/2020\/02\/romero-100x100.jpg 100w, https:\/\/wp.ufpel.edu.br\/capacitacaobioterioufpel\/files\/2020\/02\/romero-200x200.jpg 200w\" sizes=\"auto, (max-width: 100px) 100vw, 100px\" \/> Francisco Romero Cabral &#8211; <a href=\"http:\/\/lattes.cnpq.br\/2523581749971153\" target=\"_blank\" rel=\"noopener noreferrer\">Curr\u00edculo Lattes<\/a><\/p>\n<p><strong>Comiss\u00e3o organizadora:<\/strong><\/p>\n<p>Servidores:<\/p>\n<p><img loading=\"lazy\" decoding=\"async\" class=\"alignnone wp-image-131 size-pique-thumbnail-avatar\" src=\"https:\/\/wp.ufpel.edu.br\/capacitacaobioterioufpel\/files\/2020\/02\/ana-paula-100x100.jpg\" alt=\"\" width=\"100\" height=\"100\" srcset=\"https:\/\/wp.ufpel.edu.br\/capacitacaobioterioufpel\/files\/2020\/02\/ana-paula-100x100.jpg 100w, https:\/\/wp.ufpel.edu.br\/capacitacaobioterioufpel\/files\/2020\/02\/ana-paula-200x200.jpg 200w, https:\/\/wp.ufpel.edu.br\/capacitacaobioterioufpel\/files\/2020\/02\/ana-paula-280x280.jpg 280w\" sizes=\"auto, (max-width: 100px) 100vw, 100px\" \/> Ana Paula Pesarico &#8211; <a href=\"http:\/\/lattes.cnpq.br\/1768839485151839\" target=\"_blank\" rel=\"noopener noreferrer\">Curr\u00edculo Lattes<\/a><\/p>\n<p><img loading=\"lazy\" decoding=\"async\" class=\"alignnone wp-image-123 size-pique-thumbnail-avatar\" src=\"https:\/\/wp.ufpel.edu.br\/capacitacaobioterioufpel\/files\/2020\/02\/anelize-100x100.jpg\" alt=\"\" width=\"100\" height=\"100\" srcset=\"https:\/\/wp.ufpel.edu.br\/capacitacaobioterioufpel\/files\/2020\/02\/anelize-100x100.jpg 100w, https:\/\/wp.ufpel.edu.br\/capacitacaobioterioufpel\/files\/2020\/02\/anelize-200x200.jpg 200w\" sizes=\"auto, (max-width: 100px) 100vw, 100px\" \/> Anelize de Oliveira Campello Felix &#8211; <a href=\"http:\/\/lattes.cnpq.br\/4064902111812687\" target=\"_blank\" rel=\"noopener noreferrer\">Curr\u00edculo Lattes<\/a><\/p>\n<p><img loading=\"lazy\" decoding=\"async\" class=\"alignnone wp-image-132 size-pique-thumbnail-avatar\" src=\"https:\/\/wp.ufpel.edu.br\/capacitacaobioterioufpel\/files\/2020\/02\/cesar-100x100.jpg\" alt=\"\" width=\"100\" height=\"100\" srcset=\"https:\/\/wp.ufpel.edu.br\/capacitacaobioterioufpel\/files\/2020\/02\/cesar-100x100.jpg 100w, https:\/\/wp.ufpel.edu.br\/capacitacaobioterioufpel\/files\/2020\/02\/cesar-400x400.jpg 400w, https:\/\/wp.ufpel.edu.br\/capacitacaobioterioufpel\/files\/2020\/02\/cesar-200x200.jpg 200w, https:\/\/wp.ufpel.edu.br\/capacitacaobioterioufpel\/files\/2020\/02\/cesar-280x280.jpg 280w, https:\/\/wp.ufpel.edu.br\/capacitacaobioterioufpel\/files\/2020\/02\/cesar.jpg 635w\" sizes=\"auto, (max-width: 100px) 100vw, 100px\" \/> C\u00e9sar Augusto Bruning &#8211; <a href=\"http:\/\/lattes.cnpq.br\/6471517217246368\">Curr\u00edculo Lattes<\/a><\/p>\n<p><img loading=\"lazy\" decoding=\"async\" class=\"alignnone wp-image-134 size-pique-thumbnail-avatar\" src=\"https:\/\/wp.ufpel.edu.br\/capacitacaobioterioufpel\/files\/2020\/02\/giovanna-100x100.jpg\" alt=\"\" width=\"100\" height=\"100\" srcset=\"https:\/\/wp.ufpel.edu.br\/capacitacaobioterioufpel\/files\/2020\/02\/giovanna-100x100.jpg 100w, https:\/\/wp.ufpel.edu.br\/capacitacaobioterioufpel\/files\/2020\/02\/giovanna-200x200.jpg 200w, https:\/\/wp.ufpel.edu.br\/capacitacaobioterioufpel\/files\/2020\/02\/giovanna-280x280.jpg 280w\" sizes=\"auto, (max-width: 100px) 100vw, 100px\" \/> Giovana Duzzo Gamaro &#8211;\u00a0<a href=\"http:\/\/lattes.cnpq.br\/9476246181895666\">Curr\u00edculo Lattes<\/a><\/p>\n<p>Alunos de doutorado:<\/p>\n<ul>\n<li>Lu\u00edza Spohr &#8211;\u00a0 Bioqu\u00edmica e Bioprospec\u00e7\u00e3o<\/li>\n<li>Ta\u00eds da Silva Teixeira Rech &#8211;\u00a0 Bioqu\u00edmica e Bioprospec\u00e7\u00e3o<\/li>\n<\/ul>\n<p>Alunos de gradua\u00e7\u00e3o:<\/p>\n<ul>\n<li>Am\u00e1lia Gon\u00e7alves Alves &#8211; Biotecnologia<\/li>\n<li>Cleisson Schossler Garcia &#8211; Ci\u00eancias Biol\u00f3gicas<\/li>\n<li>Dianer Nornberg Strelow &#8211; Farm\u00e1cia<\/li>\n<li>Evelyn Mianes Besckow &#8211; Farm\u00e1cia<\/li>\n<li>Gustavo D&#8217;Avila Nunes &#8211; Farm\u00e1cia<\/li>\n<li>Let\u00edcia Devantier Kruger &#8211; Farm\u00e1cia<\/li>\n<li>T\u00e1cia Katiane Hall &#8211; Farm\u00e1cia<\/li>\n<li>Wellington da Silva &#8211; Medicina Veterin\u00e1ria<\/li>\n<\/ul>\n<p><!--nextpage--><\/p>\n<h2 style=\"text-align: center\">Comiss\u00e3o Organizadora &#8211; 1\u00aa Edi\u00e7\u00e3o<\/h2>\n<p><strong>Coordena\u00e7\u00e3o:<\/strong><a href=\"https:\/\/wp.ufpel.edu.br\/elasnaciencia\/files\/2019\/09\/Cristiani-bortolatto-e1568035424489.jpg\"><br \/>\n<\/a><\/p>\n<p><img loading=\"lazy\" decoding=\"async\" class=\"alignnone wp-image-130 size-pique-thumbnail-avatar\" src=\"https:\/\/wp.ufpel.edu.br\/capacitacaobioterioufpel\/files\/2020\/02\/Cristiani-100x100.jpg\" alt=\"\" width=\"100\" height=\"100\" srcset=\"https:\/\/wp.ufpel.edu.br\/capacitacaobioterioufpel\/files\/2020\/02\/Cristiani-100x100.jpg 100w, https:\/\/wp.ufpel.edu.br\/capacitacaobioterioufpel\/files\/2020\/02\/Cristiani-200x200.jpg 200w, https:\/\/wp.ufpel.edu.br\/capacitacaobioterioufpel\/files\/2020\/02\/Cristiani-280x280.jpg 280w, https:\/\/wp.ufpel.edu.br\/capacitacaobioterioufpel\/files\/2020\/02\/Cristiani.jpg 400w\" sizes=\"auto, (max-width: 100px) 100vw, 100px\" \/> Cristiani Folharini Bortolatto &#8211; <a href=\"http:\/\/lattes.cnpq.br\/8879481124489885\">Curr\u00edculo Lattes<\/a><\/p>\n<p><img loading=\"lazy\" decoding=\"async\" class=\"alignnone wp-image-125 size-pique-thumbnail-avatar\" src=\"https:\/\/wp.ufpel.edu.br\/capacitacaobioterioufpel\/files\/2020\/02\/romero-100x100.jpg\" alt=\"\" width=\"100\" height=\"100\" srcset=\"https:\/\/wp.ufpel.edu.br\/capacitacaobioterioufpel\/files\/2020\/02\/romero-100x100.jpg 100w, https:\/\/wp.ufpel.edu.br\/capacitacaobioterioufpel\/files\/2020\/02\/romero-200x200.jpg 200w\" sizes=\"auto, (max-width: 100px) 100vw, 100px\" \/> Francisco Romero Cabral &#8211; <a href=\"http:\/\/lattes.cnpq.br\/2523581749971153\" target=\"_blank\" rel=\"noopener noreferrer\">Curr\u00edculo Lattes<\/a><\/p>\n<p><strong>Comiss\u00e3o organizadora:<\/strong><\/p>\n<p>Servidores:<\/p>\n<p><img loading=\"lazy\" decoding=\"async\" class=\"alignnone wp-image-131 size-pique-thumbnail-avatar\" src=\"https:\/\/wp.ufpel.edu.br\/capacitacaobioterioufpel\/files\/2020\/02\/ana-paula-100x100.jpg\" alt=\"\" width=\"100\" height=\"100\" srcset=\"https:\/\/wp.ufpel.edu.br\/capacitacaobioterioufpel\/files\/2020\/02\/ana-paula-100x100.jpg 100w, https:\/\/wp.ufpel.edu.br\/capacitacaobioterioufpel\/files\/2020\/02\/ana-paula-200x200.jpg 200w, https:\/\/wp.ufpel.edu.br\/capacitacaobioterioufpel\/files\/2020\/02\/ana-paula-280x280.jpg 280w\" sizes=\"auto, (max-width: 100px) 100vw, 100px\" \/> Ana Paula Pesarico &#8211; <a href=\"http:\/\/lattes.cnpq.br\/1768839485151839\" target=\"_blank\" rel=\"noopener noreferrer\">Curr\u00edculo Lattes<\/a><\/p>\n<p><img loading=\"lazy\" decoding=\"async\" class=\"alignnone wp-image-123 size-pique-thumbnail-avatar\" src=\"https:\/\/wp.ufpel.edu.br\/capacitacaobioterioufpel\/files\/2020\/02\/anelize-100x100.jpg\" alt=\"\" width=\"100\" height=\"100\" srcset=\"https:\/\/wp.ufpel.edu.br\/capacitacaobioterioufpel\/files\/2020\/02\/anelize-100x100.jpg 100w, https:\/\/wp.ufpel.edu.br\/capacitacaobioterioufpel\/files\/2020\/02\/anelize-200x200.jpg 200w\" sizes=\"auto, (max-width: 100px) 100vw, 100px\" \/> Anelize de Oliveira Campello Felix &#8211; <a href=\"http:\/\/lattes.cnpq.br\/4064902111812687\" target=\"_blank\" rel=\"noopener noreferrer\">Curr\u00edculo Lattes<\/a><\/p>\n<p><img loading=\"lazy\" decoding=\"async\" class=\"alignnone wp-image-132 size-pique-thumbnail-avatar\" src=\"https:\/\/wp.ufpel.edu.br\/capacitacaobioterioufpel\/files\/2020\/02\/cesar-100x100.jpg\" alt=\"\" width=\"100\" height=\"100\" srcset=\"https:\/\/wp.ufpel.edu.br\/capacitacaobioterioufpel\/files\/2020\/02\/cesar-100x100.jpg 100w, https:\/\/wp.ufpel.edu.br\/capacitacaobioterioufpel\/files\/2020\/02\/cesar-400x400.jpg 400w, https:\/\/wp.ufpel.edu.br\/capacitacaobioterioufpel\/files\/2020\/02\/cesar-200x200.jpg 200w, https:\/\/wp.ufpel.edu.br\/capacitacaobioterioufpel\/files\/2020\/02\/cesar-280x280.jpg 280w, https:\/\/wp.ufpel.edu.br\/capacitacaobioterioufpel\/files\/2020\/02\/cesar.jpg 635w\" sizes=\"auto, (max-width: 100px) 100vw, 100px\" \/> C\u00e9sar Augusto Bruning &#8211; <a href=\"http:\/\/lattes.cnpq.br\/6471517217246368\">Curr\u00edculo Lattes<\/a><\/p>\n<p><img loading=\"lazy\" decoding=\"async\" class=\"alignnone wp-image-134 size-pique-thumbnail-avatar\" src=\"https:\/\/wp.ufpel.edu.br\/capacitacaobioterioufpel\/files\/2020\/02\/giovanna-100x100.jpg\" alt=\"\" width=\"100\" height=\"100\" srcset=\"https:\/\/wp.ufpel.edu.br\/capacitacaobioterioufpel\/files\/2020\/02\/giovanna-100x100.jpg 100w, https:\/\/wp.ufpel.edu.br\/capacitacaobioterioufpel\/files\/2020\/02\/giovanna-200x200.jpg 200w, https:\/\/wp.ufpel.edu.br\/capacitacaobioterioufpel\/files\/2020\/02\/giovanna-280x280.jpg 280w\" sizes=\"auto, (max-width: 100px) 100vw, 100px\" \/> Giovana Duzzo Gamaro &#8211;\u00a0<a href=\"http:\/\/lattes.cnpq.br\/9476246181895666\">Curr\u00edculo Lattes<\/a><\/p>\n<p>Alunos de doutorado:<\/p>\n<ul>\n<li>Lu\u00edza Spohr &#8211;\u00a0 Bioqu\u00edmica e Bioprospec\u00e7\u00e3o<\/li>\n<li>Fernanda Cardoso Teixeira &#8211; Bioqu\u00edmica e Bioprospec\u00e7\u00e3o<\/li>\n<\/ul>\n<p>Alunos de mestrado:<\/p>\n<ul>\n<li>Ta\u00eds da Silva Teixeira Rech &#8211;\u00a0 Bioqu\u00edmica e Bioprospec\u00e7\u00e3o<\/li>\n<\/ul>\n<p>Alunos de gradua\u00e7\u00e3o:<\/p>\n<ul>\n<li>Am\u00e1lia Gon\u00e7alves Alves &#8211; Biotecnologia<\/li>\n<li>Cleisson Schossler Garcia &#8211; Ci\u00eancias Biol\u00f3gicas<\/li>\n<li>Dianer Nornberg Strelow &#8211; Farm\u00e1cia<\/li>\n<li>Evelyn Mianes Besckow &#8211; Farm\u00e1cia<\/li>\n<li>Gustavo D&#8217;Avila Nunes &#8211; Farm\u00e1cia<\/li>\n<li>Jo\u00e3o Carlos Rodrigues Junior<\/li>\n<li>Let\u00edcia Devantier Kruger &#8211; Farm\u00e1cia<\/li>\n<li>Luiz Roberto Carraro Junior &#8211; Qu\u00edmica<\/li>\n<li>Wellington da Silva &#8211; Medicina Veterin\u00e1ria<\/li>\n<\/ul>\n","protected":false},"excerpt":{"rendered":"<p>Comiss\u00e3o Organizadora &#8211; 2\u00aa Edi\u00e7\u00e3o Coordena\u00e7\u00e3o: Cristiani Folharini Bortolatto &#8211; Curr\u00edculo Lattes Francisco Romero Cabral &#8211; Curr\u00edculo Lattes Comiss\u00e3o organizadora: Servidores: Ana Paula Pesarico &#8211; Curr\u00edculo Lattes&hellip; <span class=\"read-more\"><a class=\"more-link\" href=\"https:\/\/wp.ufpel.edu.br\/capacitacaobioterioufpel\/comites\/\" rel=\"bookmark\">Leia Mais <span class=\"screen-reader-text\">&#8220;COMIT\u00caS&#8221;<\/span><\/a><\/span><\/p>\n","protected":false},"author":966,"featured_media":0,"parent":0,"menu_order":4,"comment_status":"closed","ping_status":"closed","template":"","meta":{"footnotes":""},"class_list":["post-17","page","type-page","status-publish","hentry"],"_links":{"self":[{"href":"https:\/\/wp.ufpel.edu.br\/capacitacaobioterioufpel\/wp-json\/wp\/v2\/pages\/17","targetHints":{"allow":["GET"]}}],"collection":[{"href":"https:\/\/wp.ufpel.edu.br\/capacitacaobioterioufpel\/wp-json\/wp\/v2\/pages"}],"about":[{"href":"https:\/\/wp.ufpel.edu.br\/capacitacaobioterioufpel\/wp-json\/wp\/v2\/types\/page"}],"author":[{"embeddable":true,"href":"https:\/\/wp.ufpel.edu.br\/capacitacaobioterioufpel\/wp-json\/wp\/v2\/users\/966"}],"replies":[{"embeddable":true,"href":"https:\/\/wp.ufpel.edu.br\/capacitacaobioterioufpel\/wp-json\/wp\/v2\/comments?post=17"}],"version-history":[{"count":10,"href":"https:\/\/wp.ufpel.edu.br\/capacitacaobioterioufpel\/wp-json\/wp\/v2\/pages\/17\/revisions"}],"predecessor-version":[{"id":269,"href":"https:\/\/wp.ufpel.edu.br\/capacitacaobioterioufpel\/wp-json\/wp\/v2\/pages\/17\/revisions\/269"}],"wp:attachment":[{"href":"https:\/\/wp.ufpel.edu.br\/capacitacaobioterioufpel\/wp-json\/wp\/v2\/media?parent=17"}],"curies":[{"name":"wp","href":"https:\/\/api.w.org\/{rel}","templated":true}]}}