{"id":684,"date":"2019-07-24T18:21:59","date_gmt":"2019-07-24T21:21:59","guid":{"rendered":"https:\/\/wp.ufpel.edu.br\/camu\/?page_id=684"},"modified":"2019-08-20T21:42:25","modified_gmt":"2019-08-21T00:42:25","slug":"gestao-2019-2020","status":"publish","type":"page","link":"https:\/\/wp.ufpel.edu.br\/camu\/gestao-2019-2020\/","title":{"rendered":"Gest\u00e3o 2019\/2020"},"content":{"rendered":"<p style=\"text-align: justify\"><img data-recalc-dims=\"1\" loading=\"lazy\" decoding=\"async\" data-attachment-id=\"674\" data-permalink=\"https:\/\/wp.ufpel.edu.br\/camu\/identidade-visual-chapa-una\/arte-camu-una\/\" data-orig-file=\"https:\/\/i0.wp.com\/wp.ufpel.edu.br\/camu\/files\/2019\/07\/Arte-CAMU-UNA.png?fit=3543%2C3543&amp;ssl=1\" data-orig-size=\"3543,3543\" data-comments-opened=\"0\" data-image-meta=\"{&quot;aperture&quot;:&quot;0&quot;,&quot;credit&quot;:&quot;&quot;,&quot;camera&quot;:&quot;&quot;,&quot;caption&quot;:&quot;&quot;,&quot;created_timestamp&quot;:&quot;0&quot;,&quot;copyright&quot;:&quot;&quot;,&quot;focal_length&quot;:&quot;0&quot;,&quot;iso&quot;:&quot;0&quot;,&quot;shutter_speed&quot;:&quot;0&quot;,&quot;title&quot;:&quot;&quot;,&quot;orientation&quot;:&quot;0&quot;}\" data-image-title=\"Arte CAMU UNA\" data-image-description=\"\" data-image-caption=\"\" data-medium-file=\"https:\/\/i0.wp.com\/wp.ufpel.edu.br\/camu\/files\/2019\/07\/Arte-CAMU-UNA.png?fit=400%2C400&amp;ssl=1\" data-large-file=\"https:\/\/i0.wp.com\/wp.ufpel.edu.br\/camu\/files\/2019\/07\/Arte-CAMU-UNA.png?fit=840%2C840&amp;ssl=1\" class=\"size-medium wp-image-674 aligncenter\" src=\"https:\/\/i0.wp.com\/wp.ufpel.edu.br\/camu\/files\/2019\/07\/Arte-CAMU-UNA.png?resize=400%2C400&#038;ssl=1\" alt=\"\" width=\"400\" height=\"400\" srcset=\"https:\/\/i0.wp.com\/wp.ufpel.edu.br\/camu\/files\/2019\/07\/Arte-CAMU-UNA.png?resize=400%2C400&amp;ssl=1 400w, https:\/\/i0.wp.com\/wp.ufpel.edu.br\/camu\/files\/2019\/07\/Arte-CAMU-UNA.png?resize=200%2C200&amp;ssl=1 200w, https:\/\/i0.wp.com\/wp.ufpel.edu.br\/camu\/files\/2019\/07\/Arte-CAMU-UNA.png?resize=768%2C768&amp;ssl=1 768w, https:\/\/i0.wp.com\/wp.ufpel.edu.br\/camu\/files\/2019\/07\/Arte-CAMU-UNA.png?resize=1024%2C1024&amp;ssl=1 1024w, https:\/\/i0.wp.com\/wp.ufpel.edu.br\/camu\/files\/2019\/07\/Arte-CAMU-UNA.png?resize=1200%2C1200&amp;ssl=1 1200w, https:\/\/i0.wp.com\/wp.ufpel.edu.br\/camu\/files\/2019\/07\/Arte-CAMU-UNA.png?w=1680&amp;ssl=1 1680w, https:\/\/i0.wp.com\/wp.ufpel.edu.br\/camu\/files\/2019\/07\/Arte-CAMU-UNA.png?w=2520&amp;ssl=1 2520w\" sizes=\"auto, (max-width: 400px) 85vw, 400px\" \/><span style=\"font-size: 10pt;font-family: verdana, geneva, sans-serif\">N\u00f3s da Gest\u00e3o UNA colocamos-nos dispon\u00edveis atrav\u00e9s de nosso e-mail oficial e tamb\u00e9m pelos e-mails pessoais de cada membro, afim de atender \u00e0 todos da melhor maneira poss\u00edvel. Sintam-se a vontade para contactar-nos referente a gest\u00e3o, ao Curso de Museologia na UFPel e quaisquer outro assunto referente a nossa \u00e1rea.<\/span><\/p>\n<p style=\"text-align: justify\"><span style=\"font-size: 10pt;font-family: verdana, geneva, sans-serif\">Camu UNA | Gest\u00e3o 19\/20 | camuuna@gmail.com<\/span><\/p>\n<p style=\"text-align: justify\"><span style=\"font-size: 10pt;font-family: verdana, geneva, sans-serif\">Nic\u00f3lly Ayres | Presidente | ayresmuseo@gmail.com<\/span><\/p>\n<p><span style=\"font-size: 10pt;font-family: verdana, geneva, sans-serif\">Isadora Costa | Vice-presidente | isadora.c1998@hotmail.com<\/span><\/p>\n<p><span style=\"font-size: 10pt;font-family: verdana, geneva, sans-serif\">Renan Azevedo | Tesoureiro 1 | renanazevedomarq@gmail.com<\/span><\/p>\n<p><span style=\"font-size: 10pt;font-family: verdana, geneva, sans-serif\">Lucas Moura | Tesoureiro 2 | lucas02moura@gmail.com<\/span><\/p>\n<p><span style=\"font-size: 10pt;font-family: verdana, geneva, sans-serif\">Ronney Corr\u00eaa | Secret\u00e1rio | ronneycorrea@gmail.com<\/span><\/p>\n<p><span style=\"font-size: 10pt;font-family: verdana, geneva, sans-serif\">Gabriel Bicho | Comunica\u00e7\u00e3o | gabrielbicho@outlook.com.br<\/span><\/p>\n<p><span style=\"font-size: 10pt;font-family: verdana, geneva, sans-serif\">Juan Mendes | Coordenador | juanmendes1990s@gmail.com<\/span><\/p>\n<p><span style=\"font-size: 10pt;font-family: verdana, geneva, sans-serif\">#CamuUna #Ufpel #MuseologiaResiste #Gest\u00e3oUna<\/span><\/p>\n","protected":false},"excerpt":{"rendered":"<p>N\u00f3s da Gest\u00e3o UNA colocamos-nos dispon\u00edveis atrav\u00e9s de nosso e-mail oficial e tamb\u00e9m pelos e-mails pessoais de cada membro, afim de atender \u00e0 todos da melhor maneira poss\u00edvel. Sintam-se a vontade para contactar-nos referente a gest\u00e3o, ao Curso de Museologia na UFPel e quaisquer outro assunto referente a nossa \u00e1rea. Camu UNA | Gest\u00e3o 19\/20 &hellip; <a href=\"https:\/\/wp.ufpel.edu.br\/camu\/gestao-2019-2020\/\" class=\"more-link\">Continue lendo<span class=\"screen-reader-text\"> &#8220;Gest\u00e3o 2019\/2020&#8221;<\/span><\/a><\/p>\n","protected":false},"author":830,"featured_media":0,"parent":0,"menu_order":0,"comment_status":"closed","ping_status":"closed","template":"","meta":{"jetpack_post_was_ever_published":false,"footnotes":""},"class_list":["post-684","page","type-page","status-publish","hentry"],"jetpack_sharing_enabled":true,"jetpack_shortlink":"https:\/\/wp.me\/P9MPYQ-b2","jetpack_likes_enabled":true,"jetpack-related-posts":[],"_links":{"self":[{"href":"https:\/\/wp.ufpel.edu.br\/camu\/wp-json\/wp\/v2\/pages\/684","targetHints":{"allow":["GET"]}}],"collection":[{"href":"https:\/\/wp.ufpel.edu.br\/camu\/wp-json\/wp\/v2\/pages"}],"about":[{"href":"https:\/\/wp.ufpel.edu.br\/camu\/wp-json\/wp\/v2\/types\/page"}],"author":[{"embeddable":true,"href":"https:\/\/wp.ufpel.edu.br\/camu\/wp-json\/wp\/v2\/users\/830"}],"replies":[{"embeddable":true,"href":"https:\/\/wp.ufpel.edu.br\/camu\/wp-json\/wp\/v2\/comments?post=684"}],"version-history":[{"count":10,"href":"https:\/\/wp.ufpel.edu.br\/camu\/wp-json\/wp\/v2\/pages\/684\/revisions"}],"predecessor-version":[{"id":725,"href":"https:\/\/wp.ufpel.edu.br\/camu\/wp-json\/wp\/v2\/pages\/684\/revisions\/725"}],"wp:attachment":[{"href":"https:\/\/wp.ufpel.edu.br\/camu\/wp-json\/wp\/v2\/media?parent=684"}],"curies":[{"name":"wp","href":"https:\/\/api.w.org\/{rel}","templated":true}]}}