{"id":276,"date":"2018-03-28T11:12:28","date_gmt":"2018-03-28T14:12:28","guid":{"rendered":"https:\/\/wp.ufpel.edu.br\/camu\/?page_id=276"},"modified":"2018-03-30T04:45:00","modified_gmt":"2018-03-30T07:45:00","slug":"dia-29-3","status":"publish","type":"page","link":"https:\/\/wp.ufpel.edu.br\/camu\/dia-29-3\/","title":{"rendered":"Dia 29\/3"},"content":{"rendered":"<p>No quarto dia de Acolhida tivemos a presen\u00e7a do N\u00facleo de Acessibilidade e Inclus\u00e3o com a fala de sua coordenadora Prof\u00aa Dra. Rita de C\u00e1ssia Morem C\u00f3ssio Rodriguez, e da Pr\u00f3-Reitoria de Assuntos Estudantis com o Pr\u00f3-Reitor Mario Renato de Azevedo J\u00fanior.<\/p>\n<p>Confiram algumas fotos<\/p>\n<p class=\"jetpack-slideshow-noscript robots-nocontent\">Este slideshow necessita de JavaScript.<\/p><div id=\"gallery-276-1-slideshow\" class=\"jetpack-slideshow-window jetpack-slideshow jetpack-slideshow-black\" data-trans=\"fade\" data-autostart=\"1\" data-gallery=\"[{&quot;src&quot;:&quot;https:\\\/\\\/i0.wp.com\\\/wp.ufpel.edu.br\\\/camu\\\/files\\\/2018\\\/03\\\/WP_20180329_15_31_20_Pro.jpg?fit=4208%2C2368\\u0026ssl=1&quot;,&quot;id&quot;:&quot;395&quot;,&quot;title&quot;:&quot;WP_20180329_15_31_20_Pro&quot;,&quot;alt&quot;:&quot;&quot;,&quot;caption&quot;:&quot;&quot;,&quot;itemprop&quot;:&quot;image&quot;},{&quot;src&quot;:&quot;https:\\\/\\\/i0.wp.com\\\/wp.ufpel.edu.br\\\/camu\\\/files\\\/2018\\\/03\\\/WP_20180329_14_40_03_Pro.jpg?fit=4208%2C2368\\u0026ssl=1&quot;,&quot;id&quot;:&quot;391&quot;,&quot;title&quot;:&quot;WP_20180329_14_40_03_Pro&quot;,&quot;alt&quot;:&quot;&quot;,&quot;caption&quot;:&quot;&quot;,&quot;itemprop&quot;:&quot;image&quot;},{&quot;src&quot;:&quot;https:\\\/\\\/i0.wp.com\\\/wp.ufpel.edu.br\\\/camu\\\/files\\\/2018\\\/03\\\/WP_20180329_15_09_38_Pro.jpg?fit=4208%2C2368\\u0026ssl=1&quot;,&quot;id&quot;:&quot;394&quot;,&quot;title&quot;:&quot;WP_20180329_15_09_38_Pro&quot;,&quot;alt&quot;:&quot;&quot;,&quot;caption&quot;:&quot;&quot;,&quot;itemprop&quot;:&quot;image&quot;},{&quot;src&quot;:&quot;https:\\\/\\\/i0.wp.com\\\/wp.ufpel.edu.br\\\/camu\\\/files\\\/2018\\\/03\\\/WP_20180329_14_41_05_Pro.jpg?fit=4208%2C2368\\u0026ssl=1&quot;,&quot;id&quot;:&quot;393&quot;,&quot;title&quot;:&quot;WP_20180329_14_41_05_Pro&quot;,&quot;alt&quot;:&quot;&quot;,&quot;caption&quot;:&quot;&quot;,&quot;itemprop&quot;:&quot;image&quot;}]\" itemscope itemtype=\"https:\/\/schema.org\/ImageGallery\"><\/div>\n<p>&nbsp;<\/p>\n<p>&nbsp;<\/p>\n<p>Cr\u00e9ditos pelas fotos a Danilo A Rangel<\/p>\n","protected":false},"excerpt":{"rendered":"<p>No quarto dia de Acolhida tivemos a presen\u00e7a do N\u00facleo de Acessibilidade e Inclus\u00e3o com a fala de sua coordenadora Prof\u00aa Dra. Rita de C\u00e1ssia Morem C\u00f3ssio Rodriguez, e da Pr\u00f3-Reitoria de Assuntos Estudantis com o Pr\u00f3-Reitor Mario Renato de Azevedo J\u00fanior. Confiram algumas fotos &nbsp; &nbsp; Cr\u00e9ditos pelas fotos a Danilo A Rangel<\/p>\n","protected":false},"author":830,"featured_media":0,"parent":0,"menu_order":0,"comment_status":"closed","ping_status":"closed","template":"","meta":{"jetpack_post_was_ever_published":false,"footnotes":""},"class_list":["post-276","page","type-page","status-publish","hentry"],"jetpack_sharing_enabled":true,"jetpack_shortlink":"https:\/\/wp.me\/P9MPYQ-4s","jetpack_likes_enabled":true,"jetpack-related-posts":[],"_links":{"self":[{"href":"https:\/\/wp.ufpel.edu.br\/camu\/wp-json\/wp\/v2\/pages\/276","targetHints":{"allow":["GET"]}}],"collection":[{"href":"https:\/\/wp.ufpel.edu.br\/camu\/wp-json\/wp\/v2\/pages"}],"about":[{"href":"https:\/\/wp.ufpel.edu.br\/camu\/wp-json\/wp\/v2\/types\/page"}],"author":[{"embeddable":true,"href":"https:\/\/wp.ufpel.edu.br\/camu\/wp-json\/wp\/v2\/users\/830"}],"replies":[{"embeddable":true,"href":"https:\/\/wp.ufpel.edu.br\/camu\/wp-json\/wp\/v2\/comments?post=276"}],"version-history":[{"count":4,"href":"https:\/\/wp.ufpel.edu.br\/camu\/wp-json\/wp\/v2\/pages\/276\/revisions"}],"predecessor-version":[{"id":397,"href":"https:\/\/wp.ufpel.edu.br\/camu\/wp-json\/wp\/v2\/pages\/276\/revisions\/397"}],"wp:attachment":[{"href":"https:\/\/wp.ufpel.edu.br\/camu\/wp-json\/wp\/v2\/media?parent=276"}],"curies":[{"name":"wp","href":"https:\/\/api.w.org\/{rel}","templated":true}]}}

<p>No quarto dia de Acolhida tivemos a presença do Núcleo de Acessibilidade e Inclusão com a fala de sua coordenadora Profª Dra. Rita de Cássia Morem Cóssio Rodriguez, e da Pró-Reitoria de Assuntos Estudantis com o Pró-Reitor Mario Renato de Azevedo Júnior.</p>
<p>Confiram algumas fotos</p>
<p class="jetpack-slideshow-noscript robots-nocontent">Este slideshow necessita de JavaScript.</p><div id="gallery-276-1-slideshow" class="jetpack-slideshow-window jetpack-slideshow jetpack-slideshow-black" data-trans="fade" data-autostart="1" data-gallery="[{&quot;src&quot;:&quot;https:\/\/i0.wp.com\/wp.ufpel.edu.br\/camu\/files\/2018\/03\/WP_20180329_15_31_20_Pro.jpg?fit=4208%2C2368\u0026ssl=1&quot;,&quot;id&quot;:&quot;395&quot;,&quot;title&quot;:&quot;WP_20180329_15_31_20_Pro&quot;,&quot;alt&quot;:&quot;&quot;,&quot;caption&quot;:&quot;&quot;,&quot;itemprop&quot;:&quot;image&quot;},{&quot;src&quot;:&quot;https:\/\/i0.wp.com\/wp.ufpel.edu.br\/camu\/files\/2018\/03\/WP_20180329_14_40_03_Pro.jpg?fit=4208%2C2368\u0026ssl=1&quot;,&quot;id&quot;:&quot;391&quot;,&quot;title&quot;:&quot;WP_20180329_14_40_03_Pro&quot;,&quot;alt&quot;:&quot;&quot;,&quot;caption&quot;:&quot;&quot;,&quot;itemprop&quot;:&quot;image&quot;},{&quot;src&quot;:&quot;https:\/\/i0.wp.com\/wp.ufpel.edu.br\/camu\/files\/2018\/03\/WP_20180329_15_09_38_Pro.jpg?fit=4208%2C2368\u0026ssl=1&quot;,&quot;id&quot;:&quot;394&quot;,&quot;title&quot;:&quot;WP_20180329_15_09_38_Pro&quot;,&quot;alt&quot;:&quot;&quot;,&quot;caption&quot;:&quot;&quot;,&quot;itemprop&quot;:&quot;image&quot;},{&quot;src&quot;:&quot;https:\/\/i0.wp.com\/wp.ufpel.edu.br\/camu\/files\/2018\/03\/WP_20180329_14_41_05_Pro.jpg?fit=4208%2C2368\u0026ssl=1&quot;,&quot;id&quot;:&quot;393&quot;,&quot;title&quot;:&quot;WP_20180329_14_41_05_Pro&quot;,&quot;alt&quot;:&quot;&quot;,&quot;caption&quot;:&quot;&quot;,&quot;itemprop&quot;:&quot;image&quot;}]" itemscope itemtype="https://schema.org/ImageGallery"></div>
<p>&nbsp;</p>
<p>&nbsp;</p>
<p>Créditos pelas fotos a Danilo A Rangel</p>

<p>No quarto dia de Acolhida tivemos a presença do Núcleo de Acessibilidade e Inclusão com a fala de sua coordenadora Profª Dra. Rita de Cássia Morem Cóssio Rodriguez, e da Pró-Reitoria de Assuntos Estudantis com o Pró-Reitor Mario Renato de Azevedo Júnior. Confiram algumas fotos &nbsp; &nbsp; Créditos pelas fotos a Danilo A Rangel</p>
