{"id":258,"date":"2018-03-22T11:41:16","date_gmt":"2018-03-22T14:41:16","guid":{"rendered":"https:\/\/wp.ufpel.edu.br\/camu\/?page_id=258"},"modified":"2019-07-25T23:04:49","modified_gmt":"2019-07-26T02:04:49","slug":"a-formacao","status":"publish","type":"page","link":"https:\/\/wp.ufpel.edu.br\/camu\/a-formacao\/","title":{"rendered":"A Forma\u00e7\u00e3o"},"content":{"rendered":"<p style=\"text-align: justify\">A forma\u00e7\u00e3o do muse\u00f3logo sup\u00f5e o dom\u00ednio dos conte\u00fados da Museologia e a prepara\u00e7\u00e3o para enfrentar com profici\u00eancia e criatividade os problemas de sua pr\u00e1tica profissional, especialmente, aqueles que demandem interven\u00e7\u00f5es em museus, espa\u00e7os de documenta\u00e7\u00e3o, preserva\u00e7\u00e3o e informa\u00e7\u00e3o, centros culturais, servi\u00e7os ou redes de comunica\u00e7\u00e3o museol\u00f3gica, \u00f3rg\u00e3os de gest\u00e3o em patrim\u00f4nio cultural, dentre outros. As compet\u00eancias espec\u00edficas e habilidades dos graduados em Museologia devem compreender o museu como fen\u00f4meno que se expressa sob diferentes formas, consoantes sistemas de pensamento e c\u00f3digos sociais; Interpretar as rela\u00e7\u00f5es entre homem, cultura e natureza, em contexto temporal, espacial e subjetivo; Intervir, de forma respons\u00e1vel, nos processos de identifica\u00e7\u00e3o, musealiza\u00e7\u00e3o, preserva\u00e7\u00e3o e uso do patrim\u00f4nio, entendido como representa\u00e7\u00e3o da atividade humana no tempo e no espa\u00e7o; Realizar opera\u00e7\u00f5es de registro, classifica\u00e7\u00e3o, cataloga\u00e7\u00e3o e invent\u00e1rio do patrim\u00f4nio natural, cultural e art\u00edstico; Planejar e desenvolver exposi\u00e7\u00f5es e programas educativos e culturais.<\/p>\n<p>Trecho extra\u00eddo (e modificado) do Institucional UFPel, dispon\u00edvel <a href=\"https:\/\/institucional.ufpel.edu.br\/cursos\/cod\/5400\">aqui<\/a>!<\/p>\n","protected":false},"excerpt":{"rendered":"<p>A forma\u00e7\u00e3o do muse\u00f3logo sup\u00f5e o dom\u00ednio dos conte\u00fados da Museologia e a prepara\u00e7\u00e3o para enfrentar com profici\u00eancia e criatividade os problemas de sua pr\u00e1tica profissional, especialmente, aqueles que demandem interven\u00e7\u00f5es em museus, espa\u00e7os de documenta\u00e7\u00e3o, preserva\u00e7\u00e3o e informa\u00e7\u00e3o, centros culturais, servi\u00e7os ou redes de comunica\u00e7\u00e3o museol\u00f3gica, \u00f3rg\u00e3os de gest\u00e3o em patrim\u00f4nio cultural, dentre outros. &hellip; <a href=\"https:\/\/wp.ufpel.edu.br\/camu\/a-formacao\/\" class=\"more-link\">Continue lendo<span class=\"screen-reader-text\"> &#8220;A Forma\u00e7\u00e3o&#8221;<\/span><\/a><\/p>\n","protected":false},"author":830,"featured_media":0,"parent":0,"menu_order":0,"comment_status":"closed","ping_status":"closed","template":"","meta":{"jetpack_post_was_ever_published":false,"footnotes":""},"class_list":["post-258","page","type-page","status-publish","hentry"],"jetpack_sharing_enabled":true,"jetpack_shortlink":"https:\/\/wp.me\/P9MPYQ-4a","jetpack_likes_enabled":true,"jetpack-related-posts":[],"_links":{"self":[{"href":"https:\/\/wp.ufpel.edu.br\/camu\/wp-json\/wp\/v2\/pages\/258","targetHints":{"allow":["GET"]}}],"collection":[{"href":"https:\/\/wp.ufpel.edu.br\/camu\/wp-json\/wp\/v2\/pages"}],"about":[{"href":"https:\/\/wp.ufpel.edu.br\/camu\/wp-json\/wp\/v2\/types\/page"}],"author":[{"embeddable":true,"href":"https:\/\/wp.ufpel.edu.br\/camu\/wp-json\/wp\/v2\/users\/830"}],"replies":[{"embeddable":true,"href":"https:\/\/wp.ufpel.edu.br\/camu\/wp-json\/wp\/v2\/comments?post=258"}],"version-history":[{"count":3,"href":"https:\/\/wp.ufpel.edu.br\/camu\/wp-json\/wp\/v2\/pages\/258\/revisions"}],"predecessor-version":[{"id":702,"href":"https:\/\/wp.ufpel.edu.br\/camu\/wp-json\/wp\/v2\/pages\/258\/revisions\/702"}],"wp:attachment":[{"href":"https:\/\/wp.ufpel.edu.br\/camu\/wp-json\/wp\/v2\/media?parent=258"}],"curies":[{"name":"wp","href":"https:\/\/api.w.org\/{rel}","templated":true}]}}