{"id":223,"date":"2018-03-22T10:49:18","date_gmt":"2018-03-22T13:49:18","guid":{"rendered":"https:\/\/wp.ufpel.edu.br\/camu\/?page_id=223"},"modified":"2018-03-22T10:59:59","modified_gmt":"2018-03-22T13:59:59","slug":"gestao-2015-2016","status":"publish","type":"page","link":"https:\/\/wp.ufpel.edu.br\/camu\/gestao-2015-2016\/","title":{"rendered":"Gest\u00e3o 2015\/2016"},"content":{"rendered":"<p>Informa\u00e7\u00f5es extra\u00eddas do site do C.A. Andeju, dispon\u00edvel\u00a0<a href=\"https:\/\/camuseologiaufpel.wordpress.com\/\">aqui.<\/a> Acessado em 22 de mar\u00e7o de 2018.<\/p>\n<p>A nossa gest\u00e3o teve in\u00edcio em abril de 2015, o nome escolhido foi \u201cAndejo\u201d, uma palavra que n\u00f3s do C.A. achamos que representa bem os alunos do curso de Museologia.<\/p>\n<p>Andejo: \u201cque ou o que anda muito (diz-se de pessoa ou animal); andeiro.\u201d, no nosso caso: andarilhos da vida que muitas vezes vem de outros estados e cidades; ou de outros cursos para descobrir o mundo da Museologia, cada um com sua hist\u00f3ria e bagagem.<\/p>\n<p>Seguiremos juntos ent\u00e3o a caminhar nessa estrada.<\/p>\n<p>Membros da gest\u00e3o:<\/p>\n<p>Camila Silveira<\/p>\n<p>Anderson Passos<\/p>\n<p>Rochele Valente<\/p>\n<p>Aline Mota<\/p>\n<p>Susan Garcia<\/p>\n<p>Jo\u00e3o Pedro Rodrigues<\/p>\n","protected":false},"excerpt":{"rendered":"<p>Informa\u00e7\u00f5es extra\u00eddas do site do C.A. Andeju, dispon\u00edvel\u00a0aqui. Acessado em 22 de mar\u00e7o de 2018. A nossa gest\u00e3o teve in\u00edcio em abril de 2015, o nome escolhido foi \u201cAndejo\u201d, uma palavra que n\u00f3s do C.A. achamos que representa bem os alunos do curso de Museologia. Andejo: \u201cque ou o que anda muito (diz-se de pessoa &hellip; <a href=\"https:\/\/wp.ufpel.edu.br\/camu\/gestao-2015-2016\/\" class=\"more-link\">Continue lendo<span class=\"screen-reader-text\"> &#8220;Gest\u00e3o 2015\/2016&#8221;<\/span><\/a><\/p>\n","protected":false},"author":830,"featured_media":0,"parent":0,"menu_order":0,"comment_status":"closed","ping_status":"closed","template":"","meta":{"jetpack_post_was_ever_published":false,"footnotes":""},"class_list":["post-223","page","type-page","status-publish","hentry"],"jetpack_sharing_enabled":true,"jetpack_shortlink":"https:\/\/wp.me\/P9MPYQ-3B","jetpack_likes_enabled":true,"jetpack-related-posts":[],"_links":{"self":[{"href":"https:\/\/wp.ufpel.edu.br\/camu\/wp-json\/wp\/v2\/pages\/223","targetHints":{"allow":["GET"]}}],"collection":[{"href":"https:\/\/wp.ufpel.edu.br\/camu\/wp-json\/wp\/v2\/pages"}],"about":[{"href":"https:\/\/wp.ufpel.edu.br\/camu\/wp-json\/wp\/v2\/types\/page"}],"author":[{"embeddable":true,"href":"https:\/\/wp.ufpel.edu.br\/camu\/wp-json\/wp\/v2\/users\/830"}],"replies":[{"embeddable":true,"href":"https:\/\/wp.ufpel.edu.br\/camu\/wp-json\/wp\/v2\/comments?post=223"}],"version-history":[{"count":4,"href":"https:\/\/wp.ufpel.edu.br\/camu\/wp-json\/wp\/v2\/pages\/223\/revisions"}],"predecessor-version":[{"id":238,"href":"https:\/\/wp.ufpel.edu.br\/camu\/wp-json\/wp\/v2\/pages\/223\/revisions\/238"}],"wp:attachment":[{"href":"https:\/\/wp.ufpel.edu.br\/camu\/wp-json\/wp\/v2\/media?parent=223"}],"curies":[{"name":"wp","href":"https:\/\/api.w.org\/{rel}","templated":true}]}}