{"id":41,"date":"2022-03-23T08:03:41","date_gmt":"2022-03-23T11:03:41","guid":{"rendered":"https:\/\/wp.ufpel.edu.br\/caminhografiaurbana\/?page_id=41"},"modified":"2022-04-05T13:45:05","modified_gmt":"2022-04-05T16:45:05","slug":"o-projeto","status":"publish","type":"page","link":"https:\/\/wp.ufpel.edu.br\/caminhografiaurbana\/o-projeto\/","title":{"rendered":"o projeto"},"content":{"rendered":"<p class=\"p1\"><span style=\"font-size: 12pt;\"><a href=\"https:\/\/wp.ufpel.edu.br\/caminhografiaurbana\/files\/2022\/03\/projeto.pdf\">Projeto de pesquisa<\/a> que pretende fundar a pr\u00e1tica da \u201ccaminhografia urbana\u201d, financiado pela <a href=\"https:\/\/fapergs.rs.gov.br\/inicial\">FAPERGS<\/a> (edital pesquisador ga\u00facho) e <a href=\"https:\/\/www.gov.br\/cnpq\/pt-br\">CNPq<\/a> (edital bolsas Pq), a partir da reuni\u00e3o das teorias do caminhar, baseada em estudos de Francesco Careri e; da cartografia, com origem na filosofia da diferen\u00e7a deleuze-guattariana. A \u201ccaminhografia urbana\u201d vem sendo aplicada pelo Grupo de pesquisa CNPq: <a href=\"https:\/\/wp.ufpel.edu.br\/cmaisc\/\">Cidade+Contemporaneidade<\/a> , que h\u00e1 mais de uma d\u00e9cada, potencializa e intensifica a experi\u00eancia corp\u00f3reo-urbana, criando pistas e novas solu\u00e7\u00f5es de planejamento\/projeto urbano, relacionados com modos de vida silenciados e resistentes, t\u00e3o indiz\u00edveis em nossas cidades na contemporaneidade. Os procedimentos metodologicos envolvem\u00a0 tr\u00eas movimentos: <a href=\"https:\/\/wp.ufpel.edu.br\/caminhografiaurbana\/1o-ano-encontrar\/\">Ano 1 &#8211; encontrar<\/a>, <a href=\"https:\/\/wp.ufpel.edu.br\/caminhografiaurbana\/2o-ano-experimentar\/\">Ano 2 &#8211; experiementar<\/a> e <a href=\"https:\/\/wp.ufpel.edu.br\/caminhografiaurbana\/3o-ano-escrever\/\">Ano 3 &#8211; escrever<\/a>.<\/span><\/p>\n<p class=\"p1\"><a href=\"https:\/\/wp.ufpel.edu.br\/cmaisc\/\"><img loading=\"lazy\" decoding=\"async\" class=\"alignnone wp-image-363 size-thumbnail\" src=\"https:\/\/wp.ufpel.edu.br\/caminhografiaurbana\/files\/2022\/03\/icones2-200x200.png\" alt=\"\" width=\"200\" height=\"200\" srcset=\"https:\/\/wp.ufpel.edu.br\/caminhografiaurbana\/files\/2022\/03\/icones2-200x200.png 200w, https:\/\/wp.ufpel.edu.br\/caminhografiaurbana\/files\/2022\/03\/icones2-400x400.png 400w, https:\/\/wp.ufpel.edu.br\/caminhografiaurbana\/files\/2022\/03\/icones2.png 512w\" sizes=\"auto, (max-width: 200px) 85vw, 200px\" \/><\/a><\/p>\n","protected":false},"excerpt":{"rendered":"<p>Projeto de pesquisa que pretende fundar a pr\u00e1tica da \u201ccaminhografia urbana\u201d, financiado pela FAPERGS (edital pesquisador ga\u00facho) e CNPq (edital bolsas Pq), a partir da reuni\u00e3o das teorias do caminhar, baseada em estudos de Francesco Careri e; da cartografia, com origem na filosofia da diferen\u00e7a deleuze-guattariana. A \u201ccaminhografia urbana\u201d vem sendo aplicada pelo Grupo de &hellip; <a href=\"https:\/\/wp.ufpel.edu.br\/caminhografiaurbana\/o-projeto\/\" class=\"more-link\">Continue lendo<span class=\"screen-reader-text\"> &#8220;o projeto&#8221;<\/span><\/a><\/p>\n","protected":false},"author":716,"featured_media":0,"parent":0,"menu_order":0,"comment_status":"closed","ping_status":"closed","template":"","meta":{"footnotes":""},"class_list":["post-41","page","type-page","status-publish","hentry"],"_links":{"self":[{"href":"https:\/\/wp.ufpel.edu.br\/caminhografiaurbana\/wp-json\/wp\/v2\/pages\/41","targetHints":{"allow":["GET"]}}],"collection":[{"href":"https:\/\/wp.ufpel.edu.br\/caminhografiaurbana\/wp-json\/wp\/v2\/pages"}],"about":[{"href":"https:\/\/wp.ufpel.edu.br\/caminhografiaurbana\/wp-json\/wp\/v2\/types\/page"}],"author":[{"embeddable":true,"href":"https:\/\/wp.ufpel.edu.br\/caminhografiaurbana\/wp-json\/wp\/v2\/users\/716"}],"replies":[{"embeddable":true,"href":"https:\/\/wp.ufpel.edu.br\/caminhografiaurbana\/wp-json\/wp\/v2\/comments?post=41"}],"version-history":[{"count":26,"href":"https:\/\/wp.ufpel.edu.br\/caminhografiaurbana\/wp-json\/wp\/v2\/pages\/41\/revisions"}],"predecessor-version":[{"id":864,"href":"https:\/\/wp.ufpel.edu.br\/caminhografiaurbana\/wp-json\/wp\/v2\/pages\/41\/revisions\/864"}],"wp:attachment":[{"href":"https:\/\/wp.ufpel.edu.br\/caminhografiaurbana\/wp-json\/wp\/v2\/media?parent=41"}],"curies":[{"name":"wp","href":"https:\/\/api.w.org\/{rel}","templated":true}]}}