{"id":41,"date":"2025-05-30T17:03:14","date_gmt":"2025-05-30T20:03:14","guid":{"rendered":"https:\/\/wp.ufpel.edu.br\/caminhografiacomescolas\/?page_id=41"},"modified":"2025-06-01T23:42:17","modified_gmt":"2025-06-02T02:42:17","slug":"objetivo-geral","status":"publish","type":"page","link":"https:\/\/wp.ufpel.edu.br\/caminhografiacomescolas\/objetivo-geral\/","title":{"rendered":"OBJETIVO GERAL"},"content":{"rendered":"<p style=\"padding-left: 40px;\"><span style=\"font-family: helvetica, arial, sans-serif; font-size: 12pt;\">O objetivo geral do projeto &#8220;Caminhografia Urbana COM Escolas&#8221; \u00e9 adaptar a metodologia da caminhografia urbana para o contexto escolar, promovendo uma experi\u00eancia educativa que permita aos estudantes compreender e interagir de forma cr\u00edtica e sens\u00edvel com o espa\u00e7o urbano que os cerca, estimulando habilidades de observa\u00e7\u00e3o, registro e an\u00e1lise, bem como reflex\u00f5es sobre quest\u00f5es urbanas e sociais.<\/span><\/p>\n","protected":false},"excerpt":{"rendered":"<p>O objetivo geral do projeto &#8220;Caminhografia Urbana COM Escolas&#8221; \u00e9 adaptar a metodologia da caminhografia urbana para o contexto escolar, promovendo uma experi\u00eancia educativa que permita aos estudantes compreender e interagir de forma cr\u00edtica e sens\u00edvel com o espa\u00e7o urbano que os cerca, estimulando habilidades de observa\u00e7\u00e3o, registro e an\u00e1lise, bem como reflex\u00f5es sobre quest\u00f5es [&hellip;]<\/p>\n","protected":false},"author":716,"featured_media":0,"parent":0,"menu_order":0,"comment_status":"closed","ping_status":"closed","template":"","meta":{"footnotes":""},"class_list":["post-41","page","type-page","status-publish","hentry"],"_links":{"self":[{"href":"https:\/\/wp.ufpel.edu.br\/caminhografiacomescolas\/wp-json\/wp\/v2\/pages\/41","targetHints":{"allow":["GET"]}}],"collection":[{"href":"https:\/\/wp.ufpel.edu.br\/caminhografiacomescolas\/wp-json\/wp\/v2\/pages"}],"about":[{"href":"https:\/\/wp.ufpel.edu.br\/caminhografiacomescolas\/wp-json\/wp\/v2\/types\/page"}],"author":[{"embeddable":true,"href":"https:\/\/wp.ufpel.edu.br\/caminhografiacomescolas\/wp-json\/wp\/v2\/users\/716"}],"replies":[{"embeddable":true,"href":"https:\/\/wp.ufpel.edu.br\/caminhografiacomescolas\/wp-json\/wp\/v2\/comments?post=41"}],"version-history":[{"count":4,"href":"https:\/\/wp.ufpel.edu.br\/caminhografiacomescolas\/wp-json\/wp\/v2\/pages\/41\/revisions"}],"predecessor-version":[{"id":86,"href":"https:\/\/wp.ufpel.edu.br\/caminhografiacomescolas\/wp-json\/wp\/v2\/pages\/41\/revisions\/86"}],"wp:attachment":[{"href":"https:\/\/wp.ufpel.edu.br\/caminhografiacomescolas\/wp-json\/wp\/v2\/media?parent=41"}],"curies":[{"name":"wp","href":"https:\/\/api.w.org\/{rel}","templated":true}]}}