{"id":6,"date":"2019-03-26T06:37:34","date_gmt":"2019-03-26T09:37:34","guid":{"rendered":"https:\/\/wp.ufpel.edu.br\/caminhografar\/?page_id=6"},"modified":"2022-03-31T13:28:52","modified_gmt":"2022-03-31T16:28:52","slug":"sobre-o-projeto","status":"publish","type":"page","link":"https:\/\/wp.ufpel.edu.br\/caminhografar\/","title":{"rendered":"CAMINHOGRAFAR"},"content":{"rendered":"<p style=\"text-align: justify;\">Website que re\u00fane experi\u00eancias urbanas no &#8220;encontro&#8221; dos grupos <a href=\"https:\/\/wp.ufpel.edu.br\/cmaisc\/\">Cidade+Contemporaneidade<\/a> (Brasil\/<a href=\"http:\/\/portal.ufpel.edu.br\/\">Universidade Federal de Pelotas<\/a>) e <a href=\"https:\/\/laboratoriocirco.wordpress.com\/\">Laboratorio C.I.R.C.O.|Stalker<\/a> (It\u00e1lia\/<a href=\"http:\/\/www.uniroma3.it\/\">Universit\u00e0 degli Studi Roma Tre<\/a>) sobre o caminhar+cartografar. Diversas formas de caminhar, deambular, errar, <em>stalkear<\/em>,\u00a0 zonzo, etc.; entre dois pontos, pela cidade, no selv\u00e1tico, aleatoriamente, etc. Realizadas por diferentes bandos: solit\u00e1rio, em duplas, grupos menores, grupos de estudantes de gradua\u00e7\u00e3o e p\u00f3s-gradua\u00e7\u00e3o, imigrantes, refugiados, etc. Produzindo cartografias, mapas, desenhos, narrativas, fotografias, v\u00eddeos, coletas, conversas, interven\u00e7\u00f5es, etc.<\/p>\n<div id='gallery-1' class='gallery galleryid-6 gallery-columns-3 gallery-size-thumbnail'><figure class='gallery-item'>\n\t\t\t<div class='gallery-icon landscape'>\n\t\t\t\t<a href='https:\/\/wp.ufpel.edu.br\/caminhografar\/sobre-o-projeto\/dscn3730\/'><img loading=\"lazy\" decoding=\"async\" width=\"200\" height=\"200\" src=\"https:\/\/wp.ufpel.edu.br\/caminhografar\/files\/2019\/05\/DSCN3730-200x200.jpg\" class=\"attachment-thumbnail size-thumbnail\" alt=\"\" srcset=\"https:\/\/wp.ufpel.edu.br\/caminhografar\/files\/2019\/05\/DSCN3730-200x200.jpg 200w, https:\/\/wp.ufpel.edu.br\/caminhografar\/files\/2019\/05\/DSCN3730-100x100.jpg 100w\" sizes=\"auto, 100vw\" \/><\/a>\n\t\t\t<\/div><\/figure><figure class='gallery-item'>\n\t\t\t<div class='gallery-icon landscape'>\n\t\t\t\t<a href='https:\/\/wp.ufpel.edu.br\/caminhografar\/sobre-o-projeto\/dscn6086\/'><img loading=\"lazy\" decoding=\"async\" width=\"200\" height=\"200\" src=\"https:\/\/wp.ufpel.edu.br\/caminhografar\/files\/2019\/05\/DSCN6086-200x200.jpg\" class=\"attachment-thumbnail size-thumbnail\" alt=\"\" srcset=\"https:\/\/wp.ufpel.edu.br\/caminhografar\/files\/2019\/05\/DSCN6086-200x200.jpg 200w, https:\/\/wp.ufpel.edu.br\/caminhografar\/files\/2019\/05\/DSCN6086-100x100.jpg 100w\" sizes=\"auto, 100vw\" \/><\/a>\n\t\t\t<\/div><\/figure><figure class='gallery-item'>\n\t\t\t<div class='gallery-icon landscape'>\n\t\t\t\t<a href='https:\/\/wp.ufpel.edu.br\/caminhografar\/sobre-o-projeto\/dscn6058\/'><img loading=\"lazy\" decoding=\"async\" width=\"200\" height=\"200\" src=\"https:\/\/wp.ufpel.edu.br\/caminhografar\/files\/2019\/05\/DSCN6058-200x200.jpg\" class=\"attachment-thumbnail size-thumbnail\" alt=\"\" srcset=\"https:\/\/wp.ufpel.edu.br\/caminhografar\/files\/2019\/05\/DSCN6058-200x200.jpg 200w, https:\/\/wp.ufpel.edu.br\/caminhografar\/files\/2019\/05\/DSCN6058-100x100.jpg 100w\" sizes=\"auto, 100vw\" \/><\/a>\n\t\t\t<\/div><\/figure><figure class='gallery-item'>\n\t\t\t<div class='gallery-icon landscape'>\n\t\t\t\t<a href='https:\/\/wp.ufpel.edu.br\/caminhografar\/sobre-o-projeto\/dscn5219\/'><img loading=\"lazy\" decoding=\"async\" width=\"200\" height=\"200\" src=\"https:\/\/wp.ufpel.edu.br\/caminhografar\/files\/2019\/05\/DSCN5219-200x200.jpg\" class=\"attachment-thumbnail size-thumbnail\" alt=\"\" srcset=\"https:\/\/wp.ufpel.edu.br\/caminhografar\/files\/2019\/05\/DSCN5219-200x200.jpg 200w, https:\/\/wp.ufpel.edu.br\/caminhografar\/files\/2019\/05\/DSCN5219-100x100.jpg 100w\" sizes=\"auto, 100vw\" \/><\/a>\n\t\t\t<\/div><\/figure><figure class='gallery-item'>\n\t\t\t<div class='gallery-icon landscape'>\n\t\t\t\t<a href='https:\/\/wp.ufpel.edu.br\/caminhografar\/sobre-o-projeto\/dscn4632\/'><img loading=\"lazy\" decoding=\"async\" width=\"200\" height=\"200\" src=\"https:\/\/wp.ufpel.edu.br\/caminhografar\/files\/2019\/05\/DSCN4632-200x200.jpg\" class=\"attachment-thumbnail size-thumbnail\" alt=\"\" srcset=\"https:\/\/wp.ufpel.edu.br\/caminhografar\/files\/2019\/05\/DSCN4632-200x200.jpg 200w, https:\/\/wp.ufpel.edu.br\/caminhografar\/files\/2019\/05\/DSCN4632-100x100.jpg 100w\" sizes=\"auto, 100vw\" \/><\/a>\n\t\t\t<\/div><\/figure><figure class='gallery-item'>\n\t\t\t<div class='gallery-icon landscape'>\n\t\t\t\t<a href='https:\/\/wp.ufpel.edu.br\/caminhografar\/sobre-o-projeto\/dscn3292\/'><img loading=\"lazy\" decoding=\"async\" width=\"200\" height=\"200\" src=\"https:\/\/wp.ufpel.edu.br\/caminhografar\/files\/2019\/05\/DSCN3292-200x200.jpg\" class=\"attachment-thumbnail size-thumbnail\" alt=\"\" srcset=\"https:\/\/wp.ufpel.edu.br\/caminhografar\/files\/2019\/05\/DSCN3292-200x200.jpg 200w, https:\/\/wp.ufpel.edu.br\/caminhografar\/files\/2019\/05\/DSCN3292-100x100.jpg 100w\" sizes=\"auto, 100vw\" \/><\/a>\n\t\t\t<\/div><\/figure>\n\t\t<\/div>\n\n<p><strong>caminhar+<\/strong><\/p>\n<p style=\"text-align: justify;\"><span style=\"font-size: 10pt;\">&#8220;Dada aveva scoperto nel cuore turistico di Zonzo l&#8217;esistenza di una citt\u00e0 banale e del quotidiano in cui scoprire di continuo relazioni inaspettate; con un&#8217;azione do attribuzione\u00a0 di valore estetico, il <em>ready made urbano<\/em>, aveva svelato l&#8217;esistenza di una citt\u00e0 che si opponeva sia alle utopie ipertecnologiche della citt\u00e0 futurista sia alla citt\u00e0pseudoculturale dell turismo <\/span><span style=\"font-size: 10pt;\">(CARERI,2006, p.135).<\/span><\/p>\n<p><strong>+cartografar<\/strong><\/p>\n<p style=\"text-align: justify;\"><span style=\"font-size: 10pt;\">&#8220;O mapa \u00e9 aberto, \u00e9 conect\u00e1vel em todas as suas dimens\u00f5es, desmont\u00e1vel, revers\u00edvel, suscet\u00edvel de receber modifica\u00e7\u00f5es constantemente. Ele pode ser rasgado, revertido, adaptar-se a montagens de qualquer natureza, ser preparado por um indiv\u00edduo, um grupo, uma forma\u00e7\u00e3o social. Pode-se desenh\u00e1-lo numa parede, conceb\u00ea-lo como obra de arte, constru\u00ed-lo como uma a\u00e7\u00e3o pol\u00edtica ou como uma medita\u00e7\u00e3o&#8221;\u00a0(DELEUZE, 1995, p.21).<\/span><\/p>\n","protected":false},"excerpt":{"rendered":"<p>Website que re\u00fane experi\u00eancias urbanas no &#8220;encontro&#8221; dos grupos Cidade+Contemporaneidade (Brasil\/Universidade Federal de Pelotas) e Laboratorio C.I.R.C.O.|Stalker (It\u00e1lia\/Universit\u00e0 degli Studi Roma Tre) sobre o caminhar+cartografar. Diversas formas de caminhar, deambular, errar, stalkear,\u00a0 zonzo, etc.; entre dois pontos, pela cidade, no selv\u00e1tico, aleatoriamente, etc. Realizadas por diferentes bandos: solit\u00e1rio, em duplas, grupos menores, grupos de estudantes &hellip; <\/p>\n<p class=\"link-more\"><a href=\"https:\/\/wp.ufpel.edu.br\/caminhografar\/\" class=\"more-link\">Continue lendo<span class=\"screen-reader-text\"> &#8220;CAMINHOGRAFAR&#8221;<\/span><\/a><\/p>\n","protected":false},"author":716,"featured_media":0,"parent":0,"menu_order":0,"comment_status":"closed","ping_status":"closed","template":"","meta":{"footnotes":""},"class_list":["post-6","page","type-page","status-publish","hentry"],"_links":{"self":[{"href":"https:\/\/wp.ufpel.edu.br\/caminhografar\/wp-json\/wp\/v2\/pages\/6","targetHints":{"allow":["GET"]}}],"collection":[{"href":"https:\/\/wp.ufpel.edu.br\/caminhografar\/wp-json\/wp\/v2\/pages"}],"about":[{"href":"https:\/\/wp.ufpel.edu.br\/caminhografar\/wp-json\/wp\/v2\/types\/page"}],"author":[{"embeddable":true,"href":"https:\/\/wp.ufpel.edu.br\/caminhografar\/wp-json\/wp\/v2\/users\/716"}],"replies":[{"embeddable":true,"href":"https:\/\/wp.ufpel.edu.br\/caminhografar\/wp-json\/wp\/v2\/comments?post=6"}],"version-history":[{"count":22,"href":"https:\/\/wp.ufpel.edu.br\/caminhografar\/wp-json\/wp\/v2\/pages\/6\/revisions"}],"predecessor-version":[{"id":387,"href":"https:\/\/wp.ufpel.edu.br\/caminhografar\/wp-json\/wp\/v2\/pages\/6\/revisions\/387"}],"wp:attachment":[{"href":"https:\/\/wp.ufpel.edu.br\/caminhografar\/wp-json\/wp\/v2\/media?parent=6"}],"curies":[{"name":"wp","href":"https:\/\/api.w.org\/{rel}","templated":true}]}}