{"id":176,"date":"2019-05-05T13:08:17","date_gmt":"2019-05-05T16:08:17","guid":{"rendered":"https:\/\/wp.ufpel.edu.br\/caminhografar\/?page_id=176"},"modified":"2019-05-09T05:20:40","modified_gmt":"2019-05-09T08:20:40","slug":"roma-sinistra","status":"publish","type":"page","link":"https:\/\/wp.ufpel.edu.br\/caminhografar\/roma-sinistra\/","title":{"rendered":"ROMA tem\u00edvel"},"content":{"rendered":"<p><strong>Espa\u00e7o:<\/strong> trajeto da esta\u00e7\u00e3o Tor Sapienza at\u00e9 o Centro de Imigra\u00e7\u00e3o .<\/p>\n<p><strong>Tempo:<\/strong>\u00a0diversos momentos entre mar\u00e7o e junho de 2019.<\/p>\n<p><strong>Bando:<\/strong>\u00a0individual, realizada pelo arquiteto Eduardo Rocha.<\/p>\n<p><strong>Registro:<\/strong> fotografias e caderno de campo.<\/p>\n<p><strong>Caminhografia:\u00a0<\/strong><\/p>\n<p style=\"text-align: justify\">Um lugar sinistro. Hoje encontrei uma outra Roma. Dos imigrantes e refugiados. Depois de pegar \u00f4nibus, metr\u00f4, trem e caminhar. Caminhar por ruas sem cal\u00e7adas, vazias e abandonadas. Encontrei a caravana que me levou para um edif\u00edcio &#8220;moderno&#8221;.<\/p>\n<div id='gallery-1' class='gallery galleryid-176 gallery-columns-3 gallery-size-thumbnail'><figure class='gallery-item'>\n\t\t\t<div class='gallery-icon landscape'>\n\t\t\t\t<a href='https:\/\/wp.ufpel.edu.br\/caminhografar\/roma-sinistra\/all-focus-5\/'><img loading=\"lazy\" decoding=\"async\" width=\"200\" height=\"200\" src=\"https:\/\/wp.ufpel.edu.br\/caminhografar\/files\/2019\/05\/IMG_20190405_093742-200x200.jpg\" class=\"attachment-thumbnail size-thumbnail\" alt=\"\" srcset=\"https:\/\/wp.ufpel.edu.br\/caminhografar\/files\/2019\/05\/IMG_20190405_093742-200x200.jpg 200w, https:\/\/wp.ufpel.edu.br\/caminhografar\/files\/2019\/05\/IMG_20190405_093742-100x100.jpg 100w\" sizes=\"auto, 100vw\" \/><\/a>\n\t\t\t<\/div><\/figure><figure class='gallery-item'>\n\t\t\t<div class='gallery-icon landscape'>\n\t\t\t\t<a href='https:\/\/wp.ufpel.edu.br\/caminhografar\/roma-sinistra\/all-focus-3\/'><img loading=\"lazy\" decoding=\"async\" width=\"200\" height=\"200\" src=\"https:\/\/wp.ufpel.edu.br\/caminhografar\/files\/2019\/05\/IMG_20190405_093716-200x200.jpg\" class=\"attachment-thumbnail size-thumbnail\" alt=\"\" srcset=\"https:\/\/wp.ufpel.edu.br\/caminhografar\/files\/2019\/05\/IMG_20190405_093716-200x200.jpg 200w, https:\/\/wp.ufpel.edu.br\/caminhografar\/files\/2019\/05\/IMG_20190405_093716-100x100.jpg 100w\" sizes=\"auto, 100vw\" \/><\/a>\n\t\t\t<\/div><\/figure><figure class='gallery-item'>\n\t\t\t<div class='gallery-icon landscape'>\n\t\t\t\t<a href='https:\/\/wp.ufpel.edu.br\/caminhografar\/roma-sinistra\/all-focus-2\/'><img loading=\"lazy\" decoding=\"async\" width=\"200\" height=\"200\" src=\"https:\/\/wp.ufpel.edu.br\/caminhografar\/files\/2019\/05\/IMG_20190405_093704-200x200.jpg\" class=\"attachment-thumbnail size-thumbnail\" alt=\"\" srcset=\"https:\/\/wp.ufpel.edu.br\/caminhografar\/files\/2019\/05\/IMG_20190405_093704-200x200.jpg 200w, https:\/\/wp.ufpel.edu.br\/caminhografar\/files\/2019\/05\/IMG_20190405_093704-100x100.jpg 100w\" sizes=\"auto, 100vw\" \/><\/a>\n\t\t\t<\/div><\/figure>\n\t\t<\/div>\n\n<p style=\"text-align: justify\">Todos caminhando em fila indiana. chegando l\u00e1 uma fila enorme me espera. Brancos de um lado, Pretos no outro. Imigrantes e Refugiados. L\u00ednguas e vestimentas diversas. Travessia. Sil\u00eancios. Poucas vozes. Nenhuma conversa. Espera. Uma mul<span class=\"text_exposed_show\">her chora, porque n\u00e3o pode entrar com o marido na entrevista. Os policiais s\u00e3o &#8220;am\u00e1veis&#8221;. Beb\u00eas imigram em carrinhos, crian\u00e7as brincam. Outros lagarteiam no sol&#8230; Eu escrevo e fotografo, n\u00e3o sei o porqu\u00ea. Uma chinesa de grife Chanel, uma \u00e1rabe de burca, um africano com suas roupas coloridas. E eu com uma meia dos Beatles. Todos com celulares. M\u00e1quinas de caf\u00e9, de \u00e1gua, foto tessera. Ningu\u00e9m percebe que escrevo \u00e9 fot\u00f3grafo. Meu hor\u00e1rio \u00e9 \u00e0s 11h30m, mas agora chamam os de 10h. Muitos fumam na espera, os policiais italianos fumam. N\u00e3o acreditava no n\u00e3o-lugar. Algumas &#8220;pessoas&#8221; s\u00e3o revistadas na porta, &#8220;eu fui poupado&#8221;. Faz frio nesse descampado, o term\u00f4metro marca 11graus, parece o pampa, estamos de novo perdidos no Uruguay. Estou na corda. Aeroporto de Roma. Sou chamado. Nova fila, detector de metais. Policial pede para ver meu chaveiro, que est\u00e1 dentro da mochila. O chaveiro \u00e9 um abridor de garrafas e diz Roma. Mais um brete, subir 3 lances de escada, no escuro. Mais um check-in. Sala de espera com tela digital, com sobrenomes. N\u00e3o sei porque, as primeiras fotos que publiquei se apagaram do Facebook, n\u00e3o aparecem mais para mim. Na espera s\u00f3 pelo meu sobrenome. Penso em fotografar meu sobrenome, o policial diz: n\u00e3o pode fotografar aqui! Todas as pessoas sentadas com o seu celular em punho, me olham. Todos guardam os aparelhos. Sou chamado no box 2, vou at\u00e9 l\u00e1, o policial me manda voltar e aguardar. Em seguida outro vem gritando meu nome, Rocha box 11. Vou atr\u00e1s. Todos os policiais conversam sobre futebol, todos os imigrantes em sil\u00eancio. L\u00ednguas que n\u00e3o se falam, olhares que divergem e pensamentos que se tocam. Me lembraram as conversas entre m\u00e9dicos e enfermeiros, durante uma cirurgia. Sou atendido de forma seca e r\u00e1pida, impress\u00e3o digital, foto. O policial pergunta meu telefone e o bairro onde moro? Respondo: Trastevere. Ele faz cara de espanto. Do tipo oooooh. Carimbos ele fala v\u00e1rias coisas que n\u00e3o entendo. Vou embora, meio sem saber sobre tudo que aconteceu. Chego na esta\u00e7\u00e3o de trem vazia, quase abandonada. Espero o trem que me leva de volta a Roma. Mi guardo indietro e dico addio.<\/span><\/p>\n<p>&nbsp;<\/p>\n","protected":false},"excerpt":{"rendered":"<p>Espa\u00e7o: trajeto da esta\u00e7\u00e3o Tor Sapienza at\u00e9 o Centro de Imigra\u00e7\u00e3o . Tempo:\u00a0diversos momentos entre mar\u00e7o e junho de 2019. Bando:\u00a0individual, realizada pelo arquiteto Eduardo Rocha. Registro: fotografias e caderno de campo. Caminhografia:\u00a0 Um lugar sinistro. Hoje encontrei uma outra Roma. Dos imigrantes e refugiados. Depois de pegar \u00f4nibus, metr\u00f4, trem e caminhar. Caminhar por &hellip; <\/p>\n<p class=\"link-more\"><a href=\"https:\/\/wp.ufpel.edu.br\/caminhografar\/roma-sinistra\/\" class=\"more-link\">Continue lendo<span class=\"screen-reader-text\"> &#8220;ROMA tem\u00edvel&#8221;<\/span><\/a><\/p>\n","protected":false},"author":716,"featured_media":0,"parent":0,"menu_order":0,"comment_status":"closed","ping_status":"closed","template":"","meta":{"footnotes":""},"class_list":["post-176","page","type-page","status-publish","hentry"],"_links":{"self":[{"href":"https:\/\/wp.ufpel.edu.br\/caminhografar\/wp-json\/wp\/v2\/pages\/176","targetHints":{"allow":["GET"]}}],"collection":[{"href":"https:\/\/wp.ufpel.edu.br\/caminhografar\/wp-json\/wp\/v2\/pages"}],"about":[{"href":"https:\/\/wp.ufpel.edu.br\/caminhografar\/wp-json\/wp\/v2\/types\/page"}],"author":[{"embeddable":true,"href":"https:\/\/wp.ufpel.edu.br\/caminhografar\/wp-json\/wp\/v2\/users\/716"}],"replies":[{"embeddable":true,"href":"https:\/\/wp.ufpel.edu.br\/caminhografar\/wp-json\/wp\/v2\/comments?post=176"}],"version-history":[{"count":5,"href":"https:\/\/wp.ufpel.edu.br\/caminhografar\/wp-json\/wp\/v2\/pages\/176\/revisions"}],"predecessor-version":[{"id":319,"href":"https:\/\/wp.ufpel.edu.br\/caminhografar\/wp-json\/wp\/v2\/pages\/176\/revisions\/319"}],"wp:attachment":[{"href":"https:\/\/wp.ufpel.edu.br\/caminhografar\/wp-json\/wp\/v2\/media?parent=176"}],"curies":[{"name":"wp","href":"https:\/\/api.w.org\/{rel}","templated":true}]}}