{"id":771,"date":"2016-10-13T11:15:44","date_gmt":"2016-10-13T14:15:44","guid":{"rendered":"https:\/\/wp.ufpel.edu.br\/camaradeextensaoca\/?page_id=771"},"modified":"2016-10-13T11:15:44","modified_gmt":"2016-10-13T14:15:44","slug":"opera-na-escola","status":"publish","type":"page","link":"https:\/\/wp.ufpel.edu.br\/camaradeextensaoca\/cursos\/musica\/opera-na-escola\/","title":{"rendered":"\u00d3pera na Escola"},"content":{"rendered":"<p>Nome do projeto: \u00d3pera na Escola<\/p>\n<p>C\u00f3digo: 53214025<\/p>\n<p>Resumo do projeto: Oportunizar a viv\u00eancia do g\u00eanero oper\u00edstico aos alunos das Escolas da Rede Municipal Infantil (E.M.E.I.), promovendo a integra\u00e7\u00e3o entre Universidade e Comunidade. Espec\u00edficos: &#8211; Promover a troca de viv\u00eancias entre professores e alunos da UFPEL e das E.M.E.I.,E.M.E.F. e escolas da rede particular de ensino de Pelotas; &#8211; Aprimorar a percep\u00e7\u00e3o musical e a express\u00e3o art\u00edstica das crian\u00e7as; &#8211; Proporcionar aos alunos da UFPEL, colaboradores no projeto, a experi\u00eancia did\u00e1tica, a pr\u00e1tica musical, e a no\u00e7\u00e3o da import\u00e2ncia do trabalho executado para o resgate da auto-estima e a valoriza\u00e7\u00e3o do cidad\u00e3o na sociedade.<\/p>\n<p>Professor respons\u00e1vel: Magali Leticia Spiazzi Richter<\/p>\n","protected":false},"excerpt":{"rendered":"<p>Nome do projeto: \u00d3pera na Escola C\u00f3digo: 53214025 Resumo do projeto: Oportunizar a viv\u00eancia do g\u00eanero oper\u00edstico aos alunos das Escolas da Rede Municipal Infantil (E.M.E.I.), promovendo a integra\u00e7\u00e3o entre Universidade e Comunidade. Espec\u00edficos: &#8211; Promover a troca de viv\u00eancias entre professores e alunos da UFPEL e das E.M.E.I.,E.M.E.F. e escolas da rede particular de&#8230; <\/p>\n<div class=\"link-more\"><a href=\"https:\/\/wp.ufpel.edu.br\/camaradeextensaoca\/cursos\/musica\/opera-na-escola\/\">Leia mais<\/a><\/div>\n","protected":false},"author":647,"featured_media":0,"parent":18,"menu_order":0,"comment_status":"closed","ping_status":"closed","template":"","meta":{"jetpack_post_was_ever_published":false,"footnotes":""},"class_list":["post-771","page","type-page","status-publish","hentry"],"jetpack_sharing_enabled":true,"jetpack_shortlink":"https:\/\/wp.me\/P8nTsJ-cr","_links":{"self":[{"href":"https:\/\/wp.ufpel.edu.br\/camaradeextensaoca\/wp-json\/wp\/v2\/pages\/771","targetHints":{"allow":["GET"]}}],"collection":[{"href":"https:\/\/wp.ufpel.edu.br\/camaradeextensaoca\/wp-json\/wp\/v2\/pages"}],"about":[{"href":"https:\/\/wp.ufpel.edu.br\/camaradeextensaoca\/wp-json\/wp\/v2\/types\/page"}],"author":[{"embeddable":true,"href":"https:\/\/wp.ufpel.edu.br\/camaradeextensaoca\/wp-json\/wp\/v2\/users\/647"}],"replies":[{"embeddable":true,"href":"https:\/\/wp.ufpel.edu.br\/camaradeextensaoca\/wp-json\/wp\/v2\/comments?post=771"}],"version-history":[{"count":1,"href":"https:\/\/wp.ufpel.edu.br\/camaradeextensaoca\/wp-json\/wp\/v2\/pages\/771\/revisions"}],"predecessor-version":[{"id":773,"href":"https:\/\/wp.ufpel.edu.br\/camaradeextensaoca\/wp-json\/wp\/v2\/pages\/771\/revisions\/773"}],"up":[{"embeddable":true,"href":"https:\/\/wp.ufpel.edu.br\/camaradeextensaoca\/wp-json\/wp\/v2\/pages\/18"}],"wp:attachment":[{"href":"https:\/\/wp.ufpel.edu.br\/camaradeextensaoca\/wp-json\/wp\/v2\/media?parent=771"}],"curies":[{"name":"wp","href":"https:\/\/api.w.org\/{rel}","templated":true}]}}