{"id":767,"date":"2016-10-13T11:13:44","date_gmt":"2016-10-13T14:13:44","guid":{"rendered":"https:\/\/wp.ufpel.edu.br\/camaradeextensaoca\/?page_id=767"},"modified":"2016-10-13T11:14:09","modified_gmt":"2016-10-13T14:14:09","slug":"doce-flauta-de-pelotas-musicalizacao-de-jovens-e-adultos","status":"publish","type":"page","link":"https:\/\/wp.ufpel.edu.br\/camaradeextensaoca\/cursos\/musica\/doce-flauta-de-pelotas-musicalizacao-de-jovens-e-adultos\/","title":{"rendered":"Doce flauta de Pelotas &#8211; Musicaliza\u00e7\u00e3o de Jovens e Adultos"},"content":{"rendered":"<p>Nome do projeto: Doce flauta de Pelotas &#8211; Musicaliza\u00e7\u00e3o de Jovens e Adultos<\/p>\n<p>C\u00f3digo: 50939110<\/p>\n<p>Resumo do projeto: Proporcionar conhecimento introdut\u00f3rio de teoria musical, leitura e grafia. Desenvolver a percep\u00e7\u00e3o auditiva dos par\u00e2metros da m\u00fasica. Proporcionar habilidades de express\u00e3o musical. Desenvolver t\u00e9cnicas b\u00e1sicas de execu\u00e7\u00e2o e interpreta\u00e7\u00e3o na flauta doce.<\/p>\n<p>Professor respons\u00e1vel: Werner Ewald<\/p>\n","protected":false},"excerpt":{"rendered":"<p>Nome do projeto: Doce flauta de Pelotas &#8211; Musicaliza\u00e7\u00e3o de Jovens e Adultos C\u00f3digo: 50939110 Resumo do projeto: Proporcionar conhecimento introdut\u00f3rio de teoria musical, leitura e grafia. Desenvolver a percep\u00e7\u00e3o auditiva dos par\u00e2metros da m\u00fasica. Proporcionar habilidades de express\u00e3o musical. Desenvolver t\u00e9cnicas b\u00e1sicas de execu\u00e7\u00e2o e interpreta\u00e7\u00e3o na flauta doce. Professor respons\u00e1vel: Werner Ewald<\/p>\n","protected":false},"author":647,"featured_media":0,"parent":18,"menu_order":0,"comment_status":"closed","ping_status":"closed","template":"","meta":{"jetpack_post_was_ever_published":false,"footnotes":""},"class_list":["post-767","page","type-page","status-publish","hentry"],"jetpack_sharing_enabled":true,"jetpack_shortlink":"https:\/\/wp.me\/P8nTsJ-cn","_links":{"self":[{"href":"https:\/\/wp.ufpel.edu.br\/camaradeextensaoca\/wp-json\/wp\/v2\/pages\/767","targetHints":{"allow":["GET"]}}],"collection":[{"href":"https:\/\/wp.ufpel.edu.br\/camaradeextensaoca\/wp-json\/wp\/v2\/pages"}],"about":[{"href":"https:\/\/wp.ufpel.edu.br\/camaradeextensaoca\/wp-json\/wp\/v2\/types\/page"}],"author":[{"embeddable":true,"href":"https:\/\/wp.ufpel.edu.br\/camaradeextensaoca\/wp-json\/wp\/v2\/users\/647"}],"replies":[{"embeddable":true,"href":"https:\/\/wp.ufpel.edu.br\/camaradeextensaoca\/wp-json\/wp\/v2\/comments?post=767"}],"version-history":[{"count":1,"href":"https:\/\/wp.ufpel.edu.br\/camaradeextensaoca\/wp-json\/wp\/v2\/pages\/767\/revisions"}],"predecessor-version":[{"id":769,"href":"https:\/\/wp.ufpel.edu.br\/camaradeextensaoca\/wp-json\/wp\/v2\/pages\/767\/revisions\/769"}],"up":[{"embeddable":true,"href":"https:\/\/wp.ufpel.edu.br\/camaradeextensaoca\/wp-json\/wp\/v2\/pages\/18"}],"wp:attachment":[{"href":"https:\/\/wp.ufpel.edu.br\/camaradeextensaoca\/wp-json\/wp\/v2\/media?parent=767"}],"curies":[{"name":"wp","href":"https:\/\/api.w.org\/{rel}","templated":true}]}}

Doce flauta de Pelotas &#8211; Musicalização de Jovens e Adultos

<p>Nome do projeto: Doce flauta de Pelotas &#8211; Musicalização de Jovens e Adultos</p>
<p>Código: 50939110</p>
<p>Resumo do projeto: Proporcionar conhecimento introdutório de teoria musical, leitura e grafia. Desenvolver a percepção auditiva dos parâmetros da música. Proporcionar habilidades de expressão musical. Desenvolver técnicas básicas de execuçâo e interpretação na flauta doce.</p>
<p>Professor responsável: Werner Ewald</p>

<p>Nome do projeto: Doce flauta de Pelotas &#8211; Musicalização de Jovens e Adultos Código: 50939110 Resumo do projeto: Proporcionar conhecimento introdutório de teoria musical, leitura e grafia. Desenvolver a percepção auditiva dos parâmetros da música. Proporcionar habilidades de expressão musical. Desenvolver técnicas básicas de execuçâo e interpretação na flauta doce. Professor responsável: Werner Ewald</p>
