{"id":726,"date":"2016-10-11T11:41:08","date_gmt":"2016-10-11T14:41:08","guid":{"rendered":"https:\/\/wp.ufpel.edu.br\/camaradeextensaoca\/?page_id=726"},"modified":"2016-10-11T11:41:08","modified_gmt":"2016-10-11T14:41:08","slug":"ciclo-de-debates-ii-seminario-design-tradicao-e-sociedade","status":"publish","type":"page","link":"https:\/\/wp.ufpel.edu.br\/camaradeextensaoca\/cursos\/design\/ciclo-de-debates-ii-seminario-design-tradicao-e-sociedade\/","title":{"rendered":"Ciclo de Debates: II Semin\u00e1rio Design, Tradi\u00e7\u00e3o e Sociedade"},"content":{"rendered":"<p>Nome do projeto: Ciclo de Debates: II Semin\u00e1rio Design, Tradi\u00e7\u00e3o e Sociedade<\/p>\n<p>C\u00f3digo: 51908062<\/p>\n<p>Resumo do projeto:<\/p>\n<p>Dar visibilidade \u00e0s discuss\u00f5es estabelecidas e aos resultados obtidos pelo projeto de pesquisa Mem\u00f3ria Gr\u00e1fica de Pelotas: 100 anos de design. Apresentar as contribui\u00e7\u00f5es de outros pesquisadores na \u00e1rea de Hist\u00f3ria do Design, Mem\u00f3ria e Patrim\u00f4nio especialmente no que se refere \u00e0s metodologias e processos de pesquisa. Possibilitar interc\u00e2mbio de informa\u00e7\u00f5es e troca de experi\u00eancias com outras institui\u00e7\u00f5es, como a PUC-Rio com o projeto Mem\u00f3ria Gr\u00e1fica Brasileira e Universidade de Buenos Aires. Reafirmar a import\u00e2ncia das metodologias de pesquisa em hist\u00f3ria gr\u00e1fica atrav\u00e9s da discuss\u00e3o do tema (da parte para o todo) pelos palestrantes. Estabelecer a relev\u00e2ncia da renova\u00e7\u00e3o do projeto &#8211; que agora tem a sua sequ\u00eancia neste segundo encontro.<\/p>\n<p>Professor respons\u00e1vel: Joao Fernando Igansi Nunes<\/p>\n","protected":false},"excerpt":{"rendered":"<p>Nome do projeto: Ciclo de Debates: II Semin\u00e1rio Design, Tradi\u00e7\u00e3o e Sociedade C\u00f3digo: 51908062 Resumo do projeto: Dar visibilidade \u00e0s discuss\u00f5es estabelecidas e aos resultados obtidos pelo projeto de pesquisa Mem\u00f3ria Gr\u00e1fica de Pelotas: 100 anos de design. Apresentar as contribui\u00e7\u00f5es de outros pesquisadores na \u00e1rea de Hist\u00f3ria do Design, Mem\u00f3ria e Patrim\u00f4nio especialmente no&#8230; <\/p>\n<div class=\"link-more\"><a href=\"https:\/\/wp.ufpel.edu.br\/camaradeextensaoca\/cursos\/design\/ciclo-de-debates-ii-seminario-design-tradicao-e-sociedade\/\">Leia mais<\/a><\/div>\n","protected":false},"author":647,"featured_media":0,"parent":15,"menu_order":0,"comment_status":"closed","ping_status":"closed","template":"","meta":{"jetpack_post_was_ever_published":false,"footnotes":""},"class_list":["post-726","page","type-page","status-publish","hentry"],"jetpack_sharing_enabled":true,"jetpack_shortlink":"https:\/\/wp.me\/P8nTsJ-bI","_links":{"self":[{"href":"https:\/\/wp.ufpel.edu.br\/camaradeextensaoca\/wp-json\/wp\/v2\/pages\/726","targetHints":{"allow":["GET"]}}],"collection":[{"href":"https:\/\/wp.ufpel.edu.br\/camaradeextensaoca\/wp-json\/wp\/v2\/pages"}],"about":[{"href":"https:\/\/wp.ufpel.edu.br\/camaradeextensaoca\/wp-json\/wp\/v2\/types\/page"}],"author":[{"embeddable":true,"href":"https:\/\/wp.ufpel.edu.br\/camaradeextensaoca\/wp-json\/wp\/v2\/users\/647"}],"replies":[{"embeddable":true,"href":"https:\/\/wp.ufpel.edu.br\/camaradeextensaoca\/wp-json\/wp\/v2\/comments?post=726"}],"version-history":[{"count":1,"href":"https:\/\/wp.ufpel.edu.br\/camaradeextensaoca\/wp-json\/wp\/v2\/pages\/726\/revisions"}],"predecessor-version":[{"id":728,"href":"https:\/\/wp.ufpel.edu.br\/camaradeextensaoca\/wp-json\/wp\/v2\/pages\/726\/revisions\/728"}],"up":[{"embeddable":true,"href":"https:\/\/wp.ufpel.edu.br\/camaradeextensaoca\/wp-json\/wp\/v2\/pages\/15"}],"wp:attachment":[{"href":"https:\/\/wp.ufpel.edu.br\/camaradeextensaoca\/wp-json\/wp\/v2\/media?parent=726"}],"curies":[{"name":"wp","href":"https:\/\/api.w.org\/{rel}","templated":true}]}}