{"id":628,"date":"2016-10-11T10:43:58","date_gmt":"2016-10-11T13:43:58","guid":{"rendered":"https:\/\/wp.ufpel.edu.br\/camaradeextensaoca\/?page_id=628"},"modified":"2017-05-26T11:15:17","modified_gmt":"2017-05-26T14:15:17","slug":"nucleo-de-folclore-da-ufpel","status":"publish","type":"page","link":"https:\/\/wp.ufpel.edu.br\/camaradeextensaoca\/nucleo-de-folclore-da-ufpel\/","title":{"rendered":"N\u00facleo de Folclore da UFPEL"},"content":{"rendered":"<p>Nome do projeto: N\u00facleo de Folclore da UFPEL<\/p>\n<p>C\u00f3digo: 53211170<\/p>\n<p>Resumo do projeto: Vivenciar, investigar, promover e difundir as manifesta\u00e7\u00f5es populares do Brasil, estimulando a toler\u00e2ncia \u00e0s diferen\u00e7as, o interc\u00e2mbio entre etnias e culturas, o desenvolvimento da auto-estima cidad\u00e3 e a coopera\u00e7\u00e3o pela paz, atrav\u00e9s da dan\u00e7a e da m\u00fasica folcl\u00f3ricas nacionais. Espec\u00edficos: \u2013 Criar o N\u00facleo de Folclore da UFPEL; \u2013 Iniciar o trabalho de investiga\u00e7\u00e3o e viv\u00eancias pr\u00e1ticas do folclore das diferentes regi\u00f5es do Brasil, especialmente de dan\u00e7a e m\u00fasica; \u2013 Abrir espa\u00e7o para a apropria\u00e7\u00e3o e produ\u00e7\u00e3o de conhecimento em folclore, na perspectiva de sua express\u00e3o na contemporaneidade (estiliza\u00e7\u00e3o, proje\u00e7\u00e3o e parafolclore); \u2013 Promover o interc\u00e2mbio cultural mediante a realiza\u00e7\u00e3o de eventos e viagens; \u2013 Estimular a preserva\u00e7\u00e3o do patrim\u00f4nio cultural imaterial nacional; \u2013 Estreitar la\u00e7os com a comunidade universit\u00e1ria e comunidade regional a partir da realiza\u00e7\u00e3o de eventos, apresenta\u00e7\u00f5es, ensaios abertos e outras atividades.<\/p>\n<p>Professor respons\u00e1vel: Thiago Silva de Amorim Jesus<\/p>\n","protected":false},"excerpt":{"rendered":"<p>Nome do projeto: N\u00facleo de Folclore da UFPEL C\u00f3digo: 53211170 Resumo do projeto: Vivenciar, investigar, promover e difundir as manifesta\u00e7\u00f5es populares do Brasil, estimulando a toler\u00e2ncia \u00e0s diferen\u00e7as, o interc\u00e2mbio entre etnias e culturas, o desenvolvimento da auto-estima cidad\u00e3 e a coopera\u00e7\u00e3o pela paz, atrav\u00e9s da dan\u00e7a e da m\u00fasica folcl\u00f3ricas nacionais. Espec\u00edficos: \u2013 Criar&#8230; <\/p>\n<div class=\"link-more\"><a href=\"https:\/\/wp.ufpel.edu.br\/camaradeextensaoca\/nucleo-de-folclore-da-ufpel\/\">Leia mais<\/a><\/div>\n","protected":false},"author":647,"featured_media":0,"parent":0,"menu_order":0,"comment_status":"closed","ping_status":"closed","template":"","meta":{"jetpack_post_was_ever_published":false,"footnotes":""},"class_list":["post-628","page","type-page","status-publish","hentry"],"jetpack_sharing_enabled":true,"jetpack_shortlink":"https:\/\/wp.me\/P8nTsJ-a8","_links":{"self":[{"href":"https:\/\/wp.ufpel.edu.br\/camaradeextensaoca\/wp-json\/wp\/v2\/pages\/628","targetHints":{"allow":["GET"]}}],"collection":[{"href":"https:\/\/wp.ufpel.edu.br\/camaradeextensaoca\/wp-json\/wp\/v2\/pages"}],"about":[{"href":"https:\/\/wp.ufpel.edu.br\/camaradeextensaoca\/wp-json\/wp\/v2\/types\/page"}],"author":[{"embeddable":true,"href":"https:\/\/wp.ufpel.edu.br\/camaradeextensaoca\/wp-json\/wp\/v2\/users\/647"}],"replies":[{"embeddable":true,"href":"https:\/\/wp.ufpel.edu.br\/camaradeextensaoca\/wp-json\/wp\/v2\/comments?post=628"}],"version-history":[{"count":2,"href":"https:\/\/wp.ufpel.edu.br\/camaradeextensaoca\/wp-json\/wp\/v2\/pages\/628\/revisions"}],"predecessor-version":[{"id":1066,"href":"https:\/\/wp.ufpel.edu.br\/camaradeextensaoca\/wp-json\/wp\/v2\/pages\/628\/revisions\/1066"}],"wp:attachment":[{"href":"https:\/\/wp.ufpel.edu.br\/camaradeextensaoca\/wp-json\/wp\/v2\/media?parent=628"}],"curies":[{"name":"wp","href":"https:\/\/api.w.org\/{rel}","templated":true}]}}

Núcleo de Folclore da UFPEL

<p>Nome do projeto: Núcleo de Folclore da UFPEL</p>
<p>Código: 53211170</p>
<p>Resumo do projeto: Vivenciar, investigar, promover e difundir as manifestações populares do Brasil, estimulando a tolerância às diferenças, o intercâmbio entre etnias e culturas, o desenvolvimento da auto-estima cidadã e a cooperação pela paz, através da dança e da música folclóricas nacionais. Específicos: – Criar o Núcleo de Folclore da UFPEL; – Iniciar o trabalho de investigação e vivências práticas do folclore das diferentes regiões do Brasil, especialmente de dança e música; – Abrir espaço para a apropriação e produção de conhecimento em folclore, na perspectiva de sua expressão na contemporaneidade (estilização, projeção e parafolclore); – Promover o intercâmbio cultural mediante a realização de eventos e viagens; – Estimular a preservação do patrimônio cultural imaterial nacional; – Estreitar laços com a comunidade universitária e comunidade regional a partir da realização de eventos, apresentações, ensaios abertos e outras atividades.</p>
<p>Professor responsável: Thiago Silva de Amorim Jesus</p>

<p>Nome do projeto: Núcleo de Folclore da UFPEL Código: 53211170 Resumo do projeto: Vivenciar, investigar, promover e difundir as manifestações populares do Brasil, estimulando a tolerância às diferenças, o intercâmbio entre etnias e culturas, o desenvolvimento da auto-estima cidadã e a cooperação pela paz, através da dança e da música folclóricas nacionais. Específicos: – Criar&#8230; </p>
<div class="link-more"><a href="https://wp.ufpel.edu.br/camaradeextensaoca/nucleo-de-folclore-da-ufpel/">Leia mais</a></div>
