{"id":622,"date":"2016-10-11T10:41:44","date_gmt":"2016-10-11T13:41:44","guid":{"rendered":"https:\/\/wp.ufpel.edu.br\/camaradeextensaoca\/?page_id=622"},"modified":"2016-10-11T10:41:44","modified_gmt":"2016-10-11T13:41:44","slug":"seminario-de-historia-da-arte","status":"publish","type":"page","link":"https:\/\/wp.ufpel.edu.br\/camaradeextensaoca\/cursos\/design\/seminario-de-historia-da-arte\/","title":{"rendered":"Semin\u00e1rio de Hist\u00f3ria da Arte"},"content":{"rendered":"<p>Nome do projeto: Semin\u00e1rio de Hist\u00f3ria da Arte<\/p>\n<p>C\u00f3digo: 53264067<\/p>\n<p>Resumo do projeto:<br \/>\nDivulgar pesquisas na \u00e1rea de hist\u00f3ria da arte.<\/p>\n<p>Professor respons\u00e1vel: Carlos Alberto Avila Santos<\/p>\n","protected":false},"excerpt":{"rendered":"<p>Nome do projeto: Semin\u00e1rio de Hist\u00f3ria da Arte C\u00f3digo: 53264067 Resumo do projeto: Divulgar pesquisas na \u00e1rea de hist\u00f3ria da arte. Professor respons\u00e1vel: Carlos Alberto Avila Santos<\/p>\n","protected":false},"author":647,"featured_media":0,"parent":15,"menu_order":0,"comment_status":"closed","ping_status":"closed","template":"","meta":{"jetpack_post_was_ever_published":false,"footnotes":""},"class_list":["post-622","page","type-page","status-publish","hentry"],"jetpack_sharing_enabled":true,"jetpack_shortlink":"https:\/\/wp.me\/P8nTsJ-a2","_links":{"self":[{"href":"https:\/\/wp.ufpel.edu.br\/camaradeextensaoca\/wp-json\/wp\/v2\/pages\/622","targetHints":{"allow":["GET"]}}],"collection":[{"href":"https:\/\/wp.ufpel.edu.br\/camaradeextensaoca\/wp-json\/wp\/v2\/pages"}],"about":[{"href":"https:\/\/wp.ufpel.edu.br\/camaradeextensaoca\/wp-json\/wp\/v2\/types\/page"}],"author":[{"embeddable":true,"href":"https:\/\/wp.ufpel.edu.br\/camaradeextensaoca\/wp-json\/wp\/v2\/users\/647"}],"replies":[{"embeddable":true,"href":"https:\/\/wp.ufpel.edu.br\/camaradeextensaoca\/wp-json\/wp\/v2\/comments?post=622"}],"version-history":[{"count":1,"href":"https:\/\/wp.ufpel.edu.br\/camaradeextensaoca\/wp-json\/wp\/v2\/pages\/622\/revisions"}],"predecessor-version":[{"id":626,"href":"https:\/\/wp.ufpel.edu.br\/camaradeextensaoca\/wp-json\/wp\/v2\/pages\/622\/revisions\/626"}],"up":[{"embeddable":true,"href":"https:\/\/wp.ufpel.edu.br\/camaradeextensaoca\/wp-json\/wp\/v2\/pages\/15"}],"wp:attachment":[{"href":"https:\/\/wp.ufpel.edu.br\/camaradeextensaoca\/wp-json\/wp\/v2\/media?parent=622"}],"curies":[{"name":"wp","href":"https:\/\/api.w.org\/{rel}","templated":true}]}}

Seminário de História da Arte

<p>Nome do projeto: Seminário de História da Arte</p>
<p>Código: 53264067</p>
<p>Resumo do projeto:<br />
Divulgar pesquisas na área de história da arte.</p>
<p>Professor responsável: Carlos Alberto Avila Santos</p>

<p>Nome do projeto: Seminário de História da Arte Código: 53264067 Resumo do projeto: Divulgar pesquisas na área de história da arte. Professor responsável: Carlos Alberto Avila Santos</p>
